Results for 3.5-tree-ssa 20031031 (merged 20031026) testsuite on i686-pc-linux-gnu
Diego Novillo
dnovillo@toribio.toronto.redhat.com
Fri Oct 31 09:15:00 GMT 2003
LAST_UPDATED:
Native configuration is i686-pc-linux-gnu
=== g++ tests ===
Running target unix
XPASS: g++.dg/ext/lvalue1.C not an lvalue (test for errors, line 7)
FAIL: g++.dg/ext/pretty1.C scan-assembler top level
FAIL: g++.dg/ext/pretty2.C (test for excess errors)
WARNING: g++.dg/ext/pretty2.C compilation failed to produce executable
WARNING: g++.dg/ext/stmtexpr1.C compilation failed to produce executable
FAIL: g++.dg/opt/nrv3.C execution test
WARNING: program timed out.
FAIL: g++.dg/warn/Wswitch-1.C enum e1 (test for warnings, line 22)
FAIL: g++.dg/warn/Wswitch-1.C enum e2 (test for warnings, line 22)
FAIL: g++.dg/warn/Wswitch-1.C enum e2 (test for warnings, line 29)
FAIL: g++.dg/warn/Wswitch-1.C excess 3 (test for warnings, line 49)
FAIL: g++.dg/warn/Wswitch-2.C enum e4 (test for warnings, line 16)
FAIL: g++.dg/warn/Wswitch-2.C enum e1 (test for warnings, line 25)
XPASS: g++.dg/warn/Wunused-2.C (test for warnings, line 5)
FAIL: 200:is 15:should be 11
FAIL: 202:is 23:should be 1
FAIL: 214:is 11:should be 3
FAIL: 201: expected branch percentages not found: 27 50
FAIL: 213: expected branch percentages not found: 9 10 11
FAIL: 258: expected branch percentages not found: 25
FAIL: g++.dg/gcov/gcov-1.C gcov: 3 failures in line counts, 3 in branch percentages, 0 in return percentages
FAIL: 23:is 2:should be 1
FAIL: g++.dg/gcov/gcov-2.C gcov: 1 failures in line counts, 0 in branch percentages, 0 in return percentages
FAIL: g++.old-deja/g++.brendan/crash30.C (test for excess errors)
FAIL: g++.old-deja/g++.martin/sts_vectini.C execution test
WARNING: g++.old-deja/g++.mike/p10769a.C compilation failed to produce executable
WARNING: g++.old-deja/g++.other/enum5.C compilation failed to produce executable
WARNING: g++.old-deja/g++.pt/friend44.C compilation failed to produce executable
WARNING: program timed out.
ERROR: tcl error sourcing /home/dnovillo/perf/sbox/tree-ssa-branch/local.i686/src/gcc/testsuite/g++.old-deja/old-deja.exp.
ERROR: couldn't fork child process: not enough memory
=== g++ Summary ===
# of expected passes 8763
# of unexpected failures 20
# of unexpected successes 2
# of expected failures 62
# of unsupported tests 28
WARNING: g++_version failed:
=== gcc tests ===
Running target unix
FAIL: gcc.c-torture/execute/builtins/string-9.c execution, -O1
FAIL: gcc.c-torture/execute/builtins/string-9.c execution, -O2
FAIL: gcc.c-torture/execute/builtins/string-9.c execution, -O3 -fomit-frame-pointer
FAIL: gcc.c-torture/execute/builtins/string-9.c execution, -O3 -fomit-frame-pointer -funroll-loops
FAIL: gcc.c-torture/execute/builtins/string-9.c execution, -O3 -fomit-frame-pointer -funroll-all-loops -finline-functions
FAIL: gcc.c-torture/execute/builtins/string-9.c execution, -O3 -g
FAIL: gcc.c-torture/execute/20000603-1.c execution, -O3 -fomit-frame-pointer
FAIL: gcc.c-torture/execute/20000603-1.c execution, -O3 -g
FAIL: gcc.c-torture/execute/20010403-1.c execution, -O3 -fomit-frame-pointer
FAIL: gcc.c-torture/execute/20010403-1.c execution, -O3 -g
XPASS: gcc.c-torture/execute/string-opt-18.c execution, -O0
XPASS: gcc.c-torture/execute/string-opt-18.c execution, -O1
XPASS: gcc.c-torture/execute/string-opt-18.c execution, -O2
XPASS: gcc.c-torture/execute/string-opt-18.c execution, -O3 -fomit-frame-pointer
XPASS: gcc.c-torture/execute/string-opt-18.c execution, -O3 -g
XPASS: gcc.c-torture/execute/string-opt-18.c execution, -Os
FAIL: gcc.c-torture/execute/string-opt-7.c execution, -O1
FAIL: gcc.c-torture/execute/string-opt-7.c execution, -O2
FAIL: gcc.c-torture/execute/string-opt-7.c execution, -O3 -fomit-frame-pointer
FAIL: gcc.c-torture/execute/string-opt-7.c execution, -O3 -g
FAIL: gcc.c-torture/execute/string-opt-7.c execution, -Os
FAIL: gcc.c-torture/execute/va-arg-25.c execution, -O0
FAIL: gcc.c-torture/execute/va-arg-25.c execution, -O1
FAIL: gcc.c-torture/execute/va-arg-25.c execution, -O2
FAIL: gcc.c-torture/execute/va-arg-25.c execution, -O3 -fomit-frame-pointer
FAIL: gcc.c-torture/execute/va-arg-25.c execution, -O3 -g
FAIL: gcc.c-torture/execute/va-arg-25.c execution, -Os
UNRESOLVED: gcc.c-torture/execute/wchar_t-1.c execution, -O0
UNRESOLVED: gcc.c-torture/execute/wchar_t-1.c execution, -O1
UNRESOLVED: gcc.c-torture/execute/wchar_t-1.c execution, -O2
UNRESOLVED: gcc.c-torture/execute/wchar_t-1.c execution, -O3 -fomit-frame-pointer
UNRESOLVED: gcc.c-torture/execute/wchar_t-1.c execution, -O3 -g
UNRESOLVED: gcc.c-torture/execute/wchar_t-1.c execution, -Os
FAIL: gcc.dg/debug/debug-6.c scan-assembler xyzzy
FAIL: gcc.dg/debug/debug-6.c scan-assembler xyzzy
FAIL: gcc.dg/debug/debug-6.c scan-assembler xyzzy
FAIL: gcc.dg/debug/debug-6.c scan-assembler xyzzy
FAIL: gcc.dg/debug/debug-6.c scan-assembler xyzzy
FAIL: gcc.dg/debug/debug-6.c scan-assembler xyzzy
FAIL: gcc.dg/20000724-1.c execution test
FAIL: gcc.dg/20030331-2.c (test for excess errors)
FAIL: gcc.dg/Wswitch-2.c enum e4 (test for warnings, line 16)
FAIL: gcc.dg/Wswitch-2.c enum e1 (test for warnings, line 25)
FAIL: gcc.dg/Wswitch-default.c (test for warnings, line 10)
FAIL: gcc.dg/Wswitch-default.c (test for warnings, line 21)
FAIL: gcc.dg/Wswitch-default.c (test for warnings, line 28)
FAIL: gcc.dg/Wswitch-default.c (test for warnings, line 37)
FAIL: gcc.dg/Wswitch-default.c (test for warnings, line 48)
FAIL: gcc.dg/Wswitch-default.c (test for excess errors)
FAIL: gcc.dg/Wswitch-enum.c enum e1 (test for warnings, line 22)
FAIL: gcc.dg/Wswitch-enum.c enum e2 (test for warnings, line 22)
FAIL: gcc.dg/Wswitch-enum.c enum e1 (test for warnings, line 25)
FAIL: gcc.dg/Wswitch-enum.c enum e2 (test for warnings, line 25)
FAIL: gcc.dg/Wswitch-enum.c enum e2 (test for warnings, line 29)
FAIL: gcc.dg/Wswitch-enum.c enum e2 (test for warnings, line 33)
FAIL: gcc.dg/Wswitch-enum.c excess 3 (test for warnings, line 49)
FAIL: gcc.dg/Wswitch-enum.c excess 3 (test for warnings, line 55)
FAIL: gcc.dg/Wswitch-enum.c (test for excess errors)
FAIL: gcc.dg/Wswitch.c enum e1 (test for warnings, line 22)
FAIL: gcc.dg/Wswitch.c enum e2 (test for warnings, line 22)
FAIL: gcc.dg/Wswitch.c enum e2 (test for warnings, line 29)
FAIL: gcc.dg/Wswitch.c excess 3 (test for warnings, line 49)
FAIL: gcc.dg/Wswitch.c (test for excess errors)
FAIL: gcc.dg/Wunreachable-4.c (test for excess errors)
FAIL: gcc.dg/builtins-10.c (test for excess errors)
FAIL: gcc.dg/builtins-26.c (test for excess errors)
FAIL: gcc.dg/builtins-7.c (test for excess errors)
FAIL: gcc.dg/old-style-asm-1.c (test for excess errors)
ERROR: gcc.dg/old-style-asm-1.c: error executing dg-final: couldn't open "old-style-asm-1.s": no such file or directory
UNRESOLVED: gcc.dg/old-style-asm-1.c: error executing dg-final: couldn't open "old-style-asm-1.s": no such file or directory
XPASS: gcc.dg/uninit-2.c uninitialized variable warning (test for bogus messages, line 28)
XPASS: gcc.dg/uninit-4.c uninitialized variable warning (test for bogus messages, line 26)
XPASS: gcc.dg/uninit-5.c uninitialized variable warning (test for bogus messages, line 13)
XPASS: gcc.dg/uninit-5.c uninitialized variable warning (test for bogus messages, line 27)
XPASS: gcc.dg/uninit-8.c uninitialized variable warning (test for bogus messages, line 14)
FAIL: gcc.dg/uninit-D.c (test for excess errors)
FAIL: gcc.dg/warn-1.c (test for warnings, line 8)
FAIL: gcc.dg/torture/builtin-explog-1.c (test for excess errors)
FAIL: gcc.dg/torture/builtin-explog-1.c (test for excess errors)
FAIL: gcc.dg/torture/builtin-explog-1.c (test for excess errors)
FAIL: gcc.dg/torture/builtin-explog-1.c (test for excess errors)
FAIL: gcc.dg/torture/builtin-explog-1.c (test for excess errors)
FAIL: gcc.dg/torture/builtin-explog-1.c (test for excess errors)
FAIL: gcc.dg/tree-ssa/20030714-2.c scan-tree-dump-times if 3
FAIL: gcc.dg/tree-ssa/20030728-1.c scan-tree-dump-times = 0 2
ERROR: gcc.dg/tree-ssa/20030730-1.c: error executing dg-final: no files matched glob pattern "20030730-1.c.t??.dom2"
UNRESOLVED: gcc.dg/tree-ssa/20030730-1.c: error executing dg-final: no files matched glob pattern "20030730-1.c.t??.dom2"
ERROR: gcc.dg/tree-ssa/20030730-2.c: error executing dg-final: no files matched glob pattern "20030730-2.c.t??.dom2"
UNRESOLVED: gcc.dg/tree-ssa/20030730-2.c: error executing dg-final: no files matched glob pattern "20030730-2.c.t??.dom2"
FAIL: gcc.dg/tree-ssa/20030731-1.c scan-tree-dump-times target.*!= 0 0
FAIL: gcc.dg/tree-ssa/20030807-3.c scan-tree-dump-times if 2
FAIL: gcc.dg/tree-ssa/20030807-4.c scan-tree-dump-times if 2
FAIL: gcc.dg/tree-ssa/20030807-7.c scan-tree-dump-times if 1
FAIL: gcc.dg/tree-ssa/20030808-1.c scan-tree-dump-times ->code 0
FAIL: gcc.dg/tree-ssa/20030814-6.c scan-tree-dump-times common.code 1
FAIL: gcc.dg/tree-ssa/20030824-2.c scan-tree-dump-times return y \\+ x 1
FAIL: gcc.dg/tree-ssa/20030922-1.c scan-tree-dump-times if 0
FAIL: gcc.dg/tree-ssa/20030922-2.c scan-tree-dump-times if 2
FAIL: gcc.dg/tree-ssa/ssa-ccp-2.c scan-tree-dump-times link_error 0
FAIL: gcc.dg/tree-ssa/ssa-ccp-3.c scan-tree-dump-times link_error 0
FAIL: gcc.dg/tree-ssa/ssa-ccp-4.c scan-tree-dump-times link_error 0
FAIL: gcc.dg/tree-ssa/ssa-ccp-5.c scan-tree-dump-times link_error 0
FAIL: gcc.dg/tree-ssa/ssa-ccp-6.c scan-tree-dump-times link_error 0
FAIL: gcc.dg/tree-ssa/ssa-ccp-8.c scan-tree-dump-times link_error 0
FAIL: 37:is 2:should be 1
FAIL: 93:is 3:should be 2
FAIL: 140:is 10:should be 5
FAIL: 142:is 10:should be 5
FAIL: 143:is 6:should be 1
FAIL: 152:is 12:should be 6
FAIL: 154:is 12:should be 6
FAIL: 156:is 12:should be 6
FAIL: 158:is 10:should be 6
FAIL: 160:is 8:should be 4
FAIL: 169:is 22:should be 11
FAIL: 171:is 22:should be 11
FAIL: 172:is 16:should be 5
FAIL: 173:is 13:should be 2
FAIL: 228:is 5:should be 3
FAIL: gcc.misc-tests/gcov-4.c gcov: 15 failures in line counts, 0 in branch percentages, 0 in return percentages
FAIL: 209: expected branch percentages not found: 25
FAIL: gcc.misc-tests/gcov-4b.c gcov: 0 failures in line counts, 1 in branch percentages, 0 in return percentages
FAIL: 15:is 9:should be 5
FAIL: gcc.misc-tests/gcov-6.c gcov: 1 failures in line counts, 0 in branch percentages, 0 in return percentages
=== gcc Summary ===
# of expected passes 24164
# of unexpected failures 101
# of unexpected successes 11
# of expected failures 75
# of unresolved testcases 9
# of untested testcases 7
# of unsupported tests 155
/notnfs/dnovillo/sbox/tree-ssa-branch/bld.toribio/gcc/xgcc version 3.5-tree-ssa 20031031 (merged 20031026)
=== gfortran tests ===
Running target unix
FAIL: gfortran.fortran-torture/execute/arrayarg.f90 compilation, -O2
FAIL: gfortran.fortran-torture/execute/arrayarg.f90 compilation, -O2 -fomit-frame-pointer -finline-functions
FAIL: gfortran.fortran-torture/execute/arrayarg.f90 compilation, -O2 -fomit-frame-pointer -finline-functions -funroll-loops
FAIL: gfortran.fortran-torture/execute/arrayarg.f90 compilation, -O2 -fomit-frame-pointer -finline-functions -funroll-all-loops
FAIL: gfortran.fortran-torture/execute/arrayarg.f90 compilation, -O2 -fno-repack-arrays
FAIL: gfortran.fortran-torture/execute/arrayarg.f90 compilation, -O2 -fg77-calls
FAIL: gfortran.fortran-torture/execute/arrayarg.f90 compilation, -O3 -g
FAIL: gfortran.fortran-torture/execute/arrayarg.f90 compilation, -Os
FAIL: gfortran.fortran-torture/execute/forall_3.f90 execution, -Os
FAIL: gfortran.fortran-torture/execute/intrinsic_associated.f90 compilation, -O0
FAIL: gfortran.fortran-torture/execute/intrinsic_associated.f90 compilation, -O1
FAIL: gfortran.fortran-torture/execute/intrinsic_associated.f90 compilation, -O2
FAIL: gfortran.fortran-torture/execute/intrinsic_associated.f90 compilation, -O2 -fomit-frame-pointer -finline-functions
FAIL: gfortran.fortran-torture/execute/intrinsic_associated.f90 compilation, -O2 -fomit-frame-pointer -finline-functions -funroll-loops
FAIL: gfortran.fortran-torture/execute/intrinsic_associated.f90 compilation, -O2 -fomit-frame-pointer -finline-functions -funroll-all-loops
FAIL: gfortran.fortran-torture/execute/intrinsic_associated.f90 compilation, -O2 -fno-repack-arrays
FAIL: gfortran.fortran-torture/execute/intrinsic_associated.f90 compilation, -O2 -fg77-calls
FAIL: gfortran.fortran-torture/execute/intrinsic_eoshift.f90 compilation, -O2
FAIL: gfortran.fortran-torture/execute/intrinsic_eoshift.f90 compilation, -O2 -fomit-frame-pointer -finline-functions
FAIL: gfortran.fortran-torture/execute/intrinsic_eoshift.f90 compilation, -O2 -fomit-frame-pointer -finline-functions -funroll-loops
FAIL: gfortran.fortran-torture/execute/intrinsic_eoshift.f90 compilation, -O2 -fomit-frame-pointer -finline-functions -funroll-all-loops
FAIL: gfortran.fortran-torture/execute/intrinsic_eoshift.f90 compilation, -O2 -fno-repack-arrays
FAIL: gfortran.fortran-torture/execute/intrinsic_eoshift.f90 compilation, -O2 -fg77-calls
FAIL: gfortran.fortran-torture/execute/intrinsic_eoshift.f90 compilation, -O3 -g
FAIL: gfortran.fortran-torture/execute/intrinsic_mod_ulo.f90 compilation, -O2
FAIL: gfortran.fortran-torture/execute/intrinsic_mod_ulo.f90 compilation, -O2 -fomit-frame-pointer -finline-functions
FAIL: gfortran.fortran-torture/execute/intrinsic_mod_ulo.f90 compilation, -O2 -fomit-frame-pointer -finline-functions -funroll-loops
FAIL: gfortran.fortran-torture/execute/intrinsic_mod_ulo.f90 compilation, -O2 -fomit-frame-pointer -finline-functions -funroll-all-loops
FAIL: gfortran.fortran-torture/execute/intrinsic_mod_ulo.f90 compilation, -O2 -fno-repack-arrays
FAIL: gfortran.fortran-torture/execute/intrinsic_mod_ulo.f90 compilation, -O2 -fg77-calls
FAIL: gfortran.fortran-torture/execute/intrinsic_mod_ulo.f90 compilation, -O3 -g
FAIL: gfortran.fortran-torture/execute/intrinsic_mod_ulo.f90 compilation, -Os
=== gfortran Summary ===
# of expected passes 2177
# of unexpected failures 32
# of untested testcases 31
/notnfs/dnovillo/sbox/tree-ssa-branch/bld.toribio/gcc/testsuite/../gfortran version 3.5-tree-ssa 20031031 (merged 20031026)
=== objc tests ===
Running target unix
=== objc Summary ===
# of expected passes 1337
# of unsupported tests 7
/notnfs/dnovillo/sbox/tree-ssa-branch/bld.toribio/gcc/xgcc version 3.5-tree-ssa 20031031 (merged 20031026)
=== libffi tests ===
Running target unix
FAIL: libffi.call/cls_1_1byte.c execution test
FAIL: libffi.call/cls_2byte.c execution test
FAIL: libffi.call/cls_3_1byte.c execution test
FAIL: libffi.call/cls_5byte.c execution test
FAIL: libffi.call/cls_6byte.c execution test
=== libffi Summary ===
# of expected passes 115
# of unexpected failures 5
# of unsupported tests 2
=== libjava tests ===
Running target unix
FAIL: ArrayStore2 -O3 output - bytecode->native test
FAIL: Array_1 -O3 output - bytecode->native test
FAIL: Array_2 -O3 output - bytecode->native test
FAIL: Array_3 execution - source compiled test
FAIL: Array_3 execution - gij test
FAIL: Array_3 execution - bytecode->native test
FAIL: Array_3 -O3 execution - source compiled test
FAIL: Array_3 execution - gij test
FAIL: Class_1 -O3 output - bytecode->native test
FAIL: CompareNaN -O3 output - bytecode->native test
FAIL: Divide_1 execution - source compiled test
FAIL: Divide_1 execution - bytecode->native test
FAIL: Divide_1 -O3 execution - source compiled test
FAIL: Divide_1 -O3 output - bytecode->native test
FAIL: EvaluationOrder -O3 output - bytecode->native test
FAIL: Final -O3 output - bytecode->native test
FAIL: Float_1 -O3 output - bytecode->native test
FAIL: G19990301_01 -O3 output - bytecode->native test
FAIL: G19990302_02 -O3 output - bytecode->native test
FAIL: G19990303_01 -O3 output - bytecode->native test
FAIL: G19990303_02 -O3 output - bytecode->native test
FAIL: G19990304_01 -O3 output - bytecode->native test
FAIL: G19990310_01 -O3 output - bytecode->native test
FAIL: II -O3 output - bytecode->native test
FAIL: InterfaceDispatch -O3 output - bytecode->native test
FAIL: InvokeReturn -O3 output - bytecode->native test
FAIL: Invoke_1 execution - source compiled test
FAIL: Invoke_1 execution - bytecode->native test
FAIL: Invoke_1 -O3 execution - source compiled test
FAIL: Invoke_1 -O3 output - bytecode->native test
FAIL: Invoke_2 -O3 output - bytecode->native test
FAIL: KeepInline -O3 output - bytecode->native test
FAIL: Matrix4f -O3 output - bytecode->native test
FAIL: N19990310_02 -O3 output - bytecode->native test
FAIL: N19990310_3 -O3 output - bytecode->native test
FAIL: N19990310_4 -O3 output - bytecode->native test
FAIL: N19990310_5 -O3 output - bytecode->native test
FAIL: PR12350 -O3 output - bytecode->native test
FAIL: PR12416 -O3 output - bytecode->native test
FAIL: PR12656 -O3 output - bytecode->native test
FAIL: PR141 -O3 output - bytecode->native test
FAIL: PR160 -O3 output - bytecode->native test
FAIL: PR162 -O3 output - bytecode->native test
FAIL: PR218 -O3 output - bytecode->native test
FAIL: PR242 -O3 output - bytecode->native test
FAIL: PR260 -O3 output - bytecode->native test
FAIL: PR3096 -O3 output - bytecode->native test
FAIL: PR3731 -O3 output - bytecode->native test
FAIL: PR5057 -O3 output - bytecode->native test
FAIL: PR5057_2 -O3 output - bytecode->native test
FAIL: PR55 -O3 output - bytecode->native test
FAIL: PR6085 -O3 output - bytecode->native test
FAIL: PR6204 -O3 output - bytecode->native test
FAIL: PR6729 -O3 output - bytecode->native test
FAIL: PR6820 -O3 output - bytecode->native test
FAIL: Shazam -O3 output - bytecode->native test
FAIL: StaticConstructor -O3 output - bytecode->native test
FAIL: StringBuffer_1 -O3 output - bytecode->native test
FAIL: StringBuffer_overflow -O3 output - bytecode->native test
FAIL: String_overflow -O3 output - bytecode->native test
FAIL: SyncGlobal -O3 output - bytecode->native test
FAIL: SyncTest -O3 output - bytecode->native test
FAIL: Synch -O3 output - bytecode->native test
FAIL: TLtest -O3 output - bytecode->native test
FAIL: TestProxy -O3 output - bytecode->native test
FAIL: Thread_Alive -O3 output - bytecode->native test
FAIL: Thread_Interrupt -O3 output - bytecode->native test
FAIL: Thread_Join -O3 output - bytecode->native test
FAIL: Thread_Monitor -O3 output - bytecode->native test
FAIL: Thread_Sleep -O3 output - bytecode->native test
FAIL: Thread_Wait -O3 output - bytecode->native test
FAIL: Thread_Wait_2 -O3 output - bytecode->native test
FAIL: Thread_Wait_Interrupt -O3 output - bytecode->native test
FAIL: Throw_2 -O3 output - bytecode->native test
FAIL: anfi -O3 output - bytecode->native test
FAIL: anon -O3 output - bytecode->native test
FAIL: anon2 -O3 output - bytecode->native test
FAIL: anon3 -O3 output - bytecode->native test
FAIL: anon4 -O3 output - bytecode->native test
FAIL: anon_ctor_itf_arg -O3 output - bytecode->native test
FAIL: anonarray -O3 output - bytecode->native test
FAIL: anonarray2 -O3 output - bytecode->native test
FAIL: anonarray3 -O3 output - bytecode->native test
FAIL: direct_read -O3 output - bytecode->native test
FAIL: direct_write -O3 output - bytecode->native test
FAIL: emptystring -O3 output - bytecode->native test
FAIL: err1 -O3 output - bytecode->native test
FAIL: err10 -O3 output - bytecode->native test
FAIL: err11 -O3 output - bytecode->native test
FAIL: err12 -O3 output - bytecode->native test
FAIL: err13 -O3 output - bytecode->native test
FAIL: err2 -O3 output - bytecode->native test
FAIL: err3 output - source compiled test
FAIL: err3 -O3 output - source compiled test
FAIL: err3 -O3 output - bytecode->native test
FAIL: err4 -O3 output - bytecode->native test
FAIL: err5 -O3 output - bytecode->native test
FAIL: err6 -O3 output - bytecode->native test
FAIL: err7 -O3 output - bytecode->native test
FAIL: err8 -O3 output - bytecode->native test
FAIL: err9 -O3 output - bytecode->native test
FAIL: final_inner -O3 output - bytecode->native test
FAIL: final_int -O3 output - bytecode->native test
FAIL: final_static_and_friend -O3 output - bytecode->native test
FAIL: indirect -O3 output - bytecode->native test
FAIL: indirect_read -O3 output - bytecode->native test
FAIL: indirect_write -O3 output - bytecode->native test
FAIL: initfield -O3 output - bytecode->native test
FAIL: inline -O3 output - bytecode->native test
FAIL: inner1 -O3 output - bytecode->native test
FAIL: inner2 -O3 output - bytecode->native test
FAIL: inner3 -O3 output - bytecode->native test
FAIL: inner4 -O3 output - bytecode->native test
FAIL: inner_array -O3 output - bytecode->native test
FAIL: inner_interface -O3 output - bytecode->native test
FAIL: instance -O3 output - bytecode->native test
FAIL: instinit -O3 output - bytecode->native test
FAIL: instinit2 -O3 output - bytecode->native test
FAIL: invoke_from_inner -O3 output - bytecode->native test
FAIL: invokethrow -O3 output - bytecode->native test
FAIL: klass -O3 output - bytecode->native test
FAIL: multiple_finit -O3 output - bytecode->native test
FAIL: negzero -O3 output - bytecode->native test
FAIL: nested_with_ctor -O3 output - bytecode->native test
FAIL: newarray_overflow -O3 output - bytecode->native test
FAIL: override -O3 output - bytecode->native test
FAIL: pr109 -O3 output - bytecode->native test
FAIL: pr133 -O3 output - bytecode->native test
FAIL: pr179 -O3 output - bytecode->native test
FAIL: pr184 -O3 output - bytecode->native test
FAIL: pr6388 -O3 output - bytecode->native test
FAIL: pr83 -O3 output - bytecode->native test
FAIL: pr8415 -O3 output - bytecode->native test
FAIL: pr8823 -O3 output - bytecode->native test
FAIL: pr8945 -O3 output - bytecode->native test
FAIL: private_direct_read -O3 output - bytecode->native test
FAIL: search_outer -O3 output - bytecode->native test
FAIL: stringconst -O3 output - bytecode->native test
FAIL: stringconst2 -O3 output - bytecode->native test
FAIL: stub -O3 output - bytecode->native test
FAIL: test_long -O3 output - bytecode->native test
FAIL: tmi -O3 output - bytecode->native test
FAIL: tp -O3 output - bytecode->native test
FAIL: update_outer -O3 output - bytecode->native test
FAIL: utilTest -O3 output - bytecode->native test
=== libjava Summary ===
# of expected passes 3049
# of unexpected failures 145
# of expected failures 10
# of untested testcases 19
=== libmudflap tests ===
Running target unix
FAIL: libmudflap.c/fail1-frag.c (-O2) (test for excess errors)
WARNING: libmudflap.c/fail1-frag.c (-O2) compilation failed to produce executable
FAIL: libmudflap.c/fail10-frag.c (-O2) (test for excess errors)
WARNING: libmudflap.c/fail10-frag.c (-O2) compilation failed to produce executable
FAIL: libmudflap.c/fail13-frag.c (-O2) (test for excess errors)
WARNING: libmudflap.c/fail13-frag.c (-O2) compilation failed to produce executable
FAIL: libmudflap.c/fail14-frag.c (-O2) (test for excess errors)
WARNING: libmudflap.c/fail14-frag.c (-O2) compilation failed to produce executable
FAIL: libmudflap.c/fail15-frag.c (-O2) (test for excess errors)
WARNING: libmudflap.c/fail15-frag.c (-O2) compilation failed to produce executable
FAIL: libmudflap.c/fail2-frag.c (-O2) (test for excess errors)
WARNING: libmudflap.c/fail2-frag.c (-O2) compilation failed to produce executable
FAIL: libmudflap.c/fail21-frag.c (-O2) (test for excess errors)
WARNING: libmudflap.c/fail21-frag.c (-O2) compilation failed to produce executable
FAIL: libmudflap.c/fail27-frag.c (-O2) (test for excess errors)
WARNING: libmudflap.c/fail27-frag.c (-O2) compilation failed to produce executable
FAIL: libmudflap.c/fail3-frag.c (-O2) (test for excess errors)
WARNING: libmudflap.c/fail3-frag.c (-O2) compilation failed to produce executable
FAIL: libmudflap.c/fail4-frag.c (-O2) (test for excess errors)
WARNING: libmudflap.c/fail4-frag.c (-O2) compilation failed to produce executable
FAIL: libmudflap.c/fail5-frag.c (-O2) (test for excess errors)
WARNING: libmudflap.c/fail5-frag.c (-O2) compilation failed to produce executable
FAIL: libmudflap.c/pass10-frag.c (-O2) (test for excess errors)
WARNING: libmudflap.c/pass10-frag.c (-O2) compilation failed to produce executable
FAIL: libmudflap.c/pass14-frag.c (-O2) (test for excess errors)
WARNING: libmudflap.c/pass14-frag.c (-O2) compilation failed to produce executable
FAIL: libmudflap.c/pass15-frag.c (-O2) (test for excess errors)
WARNING: libmudflap.c/pass15-frag.c (-O2) compilation failed to produce executable
FAIL: libmudflap.c/pass18-frag.c (-O2) (test for excess errors)
WARNING: libmudflap.c/pass18-frag.c (-O2) compilation failed to produce executable
FAIL: libmudflap.c/pass25-frag.c (-O2) (test for excess errors)
WARNING: libmudflap.c/pass25-frag.c (-O2) compilation failed to produce executable
FAIL: libmudflap.c/pass26-frag.c (-O2) (test for excess errors)
WARNING: libmudflap.c/pass26-frag.c (-O2) compilation failed to produce executable
FAIL: libmudflap.c/pass32-frag.c (-O2) (test for excess errors)
WARNING: libmudflap.c/pass32-frag.c (-O2) compilation failed to produce executable
FAIL: libmudflap.c/pass33-frag.c (-O2) (test for excess errors)
WARNING: libmudflap.c/pass33-frag.c (-O2) compilation failed to produce executable
FAIL: libmudflap.c/pass4-frag.c (-O2) (test for excess errors)
WARNING: libmudflap.c/pass4-frag.c (-O2) compilation failed to produce executable
FAIL: libmudflap.c/pass5-frag.c (-O2) (test for excess errors)
WARNING: libmudflap.c/pass5-frag.c (-O2) compilation failed to produce executable
FAIL: libmudflap.c/fail1-frag.c (-O3) (test for excess errors)
WARNING: libmudflap.c/fail1-frag.c (-O3) compilation failed to produce executable
FAIL: libmudflap.c/fail10-frag.c (-O3) (test for excess errors)
WARNING: libmudflap.c/fail10-frag.c (-O3) compilation failed to produce executable
FAIL: libmudflap.c/fail13-frag.c (-O3) (test for excess errors)
WARNING: libmudflap.c/fail13-frag.c (-O3) compilation failed to produce executable
FAIL: libmudflap.c/fail14-frag.c (-O3) (test for excess errors)
WARNING: libmudflap.c/fail14-frag.c (-O3) compilation failed to produce executable
FAIL: libmudflap.c/fail15-frag.c (-O3) (test for excess errors)
WARNING: libmudflap.c/fail15-frag.c (-O3) compilation failed to produce executable
FAIL: libmudflap.c/fail2-frag.c (-O3) (test for excess errors)
WARNING: libmudflap.c/fail2-frag.c (-O3) compilation failed to produce executable
FAIL: libmudflap.c/fail21-frag.c (-O3) (test for excess errors)
WARNING: libmudflap.c/fail21-frag.c (-O3) compilation failed to produce executable
FAIL: libmudflap.c/fail27-frag.c (-O3) (test for excess errors)
WARNING: libmudflap.c/fail27-frag.c (-O3) compilation failed to produce executable
FAIL: libmudflap.c/fail3-frag.c (-O3) (test for excess errors)
WARNING: libmudflap.c/fail3-frag.c (-O3) compilation failed to produce executable
FAIL: libmudflap.c/fail4-frag.c (-O3) (test for excess errors)
WARNING: libmudflap.c/fail4-frag.c (-O3) compilation failed to produce executable
FAIL: libmudflap.c/fail5-frag.c (-O3) (test for excess errors)
WARNING: libmudflap.c/fail5-frag.c (-O3) compilation failed to produce executable
FAIL: libmudflap.c/pass10-frag.c (-O3) (test for excess errors)
WARNING: libmudflap.c/pass10-frag.c (-O3) compilation failed to produce executable
FAIL: libmudflap.c/pass14-frag.c (-O3) (test for excess errors)
WARNING: libmudflap.c/pass14-frag.c (-O3) compilation failed to produce executable
FAIL: libmudflap.c/pass15-frag.c (-O3) (test for excess errors)
WARNING: libmudflap.c/pass15-frag.c (-O3) compilation failed to produce executable
FAIL: libmudflap.c/pass18-frag.c (-O3) (test for excess errors)
WARNING: libmudflap.c/pass18-frag.c (-O3) compilation failed to produce executable
FAIL: libmudflap.c/pass25-frag.c (-O3) (test for excess errors)
WARNING: libmudflap.c/pass25-frag.c (-O3) compilation failed to produce executable
FAIL: libmudflap.c/pass26-frag.c (-O3) (test for excess errors)
WARNING: libmudflap.c/pass26-frag.c (-O3) compilation failed to produce executable
FAIL: libmudflap.c/pass32-frag.c (-O3) (test for excess errors)
WARNING: libmudflap.c/pass32-frag.c (-O3) compilation failed to produce executable
FAIL: libmudflap.c/pass4-frag.c (-O3) (test for excess errors)
WARNING: libmudflap.c/pass4-frag.c (-O3) compilation failed to produce executable
FAIL: libmudflap.c/pass5-frag.c (-O3) (test for excess errors)
WARNING: libmudflap.c/pass5-frag.c (-O3) compilation failed to produce executable
FAIL: libmudflap.c++/fail24-frag.cxx (-O2) output pattern test
FAIL: libmudflap.c++/pass27-frag.cxx (-O2) (test for excess errors)
WARNING: libmudflap.c++/pass27-frag.cxx (-O2) compilation failed to produce executable
FAIL: libmudflap.c++/pass28-frag.cxx (-O2) execution test
FAIL: libmudflap.c++/pass31-frag.cxx (-O2) execution test
FAIL: libmudflap.c++/fail24-frag.cxx (-O3) output pattern test
FAIL: libmudflap.c++/pass27-frag.cxx (-O3) (test for excess errors)
WARNING: libmudflap.c++/pass27-frag.cxx (-O3) compilation failed to produce executable
FAIL: libmudflap.c++/pass28-frag.cxx (-O3) execution test
FAIL: libmudflap.c++/pass31-frag.cxx (-O3) execution test
FAIL: libmudflap.cth/pass37-frag.c (-O2) (test for excess errors)
WARNING: libmudflap.cth/pass37-frag.c (-O2) compilation failed to produce executable
FAIL: libmudflap.cth/pass39-frag.c (-O2) (test for excess errors)
WARNING: libmudflap.cth/pass39-frag.c (-O2) compilation failed to produce executable
FAIL: libmudflap.cth/pass37-frag.c (-O3) (test for excess errors)
WARNING: libmudflap.cth/pass37-frag.c (-O3) compilation failed to produce executable
FAIL: libmudflap.cth/pass39-frag.c (-O3) (test for excess errors)
WARNING: libmudflap.cth/pass39-frag.c (-O3) compilation failed to produce executable
=== libmudflap Summary ===
# of expected passes 710
# of unexpected failures 53
=== libstdc++-v3 check-abi Summary ===
# of added symbols: 204
# of missing symbols: 220
# of incompatible symbols: 227
=== libstdc++ tests ===
Running target unix
XPASS: 26_numerics/c99_classification_macros_c.cc (test for excess errors)
FAIL: ext/stdio_sync_filebuf_wchar_t.cc execution test
=== libstdc++ Summary ===
# of expected passes 2194
# of unexpected failures 1
# of unexpected successes 1
# of expected failures 11
Compiler version: 3.5-tree-ssa 20031031 (merged 20031026)
Platform: i686-pc-linux-gnu
configure flags: --prefix=/home/dnovillo/perf/sbox/tree-ssa-branch/local.i686/inst.toribio --srcdir=/home/dnovillo/perf/sbox/tree-ssa-branch/local.i686/src --disable-multilib --enable-threads --disable-checking --with-libbanshee
More information about the Gcc-testresults
mailing list