Results for 3.4 20031030 (experimental) testsuite on hppa2.0w-hp-hpux11.00
John David Anglin
dave@hiauly2.hia.nrc.ca
Thu Oct 30 16:55:00 GMT 2003
LAST_UPDATED: Thu Oct 30 00:39:37 UTC 2003
Native configuration is hppa2.0w-hp-hpux11.00
=== g++ tests ===
Running target unix
WARNING: program timed out.
FAIL: g++.dg/eh/cleanup1.C (test for excess errors)
FAIL: g++.dg/eh/crossjump1.C (test for excess errors)
FAIL: g++.dg/eh/omit-frame-pointer.C (test for excess errors)
FAIL: g++.dg/ext/complit2.C (test for excess errors)
XPASS: g++.dg/ext/lvalue1.C not an lvalue (test for errors, line 7)
FAIL: g++.dg/ext/pretty1.C scan-assembler top level
FAIL: g++.dg/ext/pretty2.C (test for excess errors)
WARNING: g++.dg/ext/pretty2.C compilation failed to produce executable
FAIL: g++.dg/init/array4.C (test for excess errors)
XPASS: g++.dg/init/init-ref4.C execution test
FAIL: g++.dg/opt/inline4.C scan-assembler-not _Z1g
FAIL: g++.dg/opt/template1.C scan-assembler-not foo1
FAIL: g++.dg/parse/attr-ctor1.C (test for excess errors)
FAIL: g++.dg/parse/crash10.C (test for errors, line 14)
FAIL: g++.dg/parse/lookup1.C (test for excess errors)
FAIL: g++.dg/parse/parse5.C (test for excess errors)
FAIL: g++.dg/template/friend.C (test for excess errors)
FAIL: g++.dg/template/friend10.C (test for excess errors)
FAIL: g++.dg/warn/Winline-3.C (test for excess errors)
XPASS: g++.dg/warn/Wunused-2.C (test for warnings, line 5)
FAIL: ./system-1.H (test for excess errors)
FAIL: g++.dg/pch/system-1.C (test for excess errors)
FAIL: ./system-1.H (test for excess errors)
FAIL: g++.dg/pch/system-1.C (test for excess errors)
FAIL: ./system-1.H (test for excess errors)
FAIL: g++.dg/pch/system-1.C (test for excess errors)
FAIL: ./system-2.H (test for excess errors)
FAIL: g++.dg/pch/system-2.C (test for excess errors)
FAIL: ./system-2.H (test for excess errors)
FAIL: g++.dg/pch/system-2.C (test for excess errors)
FAIL: ./system-2.H (test for excess errors)
FAIL: g++.dg/pch/system-2.C (test for excess errors)
FAIL: ./uninst.H (test for excess errors)
FAIL: g++.dg/pch/uninst.C (test for excess errors)
FAIL: ./uninst.H (test for excess errors)
FAIL: g++.dg/pch/uninst.C (test for excess errors)
FAIL: ./uninst.H (test for excess errors)
FAIL: g++.dg/pch/uninst.C (test for excess errors)
FAIL: g++.old-deja/g++.benjamin/15071.C (test for excess errors)
FAIL: g++.old-deja/g++.brendan/copy9.C (test for excess errors)
FAIL: g++.old-deja/g++.brendan/crash15.C (test for excess errors)
FAIL: g++.old-deja/g++.brendan/crash20.C (test for excess errors)
FAIL: g++.old-deja/g++.brendan/crash30.C (test for excess errors)
FAIL: g++.old-deja/g++.brendan/crash38.C (test for excess errors)
FAIL: g++.old-deja/g++.brendan/crash39.C (test for excess errors)
FAIL: g++.old-deja/g++.brendan/crash49.C (test for excess errors)
FAIL: g++.old-deja/g++.brendan/crash52.C (test for excess errors)
FAIL: g++.old-deja/g++.brendan/crash62.C (test for excess errors)
FAIL: g++.old-deja/g++.brendan/cvt1.C (test for excess errors)
FAIL: g++.old-deja/g++.brendan/err-msg3.C (test for excess errors)
FAIL: g++.old-deja/g++.brendan/nest21.C (test for excess errors)
FAIL: g++.old-deja/g++.brendan/ptolemy2.C (test for excess errors)
FAIL: g++.old-deja/g++.ext/attrib5.C (test for excess errors)
WARNING: g++.old-deja/g++.ext/attrib5.C compilation failed to produce executable
FAIL: g++.old-deja/g++.jason/2371.C (test for excess errors)
FAIL: g++.old-deja/g++.jason/template24.C (test for excess errors)
FAIL: g++.old-deja/g++.jason/template31.C (test for excess errors)
FAIL: g++.old-deja/g++.jason/typeid1.C (test for excess errors)
FAIL: g++.old-deja/g++.law/arg1.C (test for excess errors)
FAIL: g++.old-deja/g++.law/arg8.C (test for excess errors)
FAIL: g++.old-deja/g++.law/arm12.C (test for excess errors)
FAIL: g++.old-deja/g++.law/arm9.C (test for excess errors)
FAIL: g++.old-deja/g++.law/bad-error7.C (test for excess errors)
FAIL: g++.old-deja/g++.law/code-gen5.C (test for excess errors)
FAIL: g++.old-deja/g++.law/ctors10.C (test for excess errors)
FAIL: g++.old-deja/g++.law/ctors12.C (test for excess errors)
FAIL: g++.old-deja/g++.law/ctors13.C (test for excess errors)
FAIL: g++.old-deja/g++.law/ctors17.C (test for excess errors)
FAIL: g++.old-deja/g++.law/ctors6.C (test for excess errors)
FAIL: g++.old-deja/g++.law/cvt16.C (test for excess errors)
FAIL: g++.old-deja/g++.law/cvt2.C (test for excess errors)
FAIL: g++.old-deja/g++.law/except5.C (test for excess errors)
FAIL: g++.old-deja/g++.law/missed-error2.C (test for excess errors)
FAIL: g++.old-deja/g++.law/nest3.C (test for excess errors)
FAIL: g++.old-deja/g++.law/operators32.C (test for excess errors)
FAIL: g++.old-deja/g++.law/operators4.C (test for excess errors)
FAIL: g++.old-deja/g++.law/vbase1.C (test for excess errors)
FAIL: g++.old-deja/g++.law/virtual3.C (test for excess errors)
FAIL: g++.old-deja/g++.law/visibility1.C (test for excess errors)
FAIL: g++.old-deja/g++.law/visibility10.C (test for excess errors)
FAIL: g++.old-deja/g++.law/visibility13.C (test for excess errors)
FAIL: g++.old-deja/g++.law/visibility17.C (test for excess errors)
FAIL: g++.old-deja/g++.law/visibility2.C (test for excess errors)
FAIL: g++.old-deja/g++.law/visibility22.C (test for excess errors)
FAIL: g++.old-deja/g++.law/visibility25.C (test for excess errors)
FAIL: g++.old-deja/g++.law/visibility7.C (test for excess errors)
FAIL: g++.old-deja/g++.martin/bitset1.C (test for excess errors)
FAIL: g++.old-deja/g++.mike/dyncast7.C (test for excess errors)
FAIL: g++.old-deja/g++.mike/eh13.C (test for excess errors)
FAIL: g++.old-deja/g++.mike/eh2.C (test for excess errors)
FAIL: g++.old-deja/g++.mike/net34.C (test for excess errors)
FAIL: g++.old-deja/g++.mike/net46.C (test for excess errors)
WARNING: g++.old-deja/g++.mike/p10769a.C compilation failed to produce executable
FAIL: g++.old-deja/g++.mike/p658.C (test for excess errors)
FAIL: g++.old-deja/g++.mike/rtti1.C (test for excess errors)
FAIL: g++.old-deja/g++.ns/koenig9.C (test for excess errors)
FAIL: g++.old-deja/g++.ns/using4.C (test for excess errors)
FAIL: g++.old-deja/g++.ns/using6.C (test for excess errors)
FAIL: g++.old-deja/g++.other/defarg6.C (test for excess errors)
WARNING: g++.old-deja/g++.other/enum5.C compilation failed to produce executable
FAIL: g++.old-deja/g++.other/headers1.C (test for excess errors)
FAIL: g++.old-deja/g++.other/init9.C (test for excess errors)
FAIL: g++.old-deja/g++.other/inline14.C (test for excess errors)
FAIL: g++.old-deja/g++.other/inline7.C (test for excess errors)
FAIL: g++.old-deja/g++.other/inline8.C (test for excess errors)
FAIL: g++.old-deja/g++.other/sibcall1.C (test for excess errors)
FAIL: g++.old-deja/g++.other/unchanging1.C (test for excess errors)
FAIL: g++.old-deja/g++.pt/crash68.C (test for excess errors)
WARNING: g++.old-deja/g++.pt/friend44.C compilation failed to produce executable
FAIL: g++.old-deja/g++.pt/instantiate10.C (test for excess errors)
FAIL: g++.old-deja/g++.pt/memtemp100.C (test for excess errors)
XPASS: g++.old-deja/g++.pt/static3.C execution test
FAIL: g++.old-deja/g++.pt/ttp19.C (test for excess errors)
FAIL: g++.old-deja/g++.pt/ttp40.C (test for excess errors)
FAIL: g++.old-deja/g++.pt/vaarg3.C (test for excess errors)
FAIL: g++.old-deja/g++.robertl/eb109.C (test for excess errors)
FAIL: g++.old-deja/g++.robertl/eb113.C (test for excess errors)
FAIL: g++.old-deja/g++.robertl/eb115.C (test for excess errors)
FAIL: g++.old-deja/g++.robertl/eb118.C (test for excess errors)
FAIL: g++.old-deja/g++.robertl/eb124.C (test for excess errors)
FAIL: g++.old-deja/g++.robertl/eb127.C (test for excess errors)
FAIL: g++.old-deja/g++.robertl/eb129.C (test for excess errors)
FAIL: g++.old-deja/g++.robertl/eb129a.C (test for excess errors)
FAIL: g++.old-deja/g++.robertl/eb130.C (test for excess errors)
FAIL: g++.old-deja/g++.robertl/eb132.C (test for excess errors)
FAIL: g++.old-deja/g++.robertl/eb15.C (test for excess errors)
FAIL: g++.old-deja/g++.robertl/eb21.C (test for excess errors)
FAIL: g++.old-deja/g++.robertl/eb24.C (test for excess errors)
FAIL: g++.old-deja/g++.robertl/eb27.C (test for excess errors)
FAIL: g++.old-deja/g++.robertl/eb28.C (test for excess errors)
FAIL: g++.old-deja/g++.robertl/eb29.C (test for excess errors)
FAIL: g++.old-deja/g++.robertl/eb3.C (test for excess errors)
FAIL: g++.old-deja/g++.robertl/eb30.C (test for excess errors)
FAIL: g++.old-deja/g++.robertl/eb31.C (test for excess errors)
FAIL: g++.old-deja/g++.robertl/eb33.C (test for excess errors)
FAIL: g++.old-deja/g++.robertl/eb36.C (test for excess errors)
FAIL: g++.old-deja/g++.robertl/eb39.C (test for excess errors)
FAIL: g++.old-deja/g++.robertl/eb4.C (test for excess errors)
FAIL: g++.old-deja/g++.robertl/eb41.C (test for excess errors)
FAIL: g++.old-deja/g++.robertl/eb43.C (test for excess errors)
FAIL: g++.old-deja/g++.robertl/eb44.C (test for excess errors)
FAIL: g++.old-deja/g++.robertl/eb46.C (test for excess errors)
FAIL: g++.old-deja/g++.robertl/eb54.C (test for excess errors)
FAIL: g++.old-deja/g++.robertl/eb55.C (test for excess errors)
FAIL: g++.old-deja/g++.robertl/eb59.C (test for excess errors)
FAIL: g++.old-deja/g++.robertl/eb60.C (test for excess errors)
FAIL: g++.old-deja/g++.robertl/eb62.C (test for excess errors)
FAIL: g++.old-deja/g++.robertl/eb65.C (test for excess errors)
FAIL: g++.old-deja/g++.robertl/eb66.C (test for excess errors)
FAIL: g++.old-deja/g++.robertl/eb7.C (test for excess errors)
FAIL: g++.old-deja/g++.robertl/eb73.C (test for excess errors)
FAIL: g++.old-deja/g++.robertl/eb77.C (test for excess errors)
FAIL: g++.old-deja/g++.robertl/eb79.C (test for excess errors)
FAIL: g++.old-deja/g++.robertl/eb91.C (test for excess errors)
FAIL: g++.old-deja/g++.warn/iomanip.C (test for excess errors)
=== g++ Summary ===
# of expected passes 8716
# of unexpected failures 146
# of unexpected successes 4
# of expected failures 62
# of unsupported tests 62
/xxx/gnu/gcc-3.3/objdir/gcc/testsuite/../g++ version 3.4 20031030 (experimental)
=== g77 tests ===
Running target unix
=== g77 Summary ===
# of expected passes 1752
# of expected failures 1
# of untested testcases 1
# of unsupported tests 6
/xxx/gnu/gcc-3.3/objdir/gcc/testsuite/../g77 version 3.4 20031030 (experimental)
=== gcc tests ===
Running target unix
WARNING: program timed out.
FAIL: gcc.c-torture/compile/950512-1.c (test for excess errors)
WARNING: program timed out.
FAIL: gcc.c-torture/compile/950512-1.c (test for excess errors)
WARNING: program timed out.
FAIL: gcc.c-torture/compile/950512-1.c (test for excess errors)
WARNING: program timed out.
FAIL: gcc.c-torture/compile/950512-1.c (test for excess errors)
WARNING: program timed out.
FAIL: gcc.c-torture/compile/950512-1.c (test for excess errors)
UNRESOLVED: gcc.c-torture/execute/wchar_t-1.c execution, -O0
UNRESOLVED: gcc.c-torture/execute/wchar_t-1.c execution, -O1
UNRESOLVED: gcc.c-torture/execute/wchar_t-1.c execution, -O2
UNRESOLVED: gcc.c-torture/execute/wchar_t-1.c execution, -O3 -fomit-frame-pointer
UNRESOLVED: gcc.c-torture/execute/wchar_t-1.c execution, -O3 -g
UNRESOLVED: gcc.c-torture/execute/wchar_t-1.c execution, -Os
FAIL: gcc.dg/debug/debug-1.c scan-assembler xyzzy
FAIL: gcc.dg/debug/debug-1.c scan-assembler xyzzy
FAIL: gcc.dg/debug/debug-1.c scan-assembler xyzzy
FAIL: gcc.dg/debug/debug-1.c scan-assembler xyzzy
FAIL: gcc.dg/debug/debug-2.c scan-assembler xyzzy
FAIL: gcc.dg/debug/debug-2.c scan-assembler xyzzy
FAIL: gcc.dg/debug/debug-2.c scan-assembler xyzzy
FAIL: gcc.dg/debug/debug-2.c scan-assembler xyzzy
FAIL: gcc.dg/builtins-1.c scan-assembler-not __builtin_
FAIL: gcc.dg/builtins-18.c (test for excess errors)
FAIL: gcc.dg/builtins-20.c (test for excess errors)
FAIL: gcc.dg/const-elim-1.c scan-assembler-not L\\\$?C[^A-Z]
FAIL: gcc.dg/pch/warn-1.c (test for errors, line 5)
FAIL: gcc.dg/pch/warn-1.c (test for excess errors)
WARNING: warn-1.s doesn't exist
FAIL: gcc.dg/pch/warn-1.c (test for errors, line 5)
FAIL: gcc.dg/pch/warn-1.c (test for excess errors)
WARNING: warn-1.s doesn't exist
FAIL: gcc.dg/pch/warn-1.c (test for errors, line 5)
FAIL: gcc.dg/pch/warn-1.c (test for excess errors)
WARNING: warn-1.s doesn't exist
FAIL: gcc.dg/pch/warn-1.c (test for errors, line 5)
FAIL: gcc.dg/pch/warn-1.c (test for excess errors)
WARNING: warn-1.s doesn't exist
FAIL: gcc.dg/pch/warn-1.c (test for errors, line 5)
FAIL: gcc.dg/pch/warn-1.c (test for excess errors)
WARNING: warn-1.s doesn't exist
FAIL: gcc.dg/pch/warn-1.c (test for errors, line 5)
FAIL: gcc.dg/pch/warn-1.c (test for excess errors)
WARNING: warn-1.s doesn't exist
FAIL: gcc.dg/pch/warn-1.c (test for errors, line 5)
FAIL: gcc.dg/pch/warn-1.c (test for excess errors)
WARNING: warn-1.s doesn't exist
UNRESOLVED: gcc.dg/special/weak-1.c
UNRESOLVED: gcc.dg/special/weak-2.c
UNRESOLVED: gcc.dg/special/wkali-1.c
UNRESOLVED: gcc.dg/special/wkali-2.c
UNRESOLVED: gcc.dg/weak/typeof-2.c
UNRESOLVED: gcc.dg/weak/weak-1.c
UNRESOLVED: gcc.dg/weak/weak-2.c
UNRESOLVED: gcc.dg/weak/weak-3.c
UNRESOLVED: gcc.dg/weak/weak-4.c
UNRESOLVED: gcc.dg/weak/weak-5.c
UNRESOLVED: gcc.dg/weak/weak-6.c
UNRESOLVED: gcc.dg/weak/weak-7.c
UNRESOLVED: gcc.dg/weak/weak-8.c
UNRESOLVED: gcc.dg/weak/weak-9.c
=== gcc Summary ===
# of expected passes 23218
# of unexpected failures 31
# of expected failures 79
# of unresolved testcases 20
# of untested testcases 7
# of unsupported tests 300
/xxx/gnu/gcc-3.3/objdir/gcc/xgcc version 3.4 20031030 (experimental)
=== objc tests ===
Running target unix
=== objc Summary ===
# of expected passes 1337
# of unsupported tests 7
/xxx/gnu/gcc-3.3/objdir/gcc/xgcc version 3.4 20031030 (experimental)
=== libstdc++ tests ===
Running target unix
FAIL: 26_numerics/c99_classification_macros_c++.cc (test for excess errors)
FAIL: 26_numerics/c99_classification_macros_c.cc (test for excess errors)
FAIL: ext/concept_checks.cc (test for excess errors)
=== libstdc++ Summary ===
# of expected passes 1654
# of unexpected failures 3
# of expected failures 1
# of unsupported tests 7
Compiler version: 3.4 20031030 (experimental)
Platform: hppa2.0w-hp-hpux11.00
configure flags: --with-gnu-as --with-as=/opt/gnu/bin/as --enable-shared --with-local-prefix=/opt/gnu --prefix=/opt/gnu --enable-debug=no --enable-languages=c,c++,f77,java,objc
More information about the Gcc-testresults
mailing list