Results for 3.4 20031027 (experimental) testsuite on sparc64-unknown-linux-gnu
Christian Joensson
christian@j-son.org
Wed Oct 29 08:30:00 GMT 2003
Aurora SPARC Linux 1.0 (Ansel) Ultra1 single UltraSparc I sun4u:
binutils 2.14.90 20031027 sparc64-linux
bison-1.35-1
dejagnu-1.4.2-10 (ftp://ftp.redhat.com/pub/redhat/linux/rawhide/SRPMS/SRPMS)
expect-5.32.2-67
gcc 3.4 20031018 (experimental) sparc64-linux
glibc-2.2.5-43sparc.1
glibc-kernheaders-2.4-8.9sparc (ftp://auroralinux.org/pub/aurora/corona/RPMS)
glibc64-2.2.5-43sparc.1
kernel-2.4.20-3.4sparc (ftp://auroralinux.org/pub/aurora/corona/RPMS)
tcl-8.3.3-67
LAST_UPDATED: Mon Oct 27 07:08:06 UTC 2003
Native configuration is sparc64-unknown-linux-gnu
=== g77 tests ===
Running target unix/-m32
=== g77 Summary for unix/-m32 ===
# of expected passes 1752
# of expected failures 1
# of untested testcases 1
# of unsupported tests 6
Running target unix/-fPIC
=== g77 Summary for unix/-fPIC ===
# of expected passes 1752
# of expected failures 1
# of untested testcases 1
# of unsupported tests 6
Running target unix
=== g77 Summary for unix ===
# of expected passes 1752
# of expected failures 1
# of untested testcases 1
# of unsupported tests 6
=== g77 Summary ===
# of expected passes 5256
# of expected failures 3
# of untested testcases 3
# of unsupported tests 18
/usr/local/src/gcc-binutils/trunk/objdir/gcc/testsuite/../g77 version 3.4 20031027 (experimental)
=== gcc tests ===
Running target unix/-m32
WARNING: program timed out.
FAIL: gcc.c-torture/compile/20001226-1.c (test for excess errors)
WARNING: program timed out.
FAIL: gcc.c-torture/compile/20001226-1.c (test for excess errors)
WARNING: program timed out.
FAIL: gcc.c-torture/compile/20001226-1.c (test for excess errors)
WARNING: program timed out.
FAIL: gcc.c-torture/compile/20001226-1.c (test for excess errors)
FAIL: gcc.c-torture/execute/20030125-1.c execution, -O1
FAIL: gcc.c-torture/execute/20030125-1.c execution, -O2
FAIL: gcc.c-torture/execute/20030125-1.c execution, -O3 -fomit-frame-pointer
FAIL: gcc.c-torture/execute/20030125-1.c execution, -O3 -g
FAIL: gcc.c-torture/execute/20030125-1.c execution, -Os
FAIL: gcc.c-torture/execute/20030307-1.c execution, -O2
FAIL: gcc.c-torture/execute/20030307-1.c execution, -Os
FAIL: gcc.c-torture/execute/simd-4.c compilation, -O0
UNRESOLVED: gcc.c-torture/execute/simd-4.c execution, -O0
FAIL: gcc.c-torture/execute/strncmp-1.c execution, -O0
FAIL: gcc.c-torture/execute/strncmp-1.c execution, -O1
FAIL: gcc.c-torture/execute/strncmp-1.c execution, -O2
FAIL: gcc.c-torture/execute/strncmp-1.c execution, -O3 -fomit-frame-pointer
FAIL: gcc.c-torture/execute/strncmp-1.c execution, -O3 -fomit-frame-pointer -funroll-loops
FAIL: gcc.c-torture/execute/strncmp-1.c execution, -O3 -fomit-frame-pointer -funroll-all-loops -finline-functions
FAIL: gcc.c-torture/execute/strncmp-1.c execution, -O3 -g
FAIL: gcc.c-torture/execute/strncmp-1.c execution, -Os
FAIL: gcc.c-torture/execute/va-arg-25.c compilation, -O0
UNRESOLVED: gcc.c-torture/execute/va-arg-25.c execution, -O0
FAIL: gcc.c-torture/execute/va-arg-25.c compilation, -O1
UNRESOLVED: gcc.c-torture/execute/va-arg-25.c execution, -O1
FAIL: gcc.c-torture/execute/va-arg-25.c compilation, -O2
UNRESOLVED: gcc.c-torture/execute/va-arg-25.c execution, -O2
FAIL: gcc.c-torture/execute/va-arg-25.c compilation, -O3 -fomit-frame-pointer
UNRESOLVED: gcc.c-torture/execute/va-arg-25.c execution, -O3 -fomit-frame-pointer
FAIL: gcc.c-torture/execute/va-arg-25.c compilation, -O3 -g
UNRESOLVED: gcc.c-torture/execute/va-arg-25.c execution, -O3 -g
FAIL: gcc.c-torture/execute/va-arg-25.c compilation, -Os
UNRESOLVED: gcc.c-torture/execute/va-arg-25.c execution, -Os
UNRESOLVED: gcc.c-torture/execute/wchar_t-1.c execution, -O0
UNRESOLVED: gcc.c-torture/execute/wchar_t-1.c execution, -O1
UNRESOLVED: gcc.c-torture/execute/wchar_t-1.c execution, -O2
UNRESOLVED: gcc.c-torture/execute/wchar_t-1.c execution, -O3 -fomit-frame-pointer
UNRESOLVED: gcc.c-torture/execute/wchar_t-1.c execution, -O3 -g
UNRESOLVED: gcc.c-torture/execute/wchar_t-1.c execution, -Os
FAIL: gcc.dg/compat/vector-1 c_compat_x_tst.o compile
FAIL: gcc.dg/compat/vector-1 c_compat_y_tst.o compile
UNRESOLVED: gcc.dg/compat/vector-1 c_compat_x_tst.o-c_compat_y_tst.o link
UNRESOLVED: gcc.dg/compat/vector-1 c_compat_x_tst.o-c_compat_y_tst.o execute
FAIL: gcc.dg/compat/vector-2 c_compat_x_tst.o compile
FAIL: gcc.dg/compat/vector-2 c_compat_y_tst.o compile
UNRESOLVED: gcc.dg/compat/vector-2 c_compat_x_tst.o-c_compat_y_tst.o link
UNRESOLVED: gcc.dg/compat/vector-2 c_compat_x_tst.o-c_compat_y_tst.o execute
FAIL: gcc.dg/debug/debug-1.c scan-assembler xyzzy
FAIL: gcc.dg/debug/debug-1.c scan-assembler xyzzy
FAIL: gcc.dg/debug/debug-1.c scan-assembler xyzzy
FAIL: gcc.dg/debug/debug-1.c scan-assembler xyzzy
FAIL: gcc.dg/debug/debug-2.c scan-assembler xyzzy
FAIL: gcc.dg/debug/debug-2.c scan-assembler xyzzy
FAIL: gcc.dg/debug/debug-2.c scan-assembler xyzzy
FAIL: gcc.dg/debug/debug-2.c scan-assembler xyzzy
FAIL: gcc.dg/builtins-20.c (test for excess errors)
FAIL: gcc.dg/ultrasp2.c (test for excess errors)
FAIL: gcc.dg/ultrasp4.c (test for excess errors)
FAIL: gcc.dg/ultrasp8.c (test for excess errors)
XPASS: gcc.dg/uninit-4.c uninitialized variable warning (test for bogus messages, line 26)
=== gcc Summary for unix/-m32 ===
# of expected passes 23526
# of unexpected failures 42
# of unexpected successes 1
# of expected failures 79
# of unresolved testcases 17
# of untested testcases 7
# of unsupported tests 263
Running target unix/-fPIC
WARNING: program timed out.
FAIL: gcc.c-torture/compile/20001226-1.c (test for excess errors)
WARNING: program timed out.
FAIL: gcc.c-torture/compile/20001226-1.c (test for excess errors)
WARNING: program timed out.
FAIL: gcc.c-torture/compile/20001226-1.c (test for excess errors)
WARNING: program timed out.
FAIL: gcc.c-torture/compile/20001226-1.c (test for excess errors)
XPASS: gcc.c-torture/compile/simd-5.c (test for excess errors)
XPASS: gcc.c-torture/compile/simd-5.c (test for excess errors)
XPASS: gcc.c-torture/compile/simd-5.c (test for excess errors)
XPASS: gcc.c-torture/compile/simd-5.c (test for excess errors)
FAIL: gcc.c-torture/execute/20020720-1.c compilation, -O1
UNRESOLVED: gcc.c-torture/execute/20020720-1.c execution, -O1
FAIL: gcc.c-torture/execute/20020720-1.c compilation, -O2
UNRESOLVED: gcc.c-torture/execute/20020720-1.c execution, -O2
FAIL: gcc.c-torture/execute/20020720-1.c compilation, -O3 -fomit-frame-pointer
UNRESOLVED: gcc.c-torture/execute/20020720-1.c execution, -O3 -fomit-frame-pointer
FAIL: gcc.c-torture/execute/20020720-1.c compilation, -O3 -g
UNRESOLVED: gcc.c-torture/execute/20020720-1.c execution, -O3 -g
FAIL: gcc.c-torture/execute/20020720-1.c compilation, -Os
UNRESOLVED: gcc.c-torture/execute/20020720-1.c execution, -Os
FAIL: gcc.c-torture/execute/20030125-1.c execution, -O1
FAIL: gcc.c-torture/execute/20030125-1.c execution, -O2
FAIL: gcc.c-torture/execute/20030125-1.c execution, -O3 -fomit-frame-pointer
FAIL: gcc.c-torture/execute/20030125-1.c execution, -O3 -g
FAIL: gcc.c-torture/execute/20030125-1.c execution, -Os
FAIL: gcc.c-torture/execute/conversion.c execution, -O0
FAIL: gcc.c-torture/execute/conversion.c execution, -O1
FAIL: gcc.c-torture/execute/conversion.c execution, -O2
FAIL: gcc.c-torture/execute/conversion.c execution, -O3 -fomit-frame-pointer
FAIL: gcc.c-torture/execute/conversion.c execution, -O3 -g
FAIL: gcc.c-torture/execute/conversion.c execution, -Os
FAIL: gcc.c-torture/execute/simd-4.c compilation, -O0
UNRESOLVED: gcc.c-torture/execute/simd-4.c execution, -O0
FAIL: gcc.c-torture/execute/strncmp-1.c execution, -O0
FAIL: gcc.c-torture/execute/strncmp-1.c execution, -O1
FAIL: gcc.c-torture/execute/strncmp-1.c execution, -O2
FAIL: gcc.c-torture/execute/strncmp-1.c execution, -O3 -fomit-frame-pointer
FAIL: gcc.c-torture/execute/strncmp-1.c execution, -O3 -fomit-frame-pointer -funroll-loops
FAIL: gcc.c-torture/execute/strncmp-1.c execution, -O3 -fomit-frame-pointer -funroll-all-loops -finline-functions
FAIL: gcc.c-torture/execute/strncmp-1.c execution, -O3 -g
FAIL: gcc.c-torture/execute/strncmp-1.c execution, -Os
FAIL: gcc.c-torture/execute/va-arg-25.c compilation, -O0
UNRESOLVED: gcc.c-torture/execute/va-arg-25.c execution, -O0
FAIL: gcc.c-torture/execute/va-arg-25.c compilation, -O1
UNRESOLVED: gcc.c-torture/execute/va-arg-25.c execution, -O1
FAIL: gcc.c-torture/execute/va-arg-25.c compilation, -O2
UNRESOLVED: gcc.c-torture/execute/va-arg-25.c execution, -O2
FAIL: gcc.c-torture/execute/va-arg-25.c compilation, -O3 -fomit-frame-pointer
UNRESOLVED: gcc.c-torture/execute/va-arg-25.c execution, -O3 -fomit-frame-pointer
FAIL: gcc.c-torture/execute/va-arg-25.c compilation, -O3 -g
UNRESOLVED: gcc.c-torture/execute/va-arg-25.c execution, -O3 -g
FAIL: gcc.c-torture/execute/va-arg-25.c compilation, -Os
UNRESOLVED: gcc.c-torture/execute/va-arg-25.c execution, -Os
UNRESOLVED: gcc.c-torture/execute/wchar_t-1.c execution, -O0
UNRESOLVED: gcc.c-torture/execute/wchar_t-1.c execution, -O1
UNRESOLVED: gcc.c-torture/execute/wchar_t-1.c execution, -O2
UNRESOLVED: gcc.c-torture/execute/wchar_t-1.c execution, -O3 -fomit-frame-pointer
UNRESOLVED: gcc.c-torture/execute/wchar_t-1.c execution, -O3 -g
UNRESOLVED: gcc.c-torture/execute/wchar_t-1.c execution, -Os
FAIL: gcc.dg/compat/scalar-by-value-3 c_compat_x_tst.o-c_compat_y_tst.o execute
FAIL: gcc.dg/compat/scalar-return-3 c_compat_x_tst.o-c_compat_y_tst.o execute
FAIL: gcc.dg/compat/vector-1 c_compat_x_tst.o compile
FAIL: gcc.dg/compat/vector-1 c_compat_y_tst.o compile
UNRESOLVED: gcc.dg/compat/vector-1 c_compat_x_tst.o-c_compat_y_tst.o link
UNRESOLVED: gcc.dg/compat/vector-1 c_compat_x_tst.o-c_compat_y_tst.o execute
FAIL: gcc.dg/compat/vector-2 c_compat_x_tst.o compile
FAIL: gcc.dg/compat/vector-2 c_compat_y_tst.o compile
UNRESOLVED: gcc.dg/compat/vector-2 c_compat_x_tst.o-c_compat_y_tst.o link
UNRESOLVED: gcc.dg/compat/vector-2 c_compat_x_tst.o-c_compat_y_tst.o execute
FAIL: gcc.dg/debug/debug-1.c scan-assembler xyzzy
FAIL: gcc.dg/debug/debug-1.c scan-assembler xyzzy
FAIL: gcc.dg/debug/debug-1.c scan-assembler xyzzy
FAIL: gcc.dg/debug/debug-1.c scan-assembler xyzzy
FAIL: gcc.dg/debug/debug-1.c scan-assembler xyzzy
FAIL: gcc.dg/debug/debug-1.c scan-assembler xyzzy
FAIL: gcc.dg/debug/debug-1.c scan-assembler xyzzy
FAIL: gcc.dg/debug/debug-1.c scan-assembler xyzzy
FAIL: gcc.dg/debug/debug-2.c scan-assembler xyzzy
FAIL: gcc.dg/debug/debug-2.c scan-assembler xyzzy
FAIL: gcc.dg/debug/debug-2.c scan-assembler xyzzy
FAIL: gcc.dg/debug/debug-2.c scan-assembler xyzzy
FAIL: gcc.dg/debug/debug-2.c scan-assembler xyzzy
FAIL: gcc.dg/debug/debug-2.c scan-assembler xyzzy
FAIL: gcc.dg/debug/debug-2.c scan-assembler xyzzy
FAIL: gcc.dg/debug/debug-2.c scan-assembler xyzzy
FAIL: gcc.dg/20021014-1.c execution test
FAIL: gcc.dg/builtins-18.c (test for excess errors)
FAIL: gcc.dg/builtins-20.c (test for excess errors)
FAIL: gcc.dg/nest.c execution test
XPASS: gcc.dg/uninit-4.c uninitialized variable warning (test for bogus messages, line 26)
FAIL: gcc.dg/pch/static-1.c -O0 -g assembly comparison
FAIL: gcc.dg/pch/static-1.c -O0 assembly comparison
FAIL: gcc.dg/pch/static-1.c -O1 assembly comparison
FAIL: gcc.dg/pch/static-2.c -O0 -g assembly comparison
FAIL: gcc.dg/pch/static-2.c -O0 assembly comparison
FAIL: gcc.dg/pch/static-2.c -O1 assembly comparison
FAIL: gcc.dg/pch/static-3.c -O0 -g assembly comparison
FAIL: gcc.dg/pch/static-3.c -O0 assembly comparison
FAIL: gcc.dg/pch/static-3.c -O1 assembly comparison
FAIL: gcc.dg/tls/alias-1.c (test for excess errors)
FAIL: gcc.dg/tls/opt-2.c (test for excess errors)
FAIL: linkage.c
=== gcc Summary for unix/-fPIC ===
# of expected passes 23480
# of unexpected failures 73
# of unexpected successes 5
# of expected failures 85
# of unresolved testcases 22
# of untested testcases 7
# of unsupported tests 263
Running target unix
WARNING: program timed out.
FAIL: gcc.c-torture/compile/20001226-1.c (test for excess errors)
WARNING: program timed out.
FAIL: gcc.c-torture/compile/20001226-1.c (test for excess errors)
WARNING: program timed out.
FAIL: gcc.c-torture/compile/20001226-1.c (test for excess errors)
WARNING: program timed out.
FAIL: gcc.c-torture/compile/20001226-1.c (test for excess errors)
XPASS: gcc.c-torture/compile/simd-5.c (test for excess errors)
XPASS: gcc.c-torture/compile/simd-5.c (test for excess errors)
XPASS: gcc.c-torture/compile/simd-5.c (test for excess errors)
XPASS: gcc.c-torture/compile/simd-5.c (test for excess errors)
FAIL: gcc.c-torture/execute/20030125-1.c execution, -O1
FAIL: gcc.c-torture/execute/20030125-1.c execution, -O2
FAIL: gcc.c-torture/execute/20030125-1.c execution, -O3 -fomit-frame-pointer
FAIL: gcc.c-torture/execute/20030125-1.c execution, -O3 -g
FAIL: gcc.c-torture/execute/20030125-1.c execution, -Os
FAIL: gcc.c-torture/execute/conversion.c execution, -O0
FAIL: gcc.c-torture/execute/conversion.c execution, -O1
FAIL: gcc.c-torture/execute/conversion.c execution, -O2
FAIL: gcc.c-torture/execute/conversion.c execution, -Os
FAIL: gcc.c-torture/execute/simd-4.c compilation, -O0
UNRESOLVED: gcc.c-torture/execute/simd-4.c execution, -O0
FAIL: gcc.c-torture/execute/strncmp-1.c execution, -O0
FAIL: gcc.c-torture/execute/strncmp-1.c execution, -O1
FAIL: gcc.c-torture/execute/strncmp-1.c execution, -O2
FAIL: gcc.c-torture/execute/strncmp-1.c execution, -O3 -fomit-frame-pointer
FAIL: gcc.c-torture/execute/strncmp-1.c execution, -O3 -fomit-frame-pointer -funroll-loops
FAIL: gcc.c-torture/execute/strncmp-1.c execution, -O3 -fomit-frame-pointer -funroll-all-loops -finline-functions
FAIL: gcc.c-torture/execute/strncmp-1.c execution, -O3 -g
FAIL: gcc.c-torture/execute/strncmp-1.c execution, -Os
FAIL: gcc.c-torture/execute/va-arg-25.c compilation, -O0
UNRESOLVED: gcc.c-torture/execute/va-arg-25.c execution, -O0
FAIL: gcc.c-torture/execute/va-arg-25.c compilation, -O1
UNRESOLVED: gcc.c-torture/execute/va-arg-25.c execution, -O1
FAIL: gcc.c-torture/execute/va-arg-25.c compilation, -O2
UNRESOLVED: gcc.c-torture/execute/va-arg-25.c execution, -O2
FAIL: gcc.c-torture/execute/va-arg-25.c compilation, -O3 -fomit-frame-pointer
UNRESOLVED: gcc.c-torture/execute/va-arg-25.c execution, -O3 -fomit-frame-pointer
FAIL: gcc.c-torture/execute/va-arg-25.c compilation, -O3 -g
UNRESOLVED: gcc.c-torture/execute/va-arg-25.c execution, -O3 -g
FAIL: gcc.c-torture/execute/va-arg-25.c compilation, -Os
UNRESOLVED: gcc.c-torture/execute/va-arg-25.c execution, -Os
UNRESOLVED: gcc.c-torture/execute/wchar_t-1.c execution, -O0
UNRESOLVED: gcc.c-torture/execute/wchar_t-1.c execution, -O1
UNRESOLVED: gcc.c-torture/execute/wchar_t-1.c execution, -O2
UNRESOLVED: gcc.c-torture/execute/wchar_t-1.c execution, -O3 -fomit-frame-pointer
UNRESOLVED: gcc.c-torture/execute/wchar_t-1.c execution, -O3 -g
UNRESOLVED: gcc.c-torture/execute/wchar_t-1.c execution, -Os
FAIL: gcc.dg/compat/scalar-by-value-3 c_compat_x_tst.o-c_compat_y_tst.o execute
FAIL: gcc.dg/compat/scalar-return-3 c_compat_x_tst.o-c_compat_y_tst.o execute
FAIL: gcc.dg/compat/vector-1 c_compat_x_tst.o compile
FAIL: gcc.dg/compat/vector-1 c_compat_y_tst.o compile
UNRESOLVED: gcc.dg/compat/vector-1 c_compat_x_tst.o-c_compat_y_tst.o link
UNRESOLVED: gcc.dg/compat/vector-1 c_compat_x_tst.o-c_compat_y_tst.o execute
FAIL: gcc.dg/compat/vector-2 c_compat_x_tst.o compile
FAIL: gcc.dg/compat/vector-2 c_compat_y_tst.o compile
UNRESOLVED: gcc.dg/compat/vector-2 c_compat_x_tst.o-c_compat_y_tst.o link
UNRESOLVED: gcc.dg/compat/vector-2 c_compat_x_tst.o-c_compat_y_tst.o execute
FAIL: gcc.dg/debug/debug-1.c scan-assembler xyzzy
FAIL: gcc.dg/debug/debug-1.c scan-assembler xyzzy
FAIL: gcc.dg/debug/debug-1.c scan-assembler xyzzy
FAIL: gcc.dg/debug/debug-1.c scan-assembler xyzzy
FAIL: gcc.dg/debug/debug-1.c scan-assembler xyzzy
FAIL: gcc.dg/debug/debug-1.c scan-assembler xyzzy
FAIL: gcc.dg/debug/debug-1.c scan-assembler xyzzy
FAIL: gcc.dg/debug/debug-1.c scan-assembler xyzzy
FAIL: gcc.dg/debug/debug-2.c scan-assembler xyzzy
FAIL: gcc.dg/debug/debug-2.c scan-assembler xyzzy
FAIL: gcc.dg/debug/debug-2.c scan-assembler xyzzy
FAIL: gcc.dg/debug/debug-2.c scan-assembler xyzzy
FAIL: gcc.dg/debug/debug-2.c scan-assembler xyzzy
FAIL: gcc.dg/debug/debug-2.c scan-assembler xyzzy
FAIL: gcc.dg/debug/debug-2.c scan-assembler xyzzy
FAIL: gcc.dg/debug/debug-2.c scan-assembler xyzzy
FAIL: gcc.dg/20021014-1.c execution test
FAIL: gcc.dg/builtins-18.c (test for excess errors)
FAIL: gcc.dg/builtins-20.c (test for excess errors)
FAIL: gcc.dg/nest.c execution test
XPASS: gcc.dg/uninit-4.c uninitialized variable warning (test for bogus messages, line 26)
FAIL: gcc.dg/pch/static-1.c -O0 -g assembly comparison
FAIL: gcc.dg/pch/static-1.c -O0 assembly comparison
FAIL: gcc.dg/pch/static-1.c -O1 assembly comparison
FAIL: gcc.dg/pch/static-2.c -O0 -g assembly comparison
FAIL: gcc.dg/pch/static-2.c -O0 assembly comparison
FAIL: gcc.dg/pch/static-2.c -O1 assembly comparison
FAIL: gcc.dg/pch/static-3.c -O0 -g assembly comparison
FAIL: gcc.dg/pch/static-3.c -O0 assembly comparison
FAIL: gcc.dg/pch/static-3.c -O1 assembly comparison
FAIL: gcc.dg/tls/alias-1.c (test for excess errors)
FAIL: gcc.dg/tls/opt-2.c (test for excess errors)
FAIL: linkage.c
=== gcc Summary for unix ===
# of expected passes 23492
# of unexpected failures 66
# of unexpected successes 5
# of expected failures 85
# of unresolved testcases 17
# of untested testcases 7
# of unsupported tests 263
=== gcc Summary ===
# of expected passes 70498
# of unexpected failures 181
# of unexpected successes 11
# of expected failures 249
# of unresolved testcases 56
# of untested testcases 21
# of unsupported tests 789
/usr/local/src/gcc-binutils/trunk/objdir/gcc/xgcc version 3.4 20031027 (experimental)
=== g++ tests ===
Running target unix/-m32
WARNING: program timed out.
FAIL: g++.dg/eh/cleanup1.C (test for excess errors)
FAIL: g++.dg/eh/simd-1.C (test for excess errors)
WARNING: g++.dg/eh/simd-1.C compilation failed to produce executable
FAIL: g++.dg/eh/simd-2.C (test for excess errors)
WARNING: g++.dg/eh/simd-2.C compilation failed to produce executable
XPASS: g++.dg/ext/lvalue1.C not an lvalue (test for errors, line 7)
FAIL: g++.dg/ext/pretty1.C scan-assembler top level
FAIL: g++.dg/ext/pretty2.C (test for excess errors)
WARNING: g++.dg/ext/pretty2.C compilation failed to produce executable
FAIL: g++.dg/parse/crash10.C (test for errors, line 14)
FAIL: g++.dg/parse/stack1.C (test for excess errors)
XPASS: g++.dg/warn/Wunused-2.C (test for warnings, line 5)
WARNING: g++.old-deja/g++.mike/p10769a.C compilation failed to produce executable
WARNING: g++.old-deja/g++.other/enum5.C compilation failed to produce executable
XPASS: g++.old-deja/g++.other/init5.C execution test
WARNING: g++.old-deja/g++.pt/friend44.C compilation failed to produce executable
FAIL: g++.old-deja/g++.pt/vaarg3.C (test for excess errors)
=== g++ Summary for unix/-m32 ===
# of expected passes 9024
# of unexpected failures 8
# of unexpected successes 3
# of expected failures 60
# of unsupported tests 61
Running target unix/-fPIC
WARNING: program timed out.
FAIL: g++.dg/eh/cleanup1.C (test for excess errors)
FAIL: g++.dg/eh/simd-1.C (test for excess errors)
WARNING: g++.dg/eh/simd-1.C compilation failed to produce executable
FAIL: g++.dg/eh/simd-2.C (test for excess errors)
WARNING: g++.dg/eh/simd-2.C compilation failed to produce executable
XPASS: g++.dg/ext/lvalue1.C not an lvalue (test for errors, line 7)
FAIL: g++.dg/ext/pretty1.C scan-assembler top level
FAIL: g++.dg/ext/pretty2.C (test for excess errors)
WARNING: g++.dg/ext/pretty2.C compilation failed to produce executable
FAIL: g++.dg/parse/crash10.C (test for errors, line 14)
FAIL: g++.dg/parse/stack1.C (test for excess errors)
XPASS: g++.dg/warn/Wunused-2.C (test for warnings, line 5)
FAIL: g++.old-deja/g++.law/profile1.C execution test
WARNING: g++.old-deja/g++.mike/p10769a.C compilation failed to produce executable
FAIL: g++.old-deja/g++.other/crash34.C (test for excess errors)
WARNING: g++.old-deja/g++.other/enum5.C compilation failed to produce executable
XPASS: g++.old-deja/g++.other/init5.C execution test
WARNING: g++.old-deja/g++.pt/friend44.C compilation failed to produce executable
FAIL: g++.old-deja/g++.pt/vaarg3.C (test for excess errors)
=== g++ Summary for unix/-fPIC ===
# of expected passes 9022
# of unexpected failures 10
# of unexpected successes 3
# of expected failures 60
# of unsupported tests 61
Running target unix
FAIL: g++.dg/eh/simd-1.C (test for excess errors)
WARNING: g++.dg/eh/simd-1.C compilation failed to produce executable
FAIL: g++.dg/eh/simd-2.C (test for excess errors)
WARNING: g++.dg/eh/simd-2.C compilation failed to produce executable
XPASS: g++.dg/ext/lvalue1.C not an lvalue (test for errors, line 7)
FAIL: g++.dg/ext/pretty1.C scan-assembler top level
FAIL: g++.dg/ext/pretty2.C (test for excess errors)
WARNING: g++.dg/ext/pretty2.C compilation failed to produce executable
FAIL: g++.dg/parse/crash10.C (test for errors, line 14)
FAIL: g++.dg/parse/stack1.C (test for excess errors)
XPASS: g++.dg/warn/Wunused-2.C (test for warnings, line 5)
FAIL: g++.old-deja/g++.law/profile1.C execution test
WARNING: g++.old-deja/g++.mike/p10769a.C compilation failed to produce executable
FAIL: g++.old-deja/g++.other/crash34.C (test for excess errors)
WARNING: g++.old-deja/g++.other/enum5.C compilation failed to produce executable
XPASS: g++.old-deja/g++.other/init5.C execution test
WARNING: g++.old-deja/g++.pt/friend44.C compilation failed to produce executable
FAIL: g++.old-deja/g++.pt/vaarg3.C (test for excess errors)
=== g++ Summary for unix ===
# of expected passes 9023
# of unexpected failures 9
# of unexpected successes 3
# of expected failures 60
# of unsupported tests 61
=== g++ Summary ===
# of expected passes 27069
# of unexpected failures 27
# of unexpected successes 9
# of expected failures 180
# of unsupported tests 183
/usr/local/src/gcc-binutils/trunk/objdir/gcc/testsuite/../g++ version 3.4 20031027 (experimental)
=== objc tests ===
Running target unix/-m32
=== objc Summary for unix/-m32 ===
# of expected passes 1337
# of unsupported tests 7
Running target unix/-fPIC
FAIL: objc.dg/call-super-2.m (test for excess errors)
FAIL: objc.dg/desig-init-1.m (test for excess errors)
FAIL: objc.dg/encode-2.m execution test
FAIL: objc.dg/encode-3.m execution test
FAIL: objc.dg/proto-qual-1.m execution test
=== objc Summary for unix/-fPIC ===
# of expected passes 1332
# of unexpected failures 5
# of unsupported tests 7
Running target unix
FAIL: objc.dg/call-super-2.m (test for excess errors)
FAIL: objc.dg/desig-init-1.m (test for excess errors)
FAIL: objc.dg/encode-2.m execution test
FAIL: objc.dg/encode-3.m execution test
FAIL: objc.dg/proto-qual-1.m execution test
=== objc Summary for unix ===
# of expected passes 1332
# of unexpected failures 5
# of unsupported tests 7
=== objc Summary ===
# of expected passes 4001
# of unexpected failures 10
# of unsupported tests 21
/usr/local/src/gcc-binutils/trunk/objdir/gcc/xgcc version 3.4 20031027 (experimental)
=== treelang tests ===
Running target unix/-m32
=== treelang Summary for unix/-m32 ===
# of expected passes 1
Running target unix/-fPIC
=== treelang Summary for unix/-fPIC ===
Running target unix
=== treelang Summary for unix ===
=== treelang Summary ===
# of expected passes 1
=== libffi tests ===
Running target unix/-m32
FAIL: libffi.call/cls_12byte.c execution test
FAIL: libffi.call/cls_16byte.c execution test
FAIL: libffi.call/cls_1_1byte.c execution test
FAIL: libffi.call/cls_20byte.c execution test
FAIL: libffi.call/cls_24byte.c execution test
FAIL: libffi.call/cls_2byte.c execution test
FAIL: libffi.call/cls_3_1byte.c execution test
FAIL: libffi.call/cls_3byte1.c execution test
FAIL: libffi.call/cls_3byte2.c execution test
FAIL: libffi.call/cls_4_1byte.c execution test
FAIL: libffi.call/cls_4byte.c execution test
FAIL: libffi.call/cls_5byte.c execution test
FAIL: libffi.call/cls_6byte.c execution test
FAIL: libffi.call/cls_7byte.c execution test
FAIL: libffi.call/cls_8byte.c execution test
FAIL: libffi.call/nested_struct.c execution test
FAIL: libffi.call/nested_struct1.c execution test
FAIL: libffi.call/problem1.c execution test
FAIL: libffi.call/struct3.c execution test
=== libffi Summary for unix/-m32 ===
# of expected passes 88
# of unexpected failures 19
# of unsupported tests 2
Running target unix/-fPIC
FAIL: libffi.call/cls_12byte.c execution test
FAIL: libffi.call/cls_16byte.c execution test
FAIL: libffi.call/cls_1_1byte.c execution test
FAIL: libffi.call/cls_20byte.c execution test
FAIL: libffi.call/cls_24byte.c execution test
FAIL: libffi.call/cls_2byte.c execution test
FAIL: libffi.call/cls_3_1byte.c execution test
FAIL: libffi.call/cls_3byte1.c execution test
FAIL: libffi.call/cls_3byte2.c execution test
FAIL: libffi.call/cls_4_1byte.c execution test
FAIL: libffi.call/cls_4byte.c execution test
FAIL: libffi.call/cls_5byte.c execution test
FAIL: libffi.call/cls_6byte.c execution test
FAIL: libffi.call/cls_7byte.c execution test
FAIL: libffi.call/cls_8byte.c execution test
FAIL: libffi.call/nested_struct.c execution test
FAIL: libffi.call/nested_struct1.c execution test
FAIL: libffi.call/problem1.c execution test
FAIL: libffi.call/pyobjc-tc.c execution test
=== libffi Summary for unix/-fPIC ===
# of expected passes 88
# of unexpected failures 19
# of unsupported tests 2
Running target unix
FAIL: libffi.call/cls_12byte.c execution test
FAIL: libffi.call/cls_16byte.c execution test
FAIL: libffi.call/cls_1_1byte.c execution test
FAIL: libffi.call/cls_20byte.c execution test
FAIL: libffi.call/cls_24byte.c execution test
FAIL: libffi.call/cls_2byte.c execution test
FAIL: libffi.call/cls_3_1byte.c execution test
FAIL: libffi.call/cls_3byte1.c execution test
FAIL: libffi.call/cls_3byte2.c execution test
FAIL: libffi.call/cls_4_1byte.c execution test
FAIL: libffi.call/cls_4byte.c execution test
FAIL: libffi.call/cls_5byte.c execution test
FAIL: libffi.call/cls_6byte.c execution test
FAIL: libffi.call/cls_7byte.c execution test
FAIL: libffi.call/cls_8byte.c execution test
FAIL: libffi.call/nested_struct.c execution test
FAIL: libffi.call/nested_struct1.c execution test
FAIL: libffi.call/problem1.c execution test
FAIL: libffi.call/pyobjc-tc.c execution test
=== libffi Summary for unix ===
# of expected passes 88
# of unexpected failures 19
# of unsupported tests 2
=== libffi Summary ===
# of expected passes 264
# of unexpected failures 57
# of unsupported tests 6
=== libjava tests ===
Running target unix/-m32
FAIL: Thread_Interrupt -O3 output - bytecode->native test
FAIL: Thread_Sleep -O3 output - bytecode->native test
=== libjava Summary for unix/-m32 ===
# of expected passes 3203
# of unexpected failures 2
# of expected failures 10
# of untested testcases 8
Running target unix/-fPIC
FAIL: Array_3 execution - source compiled test
FAIL: Array_3 execution - gij test
FAIL: Array_3 execution - bytecode->native test
FAIL: Array_3 -O3 execution - source compiled test
FAIL: Array_3 execution - gij test
FAIL: Array_3 -O3 execution - bytecode->native test
FAIL: Invoke_1 execution - source compiled test
FAIL: Invoke_1 execution - bytecode->native test
FAIL: Invoke_1 -O3 execution - source compiled test
FAIL: Invoke_1 -O3 execution - bytecode->native test
FAIL: PR218 execution - gij test
FAIL: PR218 execution - gij test
=== libjava Summary for unix/-fPIC ===
# of expected passes 3181
# of unexpected failures 12
# of expected failures 10
# of untested testcases 20
Running target unix
FAIL: Array_3 execution - source compiled test
FAIL: Array_3 execution - gij test
FAIL: Array_3 execution - bytecode->native test
FAIL: Array_3 -O3 execution - source compiled test
FAIL: Array_3 execution - gij test
FAIL: Array_3 -O3 execution - bytecode->native test
FAIL: Invoke_1 execution - source compiled test
FAIL: Invoke_1 execution - bytecode->native test
FAIL: Invoke_1 -O3 execution - source compiled test
FAIL: Invoke_1 -O3 execution - bytecode->native test
FAIL: PR218 execution - gij test
FAIL: PR218 execution - gij test
=== libjava Summary for unix ===
# of expected passes 3181
# of unexpected failures 12
# of expected failures 10
# of untested testcases 20
=== libjava Summary ===
# of expected passes 9565
# of unexpected failures 26
# of expected failures 30
# of untested testcases 48
=== libstdc++ tests ===
Running target unix/-m32
FAIL: 22_locale/codecvt/encoding/wchar_t/wrapped_locale.cc execution test
FAIL: 22_locale/codecvt/max_length/wchar_t/wrapped_locale.cc execution test
WARNING: program timed out.
FAIL: 22_locale/ctype/scan/char/1.cc (test for excess errors)
WARNING: 22_locale/ctype/scan/char/1.cc compilation failed to produce executable
FAIL: 22_locale/ctype/widen/wchar_t/2.cc execution test
FAIL: 22_locale/messages/members/char/1.cc execution test
FAIL: 22_locale/messages/members/char/2.cc execution test
FAIL: 22_locale/messages/members/char/wrapped_env.cc execution test
FAIL: 22_locale/messages/members/char/wrapped_locale.cc execution test
FAIL: 22_locale/messages_byname/named_equivalence.cc execution test
WARNING: program timed out.
FAIL: 22_locale/money_get/get/char/wrapped_locale.cc (test for excess errors)
WARNING: 22_locale/money_get/get/char/wrapped_locale.cc compilation failed to produce executable
XPASS: 26_numerics/c99_classification_macros_c.cc (test for excess errors)
FAIL: 27_io/basic_filebuf/seekoff/wchar_t/1.cc execution test
FAIL: 27_io/basic_filebuf/seekoff/wchar_t/2.cc execution test
FAIL: 27_io/basic_filebuf/seekpos/wchar_t/9874.cc execution test
FAIL: 27_io/basic_filebuf/underflow/wchar_t/1.cc execution test
FAIL: 27_io/basic_filebuf/underflow/wchar_t/2.cc execution test
FAIL: 27_io/basic_filebuf/underflow/wchar_t/3.cc execution test
FAIL: 27_io/basic_filebuf/underflow/wchar_t/9520.cc execution test
WARNING: program timed out.
FAIL: thread/pthread5.cc execution test
=== libstdc++ Summary for unix/-m32 ===
# of expected passes 2175
# of unexpected failures 18
# of unexpected successes 1
# of expected failures 11
Running target unix/-fPIC
FAIL: 22_locale/codecvt/encoding/wchar_t/wrapped_locale.cc execution test
FAIL: 22_locale/codecvt/max_length/wchar_t/wrapped_locale.cc execution test
WARNING: program timed out.
FAIL: 22_locale/ctype/scan/char/1.cc (test for excess errors)
WARNING: 22_locale/ctype/scan/char/1.cc compilation failed to produce executable
WARNING: program timed out.
FAIL: 22_locale/ctype/scan/char/wrapped_env.cc (test for excess errors)
WARNING: 22_locale/ctype/scan/char/wrapped_env.cc compilation failed to produce executable
WARNING: program timed out.
FAIL: 22_locale/ctype/scan/char/wrapped_locale.cc (test for excess errors)
WARNING: 22_locale/ctype/scan/char/wrapped_locale.cc compilation failed to produce executable
FAIL: 22_locale/ctype/widen/wchar_t/2.cc execution test
FAIL: 22_locale/locale/cons/12438.cc execution test
FAIL: 22_locale/num_get/get/wchar_t/4.cc execution test
WARNING: program timed out.
FAIL: 26_numerics/complex_inserters_extractors.cc (test for excess errors)
WARNING: 26_numerics/complex_inserters_extractors.cc compilation failed to produce executable
FAIL: 27_io/basic_filebuf/seekoff/wchar_t/1.cc execution test
FAIL: 27_io/basic_filebuf/seekoff/wchar_t/2.cc execution test
FAIL: 27_io/basic_filebuf/seekpos/wchar_t/9874.cc execution test
FAIL: 27_io/basic_filebuf/underflow/wchar_t/1.cc execution test
FAIL: 27_io/basic_filebuf/underflow/wchar_t/2.cc execution test
FAIL: 27_io/basic_filebuf/underflow/wchar_t/3.cc execution test
FAIL: 27_io/basic_filebuf/underflow/wchar_t/9520.cc execution test
=== libstdc++ Summary for unix/-fPIC ===
# of expected passes 2175
# of unexpected failures 16
# of expected failures 12
Running target unix
FAIL: 22_locale/codecvt/encoding/wchar_t/wrapped_locale.cc execution test
FAIL: 22_locale/codecvt/max_length/wchar_t/wrapped_locale.cc execution test
WARNING: program timed out.
FAIL: 22_locale/ctype/scan/char/1.cc (test for excess errors)
WARNING: 22_locale/ctype/scan/char/1.cc compilation failed to produce executable
FAIL: 22_locale/ctype/widen/wchar_t/2.cc execution test
FAIL: 22_locale/locale/cons/12438.cc execution test
FAIL: 22_locale/num_get/get/wchar_t/4.cc execution test
XPASS: 26_numerics/c99_classification_macros_c.cc (test for excess errors)
WARNING: program timed out.
FAIL: 26_numerics/complex_inserters_extractors.cc (test for excess errors)
WARNING: 26_numerics/complex_inserters_extractors.cc compilation failed to produce executable
FAIL: 27_io/basic_filebuf/seekoff/wchar_t/1.cc execution test
FAIL: 27_io/basic_filebuf/seekoff/wchar_t/2.cc execution test
FAIL: 27_io/basic_filebuf/seekpos/wchar_t/9874.cc execution test
FAIL: 27_io/basic_filebuf/underflow/wchar_t/1.cc execution test
FAIL: 27_io/basic_filebuf/underflow/wchar_t/2.cc execution test
FAIL: 27_io/basic_filebuf/underflow/wchar_t/3.cc execution test
FAIL: 27_io/basic_filebuf/underflow/wchar_t/9520.cc execution test
=== libstdc++ Summary for unix ===
# of expected passes 2179
# of unexpected failures 14
# of unexpected successes 1
# of expected failures 11
=== libstdc++ Summary ===
# of expected passes 6529
# of unexpected failures 48
# of unexpected successes 2
# of expected failures 34
Compiler version: 3.4 20031027 (experimental)
Platform: sparc64-unknown-linux-gnu
configure flags: --prefix=/usr/local/gcc-binutils --enable-__cxa_atexit --enable-shared --enable-threads=posix --enable-languages=c,c++,f77,java,objc,treelang --with-system-zlib
Counting all warnings,
there are 199 warnings in stage0 of this bootstrap.
Number of warnings per file:
30 libiberty/regex.c
30 libiberty/concat.c
19 libjava/java/lang/mprec.c
12 libiberty/floatformat.c
9 ./java/lang/Integer.h
8 libjava/java/lang/strtod.c
8 libjava/java/lang/dtoa.c
7 include/xregex2.h
6 libjava/java/lang/natClassLoader.cc
6 libjava/java/lang/e_exp.c
6 libf2c/libI77/rsne.c
4 libobjc/linking.m
4 libffi/src/sparc/v8.S
4 <command line>
2 libobjc/sendmsg.c
2 libobjc/Protocol.m
2 libobjc/Object.m
2 libobjc/encoding.c
2 libjava/verify.cc
2 libjava/prims.cc
2 libjava/jni.cc
2 libjava/java/lang/natClass.cc
2 libjava/java/lang/e_rem_pio2.c
2 libjava/java/lang/e_asin.c
2 libjava/gnu/gcj/io/shs.cc
2 libjava/boehm.cc
2 libffi/src/sparc/v9.S
2 libf2c/libI77/open.c
2 libf2c/libI77/inquire.c
2 java/net/natNetworkInterface.cc
2 include/private/../gc_config_macros.h
2 include/java-signal.h
2 include/gc_config_macros.h
2 gcc/coretypes.h
2 gcc/boehm-gc/mark_rts.c
1 ./runtime-info.h
1 libffi/src/sparc/ffi.c
1 fastjar/jartool.c
1 configure
Number of warning types:
30 traditional C rejects ISO C style function definitions
24 signed and unsigned type in conditional expression
12 suggest parentheses around + or - inside shift
9 this is the location of the previous definition
9 this decimal constant is unsigned only in ISO C90
8 unused parameter 'fmt'
8 dereferencing type-punned pointer will break strict-aliasing rules
8 comparison between signed and unsigned integer expressions
7 ISO C90 does not support \`static' or type qualifiers in parameter array declarators
6 unused parameter 'preg'
6 unused parameter 'from'
4 suggest parentheses around assignment used as truth value
4 \`GC_LINUX_THREADS' redefined
4 cast from pointer to integer of different size
3 suggest parentheses around arithmetic in operand of |
3 \`STACKFRAME' redefined
2 'z' might be used uninitialized in this function
2 'x' might be used uninitialized in this function
2 'x0' might be used uninitialized in this function
2 'void __rt_sigreturn_stub()' defined but not used
2 'void byteReverse()' declared \`static' but never defined
2 unused parameter '_p'
2 unused parameter 'args_size'
2 't' might be used uninitialized in this function
2 'target_flags' defined but not used
2 'spec_case' might be used uninitialized in this function
2 \`rtx' redefined
2 'mlo' might be used uninitialized in this function
2 'lo' might be used uninitialized in this function
2 'k' might be used uninitialized in this function
2 'ilim' might be used uninitialized in this function
2 'ilim1' might be used uninitialized in this function
2 'hi' might be used uninitialized in this function
2 function returns address of local variable
2 'dn' might be used uninitialized in this function
2 'dn0' might be used uninitialized in this function
2 'delta' might be used uninitialized in this function
2 comparison between signed and unsigned
2 'bs' might be used uninitialized in this function
2 'bd' might be used uninitialized in this function
2 'bb' might be used uninitialized in this function
1 unused variable \`???'
1 'struct_forward_array' defined but not used
1 string length \`???' is greater than the length \`???' ISO C89 compilers are required to support
1
Counting all warnings,
there are 15 warnings in stage3 of this bootstrap.
Number of warnings per file:
4 gcc/crtstuff.c
3 gcc/gcc.c
2 /usr/share/bison/bison.simple
2 gcc/objc/lang-specs.h
2 gcc/f/sta.c
1 gcc/treelang/parse.y
1 gcc/java/jvspec.c
Number of warning types:
6 string length \`???' is greater than the length \`???' ISO C89 compilers are required to support
4 passing arg ??? of \`???' discards qualifiers from pointer target type
2 label \`???' defined but not used
2 dereferencing type-punned pointer will break strict-aliasing rules
1 'yytoknum' defined but not used
More information about the Gcc-testresults
mailing list