Results for [ssa] 3.5-tree-ssa20031027(merged20031017) testsuite on i686-pc-linux-gnu
Autocrasher
autocrasher@devphil.com
Mon Oct 27 15:00:00 GMT 2003
The configure/build/test log and libstdc++-v3 regression plots can be
found at http://www.devphil.com/build/
Host was specified as athlon_mp-pc-linux-gnu.
This particular run used standard (previously installed) binutils.
- The Autocrasher (Phil's Builder Bot, version 2.0)
LAST_UPDATED: Thu Jan 30 11:26:43 UTC 2003
Native configuration is i686-pc-linux-gnu
=== g++ tests ===
Running target unix
XPASS: g++.dg/ext/lvalue1.C not an lvalue (test for errors, line 7)
FAIL: g++.dg/ext/pretty1.C scan-assembler top level
FAIL: g++.dg/ext/pretty2.C (test for excess errors)
WARNING: g++.dg/ext/pretty2.C compilation failed to produce executable
WARNING: g++.dg/ext/stmtexpr1.C compilation failed to produce executable
FAIL: g++.dg/opt/nrv3.C execution test
WARNING: program timed out.
XPASS: g++.dg/warn/Wunused-2.C (test for warnings, line 5)
FAIL: 200:is 15:should be 11
FAIL: 202:is 23:should be 1
FAIL: 214:is 11:should be 3
FAIL: 201: expected branch percentages not found: 27 50
FAIL: 213: expected branch percentages not found: 9 10 11
FAIL: g++.dg/gcov/gcov-1.C gcov: 3 failures in line counts, 2 in branch percentages, 0 in return percentages
FAIL: 23:is 2:should be 1
FAIL: g++.dg/gcov/gcov-2.C gcov: 1 failures in line counts, 0 in branch percentages, 0 in return percentages
FAIL: g++.old-deja/g++.brendan/crash30.C (test for excess errors)
FAIL: g++.old-deja/g++.martin/sts_vectini.C execution test
WARNING: g++.old-deja/g++.mike/p10769a.C compilation failed to produce executable
WARNING: g++.old-deja/g++.other/enum5.C compilation failed to produce executable
XPASS: g++.old-deja/g++.other/init5.C execution test
WARNING: g++.old-deja/g++.pt/friend44.C compilation failed to produce executable
FAIL: g++.old-deja/g++.pt/vaarg3.C (test for excess errors)
=== g++ Summary ===
# of expected passes 9061
# of unexpected failures 14
# of unexpected successes 3
# of expected failures 61
# of unsupported tests 29
/mnt/build/build-2003-10-27-ssa/gcc/testsuite/../g++ version 3.5-tree-ssa 20031027 (merged 20031017)
=== libstdc++-v3 check-abi Summary ===
# of added symbols: 203
# of missing symbols: 216
# of incompatible symbols: 220
=== libstdc++ tests ===
Running target unix
=== libstdc++ Summary ===
Compiler version: 3.5-tree-ssa20031027(merged20031017)
Platform: i686-pc-linux-gnu
configure flags: --prefix=/mnt/build/install-2003-10-27-ssa --enable-threads=posix --enable-__cxa_atexit --enable-languages=c++ --with-dwarf2
More information about the Gcc-testresults
mailing list