Results for 3.3.2 gcc testsuite on i686-pc-linux-gnu

root root@Knoppix
Mon Oct 27 11:10:00 GMT 2003


LAST_UPDATED: 
Native configuration is i686-pc-linux-gnu

		=== gcc tests ===


Running target unix
WARNING: program timed out.
FAIL: gcc.c-torture/compile/20001226-1.c,  -O1  
WARNING: program timed out.
FAIL: gcc.c-torture/compile/20001226-1.c,  -O2  
WARNING: program timed out.
FAIL: gcc.c-torture/compile/20001226-1.c,  -O3 -fomit-frame-pointer  
WARNING: program timed out.
FAIL: gcc.c-torture/compile/20001226-1.c,  -O3 -g  
WARNING: program timed out.
FAIL: gcc.c-torture/compile/20001226-1.c,  -Os  
FAIL: gcc.dg/duff-2.c (test for excess errors)

		=== gcc Summary ===

# of expected passes		21657
# of unexpected failures	6
# of expected failures		69
# of unsupported tests		87
/mnt/hda1/home/src/gcc-build/gcc/xgcc version 3.3.2


Compiler version: 3.3.2 gcc 
Platform: i686-pc-linux-gnu
configure flags: --host=i686-pc-linux-gnu --prefix=/tools --with-local-prefix=/tools --enable-clocale=gnu --enable-shared --enable-threads=posix --enable-__cxa_atexit --enable-languages=c



More information about the Gcc-testresults mailing list