Results for 3.5-tree-ssa 20031025 (merged 20031017) testsuite on powerpc-unknown-linux-gnu
Toon Moene
toon@moene.indiv.nluug.nl
Sat Oct 25 19:35:00 GMT 2003
LAST_UPDATED: Sat Oct 25 10:47:24 UTC 2003
Native configuration is powerpc-unknown-linux-gnu
=== g++ tests ===
Running target unix
WARNING: program timed out.
FAIL: g++.dg/eh/cleanup1.C (test for excess errors)
XPASS: g++.dg/ext/lvalue1.C not an lvalue (test for errors, line 7)
FAIL: g++.dg/ext/pretty1.C scan-assembler top level
FAIL: g++.dg/ext/pretty2.C (test for excess errors)
WARNING: g++.dg/ext/pretty2.C compilation failed to produce executable
WARNING: g++.dg/ext/stmtexpr1.C compilation failed to produce executable
FAIL: g++.dg/opt/inline4.C scan-assembler-not _Z1g
FAIL: g++.dg/opt/nrv3.C execution test
XPASS: g++.dg/other/packed1.C execution test
XPASS: g++.dg/warn/Wunused-2.C (test for warnings, line 5)
FAIL: 200:is 4:should be 11
FAIL: 202:is 12:should be 1
FAIL: 212:is -:should be 11
FAIL: 214:is 11:should be 3
FAIL: 201: expected branch percentages not found: 27 50
FAIL: 213: expected branch percentages not found: 9 10 11
FAIL: g++.dg/gcov/gcov-1.C gcov: 4 failures in line counts, 2 in branch percentages, 0 in return percentages
FAIL: 23:is 2:should be 1
FAIL: g++.dg/gcov/gcov-2.C gcov: 1 failures in line counts, 0 in branch percentages, 0 in return percentages
FAIL: g++.old-deja/g++.brendan/crash30.C (test for excess errors)
FAIL: g++.old-deja/g++.martin/sts_vectini.C execution test
WARNING: g++.old-deja/g++.mike/p10769a.C compilation failed to produce executable
WARNING: g++.old-deja/g++.other/enum5.C compilation failed to produce executable
WARNING: g++.old-deja/g++.pt/friend44.C compilation failed to produce executable
FAIL: g++.old-deja/g++.pt/vaarg3.C (test for excess errors)
=== g++ Summary ===
# of expected passes 8998
# of unexpected failures 17
# of unexpected successes 3
# of expected failures 62
# of unsupported tests 61
/home/toon/compilers/tree-ssa/obj/gcc/testsuite/../g++ version 3.5-tree-ssa 20031025 (merged 20031017)
=== g77 tests ===
Running target unix
FAIL: g77.f-torture/execute/labug1.f compilation, -O3 -fomit-frame-pointer
FAIL: g77.f-torture/execute/labug1.f compilation, -O3 -fomit-frame-pointer -funroll-loops
FAIL: g77.f-torture/execute/labug1.f compilation, -O3 -fomit-frame-pointer -funroll-all-loops -finline-functions
FAIL: g77.f-torture/execute/labug1.f compilation, -O3 -g
=== g77 Summary ===
# of expected passes 1744
# of unexpected failures 4
# of expected failures 1
# of untested testcases 5
# of unsupported tests 6
/home/toon/compilers/tree-ssa/obj/gcc/testsuite/../g77 version 3.5-tree-ssa 20031025 (merged 20031017)
=== gcc tests ===
Running target unix
FAIL: gcc.c-torture/execute/20000603-1.c execution, -O3 -fomit-frame-pointer
FAIL: gcc.c-torture/execute/20000603-1.c execution, -O3 -g
FAIL: gcc.c-torture/execute/20010403-1.c execution, -O3 -fomit-frame-pointer
FAIL: gcc.c-torture/execute/20010403-1.c execution, -O3 -g
FAIL: gcc.c-torture/execute/20030125-1.c execution, -O1
FAIL: gcc.c-torture/execute/20030125-1.c execution, -O2
FAIL: gcc.c-torture/execute/20030125-1.c execution, -O3 -fomit-frame-pointer
FAIL: gcc.c-torture/execute/20030125-1.c execution, -O3 -g
FAIL: gcc.c-torture/execute/20030125-1.c execution, -Os
XPASS: gcc.c-torture/execute/string-opt-18.c execution, -O0
XPASS: gcc.c-torture/execute/string-opt-18.c execution, -O1
XPASS: gcc.c-torture/execute/string-opt-18.c execution, -O2
XPASS: gcc.c-torture/execute/string-opt-18.c execution, -O3 -fomit-frame-pointer
XPASS: gcc.c-torture/execute/string-opt-18.c execution, -O3 -g
XPASS: gcc.c-torture/execute/string-opt-18.c execution, -Os
FAIL: gcc.c-torture/execute/string-opt-7.c execution, -O1
FAIL: gcc.c-torture/execute/string-opt-7.c execution, -O2
FAIL: gcc.c-torture/execute/string-opt-7.c execution, -O3 -fomit-frame-pointer
FAIL: gcc.c-torture/execute/string-opt-7.c execution, -O3 -g
FAIL: gcc.c-torture/execute/string-opt-7.c execution, -Os
FAIL: gcc.c-torture/execute/va-arg-25.c execution, -O0
FAIL: gcc.c-torture/execute/va-arg-25.c execution, -O1
FAIL: gcc.c-torture/execute/va-arg-25.c execution, -O2
FAIL: gcc.c-torture/execute/va-arg-25.c execution, -O3 -fomit-frame-pointer
FAIL: gcc.c-torture/execute/va-arg-25.c execution, -O3 -g
FAIL: gcc.c-torture/execute/va-arg-25.c execution, -Os
UNRESOLVED: gcc.c-torture/execute/wchar_t-1.c execution, -O0
UNRESOLVED: gcc.c-torture/execute/wchar_t-1.c execution, -O1
UNRESOLVED: gcc.c-torture/execute/wchar_t-1.c execution, -O2
UNRESOLVED: gcc.c-torture/execute/wchar_t-1.c execution, -O3 -fomit-frame-pointer
UNRESOLVED: gcc.c-torture/execute/wchar_t-1.c execution, -O3 -g
UNRESOLVED: gcc.c-torture/execute/wchar_t-1.c execution, -Os
FAIL: gcc.dg/compat/scalar-by-value-3 c_compat_x_tst.o-c_compat_y_tst.o execute
FAIL: gcc.dg/compat/scalar-return-3 c_compat_x_tst.o-c_compat_y_tst.o execute
FAIL: gcc.dg/20020103-1.c scan-assembler-not LC
FAIL: gcc.dg/20020118-1.c execution test
FAIL: gcc.dg/20020304-1.c (test for excess errors)
FAIL: gcc.dg/20030331-2.c (test for excess errors)
FAIL: gcc.dg/20030711-1.c execution test
FAIL: gcc.dg/Wunreachable-4.c (test for excess errors)
FAIL: gcc.dg/altivec-5.c (test for excess errors)
FAIL: gcc.dg/builtins-10.c (test for excess errors)
FAIL: gcc.dg/builtins-18.c (test for excess errors)
FAIL: gcc.dg/builtins-20.c (test for excess errors)
FAIL: gcc.dg/builtins-26.c (test for excess errors)
FAIL: gcc.dg/builtins-7.c (test for excess errors)
FAIL: gcc.dg/doloop-1.c scan-assembler-not blt
FAIL: gcc.dg/ppc-sdata-1.c scan-assembler sdat@sdarel\\(13\\)
FAIL: gcc.dg/ppc-sdata-1.c scan-assembler sdat2@sda21\\(2\\)
XPASS: gcc.dg/uninit-2.c uninitialized variable warning (test for bogus messages, line 28)
XPASS: gcc.dg/uninit-4.c uninitialized variable warning (test for bogus messages, line 26)
XPASS: gcc.dg/uninit-5.c uninitialized variable warning (test for bogus messages, line 13)
XPASS: gcc.dg/uninit-5.c uninitialized variable warning (test for bogus messages, line 27)
XPASS: gcc.dg/uninit-8.c uninitialized variable warning (test for bogus messages, line 14)
FAIL: gcc.dg/uninit-D.c (test for excess errors)
FAIL: gcc.dg/warn-1.c (test for warnings, line 8)
FAIL: gcc.dg/torture/builtin-explog-1.c (test for excess errors)
FAIL: gcc.dg/torture/builtin-explog-1.c (test for excess errors)
FAIL: gcc.dg/torture/builtin-explog-1.c (test for excess errors)
FAIL: gcc.dg/torture/builtin-explog-1.c (test for excess errors)
FAIL: gcc.dg/torture/builtin-explog-1.c (test for excess errors)
FAIL: gcc.dg/torture/builtin-explog-1.c (test for excess errors)
FAIL: gcc.dg/tree-ssa/20030703-2.c scan-tree-dump-times if 1
FAIL: gcc.dg/tree-ssa/20030708-1.c scan-tree-dump-times if 0
FAIL: gcc.dg/tree-ssa/20030714-2.c scan-tree-dump-times if 3
ERROR: gcc.dg/tree-ssa/20030730-1.c: error executing dg-final: no files matched glob pattern "20030730-1.c.t??.dom2"
UNRESOLVED: gcc.dg/tree-ssa/20030730-1.c: error executing dg-final: no files matched glob pattern "20030730-1.c.t??.dom2"
ERROR: gcc.dg/tree-ssa/20030730-2.c: error executing dg-final: no files matched glob pattern "20030730-2.c.t??.dom2"
UNRESOLVED: gcc.dg/tree-ssa/20030730-2.c: error executing dg-final: no files matched glob pattern "20030730-2.c.t??.dom2"
FAIL: gcc.dg/tree-ssa/20030731-1.c scan-tree-dump-times target.*!= 0 0
FAIL: gcc.dg/tree-ssa/20030807-3.c scan-tree-dump-times if 2
FAIL: gcc.dg/tree-ssa/20030807-4.c scan-tree-dump-times if 2
FAIL: gcc.dg/tree-ssa/20030807-7.c scan-tree-dump-times if 1
FAIL: gcc.dg/tree-ssa/20030808-1.c scan-tree-dump-times ->code 0
FAIL: gcc.dg/tree-ssa/20030808-1.c scan-tree-dump-times if 0
FAIL: gcc.dg/tree-ssa/20030814-6.c scan-tree-dump-times common.code 1
FAIL: gcc.dg/tree-ssa/20030824-2.c scan-tree-dump-times return y \\+ x 1
FAIL: gcc.dg/tree-ssa/20030922-1.c scan-tree-dump-times if 0
FAIL: gcc.dg/tree-ssa/20030922-2.c scan-tree-dump-times if 2
FAIL: gcc.dg/tree-ssa/ssa-ccp-2.c scan-tree-dump-times link_error 0
FAIL: gcc.dg/tree-ssa/ssa-ccp-3.c scan-tree-dump-times link_error 0
FAIL: gcc.dg/tree-ssa/ssa-ccp-4.c scan-tree-dump-times link_error 0
FAIL: gcc.dg/tree-ssa/ssa-ccp-5.c scan-tree-dump-times link_error 0
FAIL: gcc.dg/tree-ssa/ssa-ccp-6.c scan-tree-dump-times link_error 0
FAIL: gcc.dg/tree-ssa/ssa-ccp-8.c scan-tree-dump-times link_error 0
=== gcc Summary ===
# of expected passes 24568
# of unexpected failures 64
# of unexpected successes 11
# of expected failures 74
# of unresolved testcases 8
# of untested testcases 7
# of unsupported tests 255
/home/toon/compilers/tree-ssa/obj/gcc/xgcc version 3.5-tree-ssa 20031025 (merged 20031017)
=== gfortran tests ===
Running target unix
FAIL: gfortran.fortran-torture/execute/forall_3.f90 execution, -O0
FAIL: gfortran.fortran-torture/execute/forall_3.f90 execution, -O1
FAIL: gfortran.fortran-torture/execute/forall_3.f90 execution, -O2
FAIL: gfortran.fortran-torture/execute/forall_3.f90 execution, -O2 -fomit-frame-pointer -finline-functions
FAIL: gfortran.fortran-torture/execute/forall_3.f90 execution, -O2 -fomit-frame-pointer -finline-functions -funroll-loops
FAIL: gfortran.fortran-torture/execute/forall_3.f90 execution, -O2 -fomit-frame-pointer -finline-functions -funroll-all-loops
FAIL: gfortran.fortran-torture/execute/forall_3.f90 execution, -O2 -fno-repack-arrays
FAIL: gfortran.fortran-torture/execute/forall_3.f90 execution, -O2 -fg77-calls
FAIL: gfortran.fortran-torture/execute/forall_3.f90 execution, -O3 -g
FAIL: gfortran.fortran-torture/execute/forall_3.f90 execution, -Os
FAIL: gfortran.fortran-torture/execute/specifics.f90 execution, -O0
FAIL: gfortran.fortran-torture/execute/specifics.f90 execution, -O1
FAIL: gfortran.fortran-torture/execute/specifics.f90 execution, -O2
FAIL: gfortran.fortran-torture/execute/specifics.f90 execution, -O2 -fomit-frame-pointer -finline-functions
FAIL: gfortran.fortran-torture/execute/specifics.f90 execution, -O2 -fomit-frame-pointer -finline-functions -funroll-loops
FAIL: gfortran.fortran-torture/execute/specifics.f90 execution, -O2 -fomit-frame-pointer -finline-functions -funroll-all-loops
FAIL: gfortran.fortran-torture/execute/specifics.f90 execution, -O2 -fno-repack-arrays
FAIL: gfortran.fortran-torture/execute/specifics.f90 execution, -O2 -fg77-calls
FAIL: gfortran.fortran-torture/execute/specifics.f90 execution, -O3 -g
FAIL: gfortran.fortran-torture/execute/specifics.f90 execution, -Os
=== gfortran Summary ===
# of expected passes 2220
# of unexpected failures 20
/home/toon/compilers/tree-ssa/obj/gcc/testsuite/../gfortran version 3.5-tree-ssa 20031025 (merged 20031017)
=== objc tests ===
Running target unix
FAIL: objc.dg/encode-2.m execution test
FAIL: objc.dg/encode-3.m execution test
FAIL: objc.dg/encode-4.m execution test
=== objc Summary ===
# of expected passes 1334
# of unexpected failures 3
# of unsupported tests 7
/home/toon/compilers/tree-ssa/obj/gcc/xgcc version 3.5-tree-ssa 20031025 (merged 20031017)
=== libffi tests ===
Running target unix
=== libffi Summary ===
# of expected passes 125
# of unsupported tests 2
=== libjava tests ===
Running target unix
FAIL: ArrayStore execution - gij test
FAIL: ArrayStore execution - gij test
FAIL: ArrayStore2 execution - gij test
FAIL: ArrayStore2 execution - gij test
FAIL: ArrayStore2 -O3 output - bytecode->native test
FAIL: Array_1 execution - gij test
FAIL: Array_1 execution - gij test
FAIL: Array_1 -O3 output - bytecode->native test
FAIL: Array_2 execution - gij test
FAIL: Array_2 execution - gij test
FAIL: Array_2 -O3 output - bytecode->native test
FAIL: Array_3 execution - source compiled test
FAIL: Array_3 execution - gij test
FAIL: Array_3 execution - bytecode->native test
FAIL: Array_3 -O3 execution - source compiled test
FAIL: Array_3 execution - gij test
FAIL: Class_1 execution - gij test
FAIL: Class_1 execution - gij test
FAIL: Class_1 -O3 output - bytecode->native test
FAIL: CompareNaN execution - gij test
FAIL: CompareNaN execution - gij test
FAIL: CompareNaN -O3 output - bytecode->native test
FAIL: Divide_1 execution - gij test
FAIL: Divide_1 execution - gij test
FAIL: Divide_1 -O3 output - bytecode->native test
FAIL: EvaluationOrder execution - gij test
FAIL: EvaluationOrder execution - gij test
FAIL: EvaluationOrder -O3 output - bytecode->native test
FAIL: FileHandleGcTest execution - gij test
FAIL: FileHandleGcTest execution - gij test
FAIL: Final execution - gij test
FAIL: Final execution - gij test
FAIL: Final -O3 output - bytecode->native test
FAIL: Float_1 execution - gij test
FAIL: Float_1 execution - gij test
FAIL: Float_1 -O3 output - bytecode->native test
FAIL: G19990301_01 execution - gij test
FAIL: G19990301_01 execution - gij test
FAIL: G19990301_01 -O3 output - bytecode->native test
FAIL: G19990302_02 execution - gij test
FAIL: G19990302_02 execution - gij test
FAIL: G19990302_02 -O3 output - bytecode->native test
FAIL: G19990303_01 execution - gij test
FAIL: G19990303_01 execution - gij test
FAIL: G19990303_01 -O3 output - bytecode->native test
FAIL: G19990303_02 execution - gij test
FAIL: G19990303_02 execution - gij test
FAIL: G19990303_02 -O3 output - bytecode->native test
FAIL: G19990304_01 execution - gij test
FAIL: G19990304_01 execution - gij test
FAIL: G19990304_01 -O3 output - bytecode->native test
FAIL: G19990310_01 execution - gij test
FAIL: G19990310_01 execution - gij test
FAIL: G19990310_01 -O3 output - bytecode->native test
FAIL: II execution - gij test
FAIL: II execution - gij test
FAIL: II -O3 output - bytecode->native test
FAIL: InterfaceDispatch execution - gij test
FAIL: InterfaceDispatch execution - gij test
FAIL: InterfaceDispatch -O3 output - bytecode->native test
FAIL: InvokeReturn execution - gij test
FAIL: InvokeReturn execution - gij test
FAIL: InvokeReturn -O3 output - bytecode->native test
FAIL: Invoke_1 execution - source compiled test
FAIL: Invoke_1 execution - gij test
FAIL: Invoke_1 execution - bytecode->native test
FAIL: Invoke_1 -O3 execution - source compiled test
FAIL: Invoke_1 execution - gij test
FAIL: Invoke_1 -O3 output - bytecode->native test
FAIL: Invoke_2 execution - gij test
FAIL: Invoke_2 execution - gij test
FAIL: Invoke_2 -O3 output - bytecode->native test
FAIL: KeepInline execution - gij test
FAIL: KeepInline execution - gij test
FAIL: KeepInline -O3 output - bytecode->native test
FAIL: MathBuiltin execution - gij test
FAIL: MathBuiltin execution - gij test
FAIL: Matrix4f execution - gij test
FAIL: Matrix4f execution - gij test
FAIL: Matrix4f -O3 output - bytecode->native test
FAIL: N19990310_02 execution - gij test
FAIL: N19990310_02 execution - gij test
FAIL: N19990310_02 -O3 output - bytecode->native test
FAIL: N19990310_3 execution - gij test
FAIL: N19990310_3 execution - gij test
FAIL: N19990310_3 -O3 output - bytecode->native test
FAIL: N19990310_4 execution - gij test
FAIL: N19990310_4 execution - gij test
FAIL: N19990310_4 -O3 output - bytecode->native test
FAIL: N19990310_5 execution - gij test
FAIL: N19990310_5 execution - gij test
FAIL: N19990310_5 -O3 output - bytecode->native test
FAIL: Overflow execution - gij test
FAIL: Overflow execution - gij test
FAIL: PR12350 execution - gij test
FAIL: PR12350 execution - gij test
FAIL: PR12350 -O3 output - bytecode->native test
FAIL: PR141 execution - gij test
FAIL: PR141 output - bytecode->native test
FAIL: PR141 execution - gij test
FAIL: PR141 -O3 output - bytecode->native test
FAIL: PR160 execution - gij test
FAIL: PR160 execution - gij test
FAIL: PR160 -O3 output - bytecode->native test
FAIL: PR162 execution - gij test
FAIL: PR162 execution - gij test
FAIL: PR162 -O3 output - bytecode->native test
FAIL: PR218 execution - gij test
FAIL: PR218 execution - gij test
FAIL: PR218 -O3 output - bytecode->native test
FAIL: PR242 execution - gij test
FAIL: PR242 execution - gij test
FAIL: PR242 -O3 output - bytecode->native test
FAIL: PR260 execution - gij test
FAIL: PR260 execution - gij test
FAIL: PR260 -O3 output - bytecode->native test
FAIL: PR3096 execution - gij test
FAIL: PR3096 execution - gij test
FAIL: PR3096 -O3 output - bytecode->native test
FAIL: PR3731 execution - gij test
FAIL: PR3731 execution - gij test
FAIL: PR3731 -O3 output - bytecode->native test
FAIL: PR5057 execution - gij test
FAIL: PR5057 execution - gij test
FAIL: PR5057 -O3 output - bytecode->native test
FAIL: PR5057_2 execution - gij test
FAIL: PR5057_2 execution - gij test
FAIL: PR5057_2 -O3 output - bytecode->native test
FAIL: PR55 execution - gij test
FAIL: PR55 execution - gij test
FAIL: PR55 -O3 output - bytecode->native test
FAIL: PR56 execution - gij test
FAIL: PR56 execution - gij test
FAIL: PR6085 execution - gij test
FAIL: PR6085 execution - gij test
FAIL: PR6085 -O3 output - bytecode->native test
FAIL: PR6204 execution - gij test
FAIL: PR6204 execution - gij test
FAIL: PR6204 -O3 output - bytecode->native test
FAIL: PR6729 execution - gij test
FAIL: PR6729 execution - gij test
FAIL: PR6729 -O3 output - bytecode->native test
FAIL: PR6820 execution - gij test
FAIL: PR6820 execution - gij test
FAIL: PR6820 -O3 output - bytecode->native test
FAIL: PR7482 execution - gij test
FAIL: PR7482 execution - gij test
FAIL: Shazam execution - gij test
FAIL: Shazam execution - gij test
FAIL: Shazam -O3 output - bytecode->native test
FAIL: StaticConstructor execution - gij test
FAIL: StaticConstructor execution - gij test
FAIL: StaticConstructor -O3 output - bytecode->native test
FAIL: StringBuffer_1 execution - gij test
FAIL: StringBuffer_1 execution - gij test
FAIL: StringBuffer_1 -O3 output - bytecode->native test
FAIL: StringBuffer_overflow execution - gij test
FAIL: StringBuffer_overflow execution - gij test
FAIL: StringBuffer_overflow -O3 output - bytecode->native test
FAIL: String_overflow execution - gij test
FAIL: String_overflow execution - gij test
FAIL: String_overflow -O3 output - bytecode->native test
FAIL: SyncGlobal execution - gij test
FAIL: SyncGlobal execution - gij test
FAIL: SyncGlobal -O3 output - bytecode->native test
FAIL: SyncTest execution - gij test
FAIL: SyncTest execution - gij test
FAIL: SyncTest -O3 output - bytecode->native test
FAIL: Synch execution - gij test
FAIL: Synch execution - gij test
FAIL: Synch -O3 output - bytecode->native test
FAIL: TLtest execution - gij test
FAIL: TLtest execution - gij test
FAIL: TLtest -O3 output - bytecode->native test
FAIL: TestProxy execution - source compiled test
FAIL: TestProxy execution - gij test
FAIL: TestProxy execution - bytecode->native test
FAIL: TestProxy -O3 execution - source compiled test
FAIL: TestProxy execution - gij test
FAIL: TestProxy -O3 output - bytecode->native test
FAIL: Thread_Alive execution - gij test
FAIL: Thread_Alive execution - gij test
FAIL: Thread_Alive -O3 output - bytecode->native test
FAIL: Thread_Interrupt execution - gij test
FAIL: Thread_Interrupt execution - gij test
FAIL: Thread_Interrupt -O3 output - bytecode->native test
FAIL: Thread_Join execution - gij test
FAIL: Thread_Join execution - gij test
FAIL: Thread_Join -O3 output - bytecode->native test
FAIL: Thread_Monitor execution - gij test
FAIL: Thread_Monitor execution - gij test
FAIL: Thread_Monitor -O3 output - bytecode->native test
FAIL: Thread_Sleep execution - gij test
FAIL: Thread_Sleep execution - gij test
FAIL: Thread_Sleep -O3 output - bytecode->native test
FAIL: Thread_Wait execution - gij test
FAIL: Thread_Wait execution - gij test
FAIL: Thread_Wait -O3 output - bytecode->native test
FAIL: Thread_Wait_2 execution - gij test
FAIL: Thread_Wait_2 execution - gij test
FAIL: Thread_Wait_2 -O3 output - bytecode->native test
FAIL: Thread_Wait_Interrupt execution - gij test
FAIL: Thread_Wait_Interrupt execution - gij test
FAIL: Thread_Wait_Interrupt -O3 output - bytecode->native test
FAIL: Throw_1 execution - gij test
FAIL: Throw_1 execution - gij test
FAIL: Throw_2 execution - gij test
FAIL: Throw_2 execution - gij test
FAIL: Throw_2 -O3 output - bytecode->native test
FAIL: anfi execution - gij test
FAIL: anfi execution - gij test
FAIL: anfi -O3 output - bytecode->native test
FAIL: anon execution - gij test
FAIL: anon execution - gij test
FAIL: anon -O3 output - bytecode->native test
FAIL: anon2 execution - gij test
FAIL: anon2 execution - gij test
FAIL: anon2 -O3 output - bytecode->native test
FAIL: anon3 execution - gij test
FAIL: anon3 execution - gij test
FAIL: anon3 -O3 output - bytecode->native test
FAIL: anon4 execution - gij test
FAIL: anon4 execution - gij test
FAIL: anon4 -O3 output - bytecode->native test
FAIL: anon_ctor_itf_arg execution - gij test
FAIL: anon_ctor_itf_arg execution - gij test
FAIL: anon_ctor_itf_arg -O3 output - bytecode->native test
FAIL: anonarray execution - gij test
FAIL: anonarray execution - gij test
FAIL: anonarray -O3 output - bytecode->native test
FAIL: anonarray2 execution - gij test
FAIL: anonarray2 execution - gij test
FAIL: anonarray2 -O3 output - bytecode->native test
FAIL: anonarray3 execution - gij test
FAIL: anonarray3 execution - gij test
FAIL: anonarray3 -O3 output - bytecode->native test
FAIL: assign execution - gij test
FAIL: assign execution - gij test
FAIL: direct_read execution - gij test
FAIL: direct_read execution - gij test
FAIL: direct_read -O3 output - bytecode->native test
FAIL: direct_write execution - gij test
FAIL: direct_write execution - gij test
FAIL: direct_write -O3 output - bytecode->native test
FAIL: emptystring execution - gij test
FAIL: emptystring execution - gij test
FAIL: emptystring -O3 output - bytecode->native test
FAIL: err1 execution - gij test
FAIL: err1 execution - gij test
FAIL: err1 -O3 output - bytecode->native test
FAIL: err10 execution - gij test
FAIL: err10 execution - gij test
FAIL: err10 -O3 output - bytecode->native test
FAIL: err11 execution - gij test
FAIL: err11 execution - gij test
FAIL: err11 -O3 output - bytecode->native test
FAIL: err12 execution - gij test
FAIL: err12 execution - gij test
FAIL: err12 -O3 output - bytecode->native test
FAIL: err13 execution - gij test
FAIL: err13 execution - gij test
FAIL: err13 -O3 output - bytecode->native test
FAIL: err2 execution - gij test
FAIL: err2 execution - gij test
FAIL: err2 -O3 output - bytecode->native test
FAIL: err3 output - source compiled test
FAIL: err3 execution - gij test
FAIL: err3 -O3 output - source compiled test
FAIL: err3 execution - gij test
FAIL: err3 -O3 output - bytecode->native test
FAIL: err4 execution - gij test
FAIL: err4 execution - gij test
FAIL: err4 -O3 output - bytecode->native test
FAIL: err5 execution - gij test
FAIL: err5 execution - gij test
FAIL: err5 -O3 output - bytecode->native test
FAIL: err6 execution - gij test
FAIL: err6 execution - gij test
FAIL: err6 -O3 output - bytecode->native test
FAIL: err7 execution - gij test
FAIL: err7 execution - gij test
FAIL: err7 -O3 output - bytecode->native test
FAIL: err8 execution - gij test
FAIL: err8 execution - gij test
FAIL: err8 -O3 output - bytecode->native test
FAIL: err9 execution - gij test
FAIL: err9 execution - gij test
FAIL: err9 -O3 output - bytecode->native test
FAIL: final_inner execution - gij test
FAIL: final_inner execution - gij test
FAIL: final_inner -O3 output - bytecode->native test
FAIL: final_int execution - gij test
FAIL: final_int execution - gij test
FAIL: final_int -O3 output - bytecode->native test
FAIL: final_static_and_friend execution - gij test
FAIL: final_static_and_friend execution - gij test
FAIL: final_static_and_friend -O3 output - bytecode->native test
FAIL: indirect execution - gij test
FAIL: indirect execution - gij test
FAIL: indirect -O3 output - bytecode->native test
FAIL: indirect_read execution - gij test
FAIL: indirect_read execution - gij test
FAIL: indirect_read -O3 output - bytecode->native test
FAIL: indirect_write execution - gij test
FAIL: indirect_write execution - gij test
FAIL: indirect_write -O3 output - bytecode->native test
FAIL: initexc execution - gij test
FAIL: initexc execution - gij test
FAIL: initfield execution - gij test
FAIL: initfield execution - gij test
FAIL: initfield -O3 output - bytecode->native test
FAIL: inline execution - gij test
FAIL: inline execution - gij test
FAIL: inline -O3 output - bytecode->native test
FAIL: inner1 execution - gij test
FAIL: inner1 execution - gij test
FAIL: inner1 -O3 output - bytecode->native test
FAIL: inner2 execution - gij test
FAIL: inner2 execution - gij test
FAIL: inner2 -O3 output - bytecode->native test
FAIL: inner3 execution - gij test
FAIL: inner3 execution - gij test
FAIL: inner3 -O3 output - bytecode->native test
FAIL: inner4 execution - gij test
FAIL: inner4 execution - gij test
FAIL: inner4 -O3 output - bytecode->native test
FAIL: inner_array execution - gij test
FAIL: inner_array execution - gij test
FAIL: inner_array -O3 output - bytecode->native test
FAIL: inner_interface execution - gij test
FAIL: inner_interface execution - gij test
FAIL: inner_interface -O3 output - bytecode->native test
FAIL: instance execution - gij test
FAIL: instance execution - gij test
FAIL: instance -O3 output - bytecode->native test
FAIL: instinit execution - gij test
FAIL: instinit execution - gij test
FAIL: instinit -O3 output - bytecode->native test
FAIL: instinit2 execution - gij test
FAIL: instinit2 execution - gij test
FAIL: instinit2 -O3 output - bytecode->native test
FAIL: invoke_from_inner execution - gij test
FAIL: invoke_from_inner execution - gij test
FAIL: invoke_from_inner -O3 output - bytecode->native test
FAIL: invokethrow execution - gij test
FAIL: invokethrow execution - gij test
FAIL: invokethrow -O3 output - bytecode->native test
FAIL: klass execution - gij test
FAIL: klass execution - gij test
FAIL: klass -O3 output - bytecode->native test
FAIL: multiple_finit execution - gij test
FAIL: multiple_finit execution - gij test
FAIL: multiple_finit -O3 output - bytecode->native test
FAIL: negzero execution - gij test
FAIL: negzero execution - gij test
FAIL: negzero -O3 output - bytecode->native test
FAIL: nested_with_ctor execution - gij test
FAIL: nested_with_ctor execution - gij test
FAIL: nested_with_ctor -O3 output - bytecode->native test
FAIL: newarray_overflow execution - gij test
FAIL: newarray_overflow execution - gij test
FAIL: newarray_overflow -O3 output - bytecode->native test
FAIL: override execution - gij test
FAIL: override execution - gij test
FAIL: override -O3 output - bytecode->native test
FAIL: pr109 execution - gij test
FAIL: pr109 execution - gij test
FAIL: pr109 -O3 output - bytecode->native test
FAIL: pr133 execution - gij test
FAIL: pr133 execution - gij test
FAIL: pr133 -O3 output - bytecode->native test
FAIL: pr179 execution - gij test
FAIL: pr179 execution - gij test
FAIL: pr179 -O3 output - bytecode->native test
FAIL: pr184 execution - gij test
FAIL: pr184 execution - gij test
FAIL: pr184 -O3 output - bytecode->native test
FAIL: pr6388 execution - gij test
FAIL: pr6388 execution - gij test
FAIL: pr6388 -O3 output - bytecode->native test
FAIL: pr83 execution - gij test
FAIL: pr83 execution - gij test
FAIL: pr83 -O3 output - bytecode->native test
FAIL: pr8415 execution - gij test
FAIL: pr8415 execution - gij test
FAIL: pr8415 -O3 output - bytecode->native test
FAIL: pr8676 execution - gij test
FAIL: pr8676 execution - gij test
FAIL: pr8823 execution - gij test
FAIL: pr8823 execution - gij test
FAIL: pr8823 -O3 output - bytecode->native test
FAIL: pr8945 execution - gij test
FAIL: pr8945 execution - gij test
FAIL: pr8945 -O3 output - bytecode->native test
FAIL: private_direct_read execution - gij test
FAIL: private_direct_read execution - gij test
FAIL: private_direct_read -O3 output - bytecode->native test
FAIL: search_outer execution - gij test
FAIL: search_outer execution - gij test
FAIL: search_outer -O3 output - bytecode->native test
FAIL: stringconst execution - gij test
FAIL: stringconst execution - gij test
FAIL: stringconst -O3 output - bytecode->native test
FAIL: stringconst2 execution - gij test
FAIL: stringconst2 execution - gij test
FAIL: stringconst2 -O3 output - bytecode->native test
FAIL: stub execution - gij test
FAIL: stub execution - gij test
FAIL: stub -O3 output - bytecode->native test
FAIL: test_long execution - gij test
FAIL: test_long execution - gij test
FAIL: test_long -O3 output - bytecode->native test
FAIL: tmi execution - gij test
FAIL: tmi execution - gij test
FAIL: tmi -O3 output - bytecode->native test
FAIL: tp execution - gij test
FAIL: tp execution - gij test
FAIL: tp -O3 output - bytecode->native test
FAIL: update_outer execution - gij test
FAIL: update_outer execution - gij test
FAIL: update_outer -O3 output - bytecode->native test
FAIL: utf8concat execution - gij test
FAIL: utf8concat execution - gij test
FAIL: utilTest execution - gij test
FAIL: utilTest execution - gij test
FAIL: utilTest -O3 output - bytecode->native test
FAIL: verify execution - gij test
FAIL: verify execution - gij test
FAIL: /home/toon/compilers/tree-ssa/obj/powerpc-unknown-linux-gnu/libjava/testsuite/TestEarlyGC.exe output - /home/toon/compilers/tree-ssa/obj/powerpc-unknown-linux-gnu/libjava/testsuite/TestEarlyGC.exe
FAIL: /home/toon/compilers/tree-ssa/obj/powerpc-unknown-linux-gnu/libjava/testsuite/TestLeak.exe execution - /home/toon/compilers/tree-ssa/obj/powerpc-unknown-linux-gnu/libjava/testsuite/TestLeak.exe
=== libjava Summary ===
# of expected passes 2443
# of unexpected failures 430
# of expected failures 10
# of untested testcases 304
=== libmudflap tests ===
Running target unix
FAIL: libmudflap.c/pass26-frag.c (-O2) (test for excess errors)
WARNING: libmudflap.c/pass26-frag.c (-O2) compilation failed to produce executable
FAIL: libmudflap.c/pass26-frag.c (-O3) (test for excess errors)
WARNING: libmudflap.c/pass26-frag.c (-O3) compilation failed to produce executable
FAIL: libmudflap.c++/fail24-frag.cxx (-O2) output pattern test
FAIL: libmudflap.c++/pass28-frag.cxx (-O2) execution test
FAIL: libmudflap.c++/pass31-frag.cxx (-O2) execution test
FAIL: libmudflap.c++/fail24-frag.cxx (-O3) output pattern test
FAIL: libmudflap.c++/pass28-frag.cxx (-O3) execution test
FAIL: libmudflap.c++/pass31-frag.cxx (-O3) execution test
=== libmudflap Summary ===
# of expected passes 978
# of unexpected failures 8
=== libstdc++ tests ===
Running target unix
FAIL: 23_containers/deque/cons/2.cc execution test
XPASS: 26_numerics/c99_classification_macros_c.cc (test for excess errors)
FAIL: ext/stdio_sync_filebuf_wchar_t.cc execution test
=== libstdc++ Summary ===
# of expected passes 2170
# of unexpected failures 2
# of unexpected successes 1
# of expected failures 11
Compiler version: 3.5-tree-ssa 20031025 (merged 20031017)
Platform: powerpc-unknown-linux-gnu
configure flags: --prefix=/usr/tsa --disable-nls --disable-multilib --with-libbanshee
More information about the Gcc-testresults
mailing list