Results for 3.5-tree-ssa 20031024 (merged 20031017) testsuite on i686-pc-linux-gnu

Steven Bosscher steven@steven.lr-s.tudelft.nl
Fri Oct 24 07:29:00 GMT 2003


LAST_UPDATED: vr okt 24 06:00:44 UTC 2003

Native configuration is i686-pc-linux-gnu

		=== gcc tests ===


Running target unix
FAIL: gcc.c-torture/execute/builtins/string-9.c execution,  -O1 
FAIL: gcc.c-torture/execute/builtins/string-9.c execution,  -O2 
FAIL: gcc.c-torture/execute/builtins/string-9.c execution,  -O3 -fomit-frame-pointer 
FAIL: gcc.c-torture/execute/builtins/string-9.c execution,  -O3 -fomit-frame-pointer -funroll-loops 
FAIL: gcc.c-torture/execute/builtins/string-9.c execution,  -O3 -fomit-frame-pointer -funroll-all-loops -finline-functions 
FAIL: gcc.c-torture/execute/builtins/string-9.c execution,  -O3 -g 
FAIL: gcc.c-torture/execute/20000603-1.c execution,  -O3 -fomit-frame-pointer 
FAIL: gcc.c-torture/execute/20000603-1.c execution,  -O3 -g 
XPASS: gcc.c-torture/execute/string-opt-18.c execution,  -O0 
XPASS: gcc.c-torture/execute/string-opt-18.c execution,  -O1 
XPASS: gcc.c-torture/execute/string-opt-18.c execution,  -O2 
XPASS: gcc.c-torture/execute/string-opt-18.c execution,  -O3 -fomit-frame-pointer 
XPASS: gcc.c-torture/execute/string-opt-18.c execution,  -O3 -g 
XPASS: gcc.c-torture/execute/string-opt-18.c execution,  -Os 
FAIL: gcc.c-torture/execute/string-opt-7.c execution,  -O1 
FAIL: gcc.c-torture/execute/string-opt-7.c execution,  -O2 
FAIL: gcc.c-torture/execute/string-opt-7.c execution,  -O3 -fomit-frame-pointer 
FAIL: gcc.c-torture/execute/string-opt-7.c execution,  -O3 -g 
FAIL: gcc.c-torture/execute/string-opt-7.c execution,  -Os 
FAIL: gcc.c-torture/execute/va-arg-25.c execution,  -O0 
FAIL: gcc.c-torture/execute/va-arg-25.c execution,  -O1 
FAIL: gcc.c-torture/execute/va-arg-25.c execution,  -O2 
FAIL: gcc.c-torture/execute/va-arg-25.c execution,  -O3 -fomit-frame-pointer 
FAIL: gcc.c-torture/execute/va-arg-25.c execution,  -O3 -g 
FAIL: gcc.c-torture/execute/va-arg-25.c execution,  -Os 
UNRESOLVED: gcc.c-torture/execute/wchar_t-1.c execution,  -O0 
UNRESOLVED: gcc.c-torture/execute/wchar_t-1.c execution,  -O1 
UNRESOLVED: gcc.c-torture/execute/wchar_t-1.c execution,  -O2 
UNRESOLVED: gcc.c-torture/execute/wchar_t-1.c execution,  -O3 -fomit-frame-pointer 
UNRESOLVED: gcc.c-torture/execute/wchar_t-1.c execution,  -O3 -g 
UNRESOLVED: gcc.c-torture/execute/wchar_t-1.c execution,  -Os 
FAIL: gcc.dg/20000724-1.c execution test
FAIL: gcc.dg/20020304-1.c (test for excess errors)
FAIL: gcc.dg/20030331-2.c (test for excess errors)
FAIL: gcc.dg/Wunreachable-4.c (test for excess errors)
FAIL: gcc.dg/builtins-10.c (test for excess errors)
FAIL: gcc.dg/builtins-26.c (test for excess errors)
FAIL: gcc.dg/builtins-7.c (test for excess errors)
XPASS: gcc.dg/uninit-2.c uninitialized variable warning (test for bogus messages, line 28)
XPASS: gcc.dg/uninit-4.c uninitialized variable warning (test for bogus messages, line 26)
XPASS: gcc.dg/uninit-5.c uninitialized variable warning (test for bogus messages, line 13)
XPASS: gcc.dg/uninit-5.c uninitialized variable warning (test for bogus messages, line 27)
XPASS: gcc.dg/uninit-8.c uninitialized variable warning (test for bogus messages, line 14)
FAIL: gcc.dg/uninit-D.c (test for excess errors)
FAIL: gcc.dg/warn-1.c  (test for warnings, line 8)
FAIL: gcc.dg/warn-1.c  (test for warnings, line 15)
FAIL: gcc.dg/pch/warn-1.c (test for excess errors)
FAIL: gcc.dg/pch/warn-1.c (test for excess errors)
FAIL: gcc.dg/pch/warn-1.c (test for excess errors)
FAIL: gcc.dg/pch/warn-1.c (test for excess errors)
FAIL: gcc.dg/pch/warn-1.c (test for excess errors)
FAIL: gcc.dg/pch/warn-1.c (test for excess errors)
FAIL: gcc.dg/pch/warn-1.c (test for excess errors)
FAIL: gcc.dg/torture/builtin-explog-1.c (test for excess errors)
FAIL: gcc.dg/torture/builtin-explog-1.c (test for excess errors)
FAIL: gcc.dg/torture/builtin-explog-1.c (test for excess errors)
FAIL: gcc.dg/torture/builtin-explog-1.c (test for excess errors)
FAIL: gcc.dg/torture/builtin-explog-1.c (test for excess errors)
FAIL: gcc.dg/torture/builtin-explog-1.c (test for excess errors)
FAIL: gcc.dg/tree-ssa/20030703-2.c scan-tree-dump-times if  1
FAIL: gcc.dg/tree-ssa/20030708-1.c scan-tree-dump-times if  0
FAIL: gcc.dg/tree-ssa/20030714-2.c scan-tree-dump-times if  3
FAIL: gcc.dg/tree-ssa/20030731-1.c scan-tree-dump-times target.*!= 0 0
FAIL: gcc.dg/tree-ssa/20030807-3.c scan-tree-dump-times if  2
FAIL: gcc.dg/tree-ssa/20030807-4.c scan-tree-dump-times if  2
FAIL: gcc.dg/tree-ssa/20030807-7.c scan-tree-dump-times if  1
FAIL: gcc.dg/tree-ssa/20030808-1.c scan-tree-dump-times ->code 0
FAIL: gcc.dg/tree-ssa/20030808-1.c scan-tree-dump-times if  0
FAIL: gcc.dg/tree-ssa/20030814-6.c scan-tree-dump-times common.code 1
FAIL: gcc.dg/tree-ssa/20030824-2.c scan-tree-dump-times return y \\+ x 1
FAIL: gcc.dg/tree-ssa/20030922-1.c scan-tree-dump-times if  0
FAIL: gcc.dg/tree-ssa/20030922-2.c scan-tree-dump-times if  2
FAIL: gcc.dg/tree-ssa/ssa-ccp-2.c scan-tree-dump-times link_error 0
FAIL: gcc.dg/tree-ssa/ssa-ccp-3.c scan-tree-dump-times link_error 0
FAIL: gcc.dg/tree-ssa/ssa-ccp-4.c scan-tree-dump-times link_error 0
FAIL: gcc.dg/tree-ssa/ssa-ccp-5.c scan-tree-dump-times link_error 0
FAIL: gcc.dg/tree-ssa/ssa-ccp-6.c scan-tree-dump-times link_error 0
FAIL: gcc.dg/tree-ssa/ssa-ccp-8.c scan-tree-dump-times link_error 0

		=== gcc Summary ===

# of expected passes		24158
# of unexpected failures	61
# of unexpected successes	11
# of expected failures		75
# of unresolved testcases	6
# of untested testcases		7
# of unsupported tests		155
/home/steven/devel/ssabuild/gcc/xgcc version 3.5-tree-ssa 20031024 (merged 20031017)

		=== g++ tests ===


Running target unix
XPASS: g++.dg/ext/lvalue1.C not an lvalue (test for errors, line 7)
FAIL: g++.dg/ext/pretty1.C scan-assembler top level
FAIL: g++.dg/ext/pretty2.C (test for excess errors)
WARNING: g++.dg/ext/pretty2.C compilation failed to produce executable
WARNING: g++.dg/ext/stmtexpr1.C compilation failed to produce executable
FAIL: g++.dg/opt/nrv3.C execution test
WARNING: program timed out.
XPASS: g++.dg/warn/Wunused-2.C  (test for warnings, line 5)
FAIL: 200:is 4:should be 11
FAIL: 202:is 12:should be 1
FAIL: 212:is -:should be 11
FAIL: 214:is 11:should be 3
FAIL: 201: expected branch percentages not found: 27 50
FAIL: 213: expected branch percentages not found: 9 10 11
FAIL: g++.dg/gcov/gcov-1.C gcov: 4 failures in line counts, 2 in branch percentages, 0 in return percentages
FAIL: 23:is 2:should be 1
FAIL: g++.dg/gcov/gcov-2.C gcov: 1 failures in line counts, 0 in branch percentages, 0 in return percentages
FAIL: g++.old-deja/g++.brendan/crash30.C (test for excess errors)
WARNING: g++.old-deja/g++.mike/p10769a.C compilation failed to produce executable
WARNING: g++.old-deja/g++.other/enum5.C compilation failed to produce executable
WARNING: g++.old-deja/g++.pt/friend44.C compilation failed to produce executable
WARNING: program timed out.

		=== g++ Summary ===

# of expected passes		9063
# of unexpected failures	13
# of unexpected successes	2
# of expected failures		62
# of unsupported tests		29
/home/steven/devel/ssabuild/gcc/testsuite/../g++ version 3.5-tree-ssa 20031024 (merged 20031017)

		=== libmudflap tests ===


Running target unix
FAIL: libmudflap.c/pass26-frag.c (-O2) (test for excess errors)
WARNING: libmudflap.c/pass26-frag.c (-O2) compilation failed to produce executable
FAIL: libmudflap.c/pass26-frag.c (-O3) (test for excess errors)
WARNING: libmudflap.c/pass26-frag.c (-O3) compilation failed to produce executable

		=== libmudflap Summary ===

# of expected passes		984
# of unexpected failures	2
		=== libstdc++ tests ===


Running target unix
XPASS: 26_numerics/c99_classification_macros_c.cc (test for excess errors)
FAIL: demangle/abi_examples/13.cc execution test
FAIL: demangle/abi_examples/14.cc execution test
FAIL: demangle/abi_examples/19.cc execution test
FAIL: demangle/abi_examples/20.cc execution test
FAIL: demangle/abi_examples/21.cc execution test
FAIL: demangle/abi_examples/22.cc execution test
FAIL: demangle/abi_text/02.cc execution test
FAIL: demangle/regression/8897.cc execution test
FAIL: demangle/regression/cw-01.cc execution test
FAIL: demangle/regression/cw-03.cc execution test
FAIL: demangle/regression/cw-04.cc execution test
FAIL: demangle/regression/cw-05.cc execution test
FAIL: demangle/regression/cw-07.cc execution test
FAIL: demangle/regression/cw-08.cc execution test
FAIL: demangle/regression/cw-10.cc execution test
FAIL: ext/stdio_sync_filebuf_wchar_t.cc execution test

		=== libstdc++ Summary ===

# of expected passes		2156
# of unexpected failures	16
# of unexpected successes	1
# of expected failures		11

Compiler version: 3.5-tree-ssa 20031024 (merged 20031017) 
Platform: i686-pc-linux-gnu
configure flags: --enable-languages=c,c++ --with-libbanshee --with-libbanshee



More information about the Gcc-testresults mailing list