Results for 3.4 20031022 (experimental) testsuite on i386-pc-solaris2.10
Rainer Orth
ro@TechFak.Uni-Bielefeld.DE
Thu Oct 23 23:56:00 GMT 2003
LAST_UPDATED: Wed Oct 22 18:57:22 UTC 2003
Native configuration is i386-pc-solaris2.10
=== g++ tests ===
Running target unix
FAIL: g++.dg/debug/debug1.C (test for excess errors)
FAIL: g++.dg/debug/debug1.C (test for excess errors)
FAIL: g++.dg/debug/debug1.C (test for excess errors)
FAIL: g++.dg/debug/debug1.C (test for excess errors)
FAIL: g++.dg/debug/debug1.C (test for excess errors)
FAIL: g++.dg/debug/debug1.C (test for excess errors)
FAIL: g++.dg/debug/debug1.C (test for excess errors)
FAIL: g++.dg/debug/debug1.C (test for excess errors)
FAIL: g++.dg/debug/debug1.C (test for excess errors)
FAIL: g++.dg/debug/debug2.C (test for excess errors)
FAIL: g++.dg/debug/debug2.C (test for excess errors)
FAIL: g++.dg/debug/debug2.C (test for excess errors)
FAIL: g++.dg/debug/debug2.C (test for excess errors)
FAIL: g++.dg/debug/debug3.C (test for excess errors)
FAIL: g++.dg/debug/debug3.C (test for excess errors)
FAIL: g++.dg/debug/debug3.C (test for excess errors)
FAIL: g++.dg/debug/debug3.C (test for excess errors)
FAIL: g++.dg/debug/debug8.C (test for excess errors)
FAIL: g++.dg/debug/debug8.C (test for excess errors)
FAIL: g++.dg/debug/debug8.C (test for excess errors)
FAIL: g++.dg/debug/debug8.C (test for excess errors)
FAIL: g++.dg/debug/template1.C (test for excess errors)
FAIL: g++.dg/debug/template1.C (test for excess errors)
FAIL: g++.dg/debug/template1.C (test for excess errors)
FAIL: g++.dg/debug/template1.C (test for excess errors)
FAIL: g++.dg/debug/typedef1.C (test for excess errors)
FAIL: g++.dg/debug/typedef1.C (test for excess errors)
FAIL: g++.dg/debug/typedef1.C (test for excess errors)
FAIL: g++.dg/debug/typedef1.C (test for excess errors)
FAIL: g++.dg/eh/simd-2.C (test for excess errors)
WARNING: g++.dg/eh/simd-2.C compilation failed to produce executable
XPASS: g++.dg/ext/lvalue1.C not an lvalue (test for errors, line 7)
FAIL: g++.dg/ext/pretty1.C scan-assembler top level
FAIL: g++.dg/ext/pretty2.C (test for excess errors)
WARNING: g++.dg/ext/pretty2.C compilation failed to produce executable
FAIL: g++.dg/parse/crash10.C (test for errors, line 14)
WARNING: program timed out.
FAIL: g++.dg/parse/stack1.C (test for excess errors)
XPASS: g++.dg/warn/Wunused-2.C (test for warnings, line 5)
FAIL: g++.dg/special/conpr-1.C execution test
FAIL: g++.dg/special/conpr-3.C execution test
FAIL: g++.dg/special/conpr-4.C execution test
FAIL: g++.old-deja/g++.eh/badalloc1.C execution test
WARNING: g++.old-deja/g++.mike/p10769a.C compilation failed to produce executable
WARNING: g++.old-deja/g++.other/enum5.C compilation failed to produce executable
WARNING: g++.old-deja/g++.pt/friend44.C compilation failed to produce executable
FAIL: g++.old-deja/g++.pt/vaarg3.C (test for excess errors)
=== g++ Summary ===
# of expected passes 9013
# of unexpected failures 39
# of unexpected successes 2
# of expected failures 62
# of unsupported tests 35
/amnt/figaro/volumes/obj-gcc/gcc/obj.sol86/gcc-3.4-20031022/10-gcc/gcc/testsuite/../g++ version 3.4 20031022 (experimental)
=== g77 tests ===
Running target unix
=== g77 Summary ===
# of expected passes 1752
# of expected failures 1
# of untested testcases 1
# of unsupported tests 6
/amnt/figaro/volumes/obj-gcc/gcc/obj.sol86/gcc-3.4-20031022/10-gcc/gcc/testsuite/../g77 version 3.4 20031022 (experimental)
=== gcc tests ===
Running target unix
WARNING: program timed out.
FAIL: gcc.c-torture/compile/20001226-1.c (test for excess errors)
WARNING: program timed out.
FAIL: gcc.c-torture/compile/20001226-1.c (test for excess errors)
WARNING: program timed out.
FAIL: gcc.c-torture/compile/20001226-1.c (test for excess errors)
WARNING: program timed out.
FAIL: gcc.c-torture/compile/20001226-1.c (test for excess errors)
WARNING: program timed out.
FAIL: gcc.c-torture/compile/20001226-1.c (test for excess errors)
FAIL: gcc.c-torture/execute/va-arg-25.c execution, -O0
FAIL: gcc.c-torture/execute/va-arg-25.c execution, -O1
FAIL: gcc.c-torture/execute/va-arg-25.c execution, -O2
FAIL: gcc.c-torture/execute/va-arg-25.c execution, -O3 -fomit-frame-pointer
FAIL: gcc.c-torture/execute/va-arg-25.c execution, -O3 -g
FAIL: gcc.c-torture/execute/va-arg-25.c execution, -Os
UNRESOLVED: gcc.c-torture/execute/wchar_t-1.c execution, -O0
UNRESOLVED: gcc.c-torture/execute/wchar_t-1.c execution, -O1
UNRESOLVED: gcc.c-torture/execute/wchar_t-1.c execution, -O2
UNRESOLVED: gcc.c-torture/execute/wchar_t-1.c execution, -O3 -fomit-frame-pointer
UNRESOLVED: gcc.c-torture/execute/wchar_t-1.c execution, -O3 -g
UNRESOLVED: gcc.c-torture/execute/wchar_t-1.c execution, -Os
FAIL: gcc.dg/compat/vector-1 c_compat_x_tst.o compile
FAIL: gcc.dg/compat/vector-1 c_compat_y_tst.o compile
UNRESOLVED: gcc.dg/compat/vector-1 c_compat_x_tst.o-c_compat_y_tst.o link
UNRESOLVED: gcc.dg/compat/vector-1 c_compat_x_tst.o-c_compat_y_tst.o execute
FAIL: gcc.dg/compat/vector-2 c_compat_x_tst.o compile
FAIL: gcc.dg/compat/vector-2 c_compat_y_tst.o compile
UNRESOLVED: gcc.dg/compat/vector-2 c_compat_x_tst.o-c_compat_y_tst.o link
UNRESOLVED: gcc.dg/compat/vector-2 c_compat_x_tst.o-c_compat_y_tst.o execute
FAIL: gcc.dg/20011009-1.c (test for excess errors)
WARNING: gcc.dg/20011009-1.c compilation failed to produce executable
WARNING: gcc.dg/20021014-1.c compilation failed to produce executable
FAIL: gcc.dg/const-elim-1.c scan-assembler-not L\\\$?C[^A-Z]
FAIL: gcc.dg/old-style-asm-1.c (test for excess errors)
ERROR: gcc.dg/old-style-asm-1.c: error executing dg-final: couldn't open "old-style-asm-1.s": no such file or directory
UNRESOLVED: gcc.dg/old-style-asm-1.c: error executing dg-final: couldn't open "old-style-asm-1.s": no such file or directory
=== gcc Summary ===
# of expected passes 23770
# of unexpected failures 18
# of expected failures 80
# of unresolved testcases 11
# of untested testcases 7
# of unsupported tests 160
/amnt/figaro/volumes/obj-gcc/gcc/obj.sol86/gcc-3.4-20031022/10-gcc/gcc/xgcc version 3.4 20031022 (experimental)
=== objc tests ===
Running target unix
=== objc Summary ===
# of expected passes 1337
# of unsupported tests 7
/amnt/figaro/volumes/obj-gcc/gcc/obj.sol86/gcc-3.4-20031022/10-gcc/gcc/xgcc version 3.4 20031022 (experimental)
=== libffi tests ===
Running target unix
FAIL: libffi.call/cls_1_1byte.c execution test
FAIL: libffi.call/cls_2byte.c execution test
FAIL: libffi.call/cls_3_1byte.c execution test
FAIL: libffi.call/cls_5byte.c execution test
FAIL: libffi.call/cls_6byte.c execution test
=== libffi Summary ===
# of expected passes 115
# of unexpected failures 5
# of unsupported tests 2
=== libjava tests ===
Running target unix
FAIL: ArrayClass -O3 compilation from bytecode
FAIL: Case -O3 compilation from bytecode
FAIL: G19990210_1 -O3 compilation from bytecode
FAIL: G19990210_2 -O3 compilation from bytecode
FAIL: G19990210_3 -O3 compilation from bytecode
FAIL: G19990217_01 -O3 compilation from bytecode
FAIL: G19990217_02 -O3 compilation from bytecode
FAIL: G19990225_01 -O3 compilation from bytecode
FAIL: N19990310_01 -O3 compilation from bytecode
FAIL: N19990317 -O3 compilation from bytecode
FAIL: OperatorBenchmark -O3 compilation from bytecode
FAIL: PR129_B -O3 compilation from bytecode
FAIL: PR1343 -O3 compilation from bytecode
FAIL: PR206 -O3 compilation from bytecode
FAIL: PR207 -O3 compilation from bytecode
FAIL: PR208 -O3 compilation from bytecode
FAIL: PR209 -O3 compilation from bytecode
FAIL: PR232 -O3 compilation from bytecode
FAIL: PR232B -O3 compilation from bytecode
FAIL: PR234 -O3 compilation from bytecode
FAIL: PR235 -O3 compilation from bytecode
FAIL: PR238 -O3 compilation from bytecode
FAIL: PR295 -O3 compilation from bytecode
FAIL: PR374 -O3 compilation from bytecode
FAIL: PR375 -O3 compilation from bytecode
FAIL: PR4766 -O3 compilation from bytecode
FAIL: PR5641 -O3 compilation from bytecode
FAIL: PR5848 -O3 compilation from bytecode
FAIL: PR5902 -O3 compilation from bytecode
FAIL: PR5913 -O3 compilation from bytecode
FAIL: PR6026 -O3 compilation from bytecode
FAIL: Semi -O3 compilation from bytecode
FAIL: SuperConstr -O3 compilation from bytecode
FAIL: T20020529 -O3 compilation from bytecode
FAIL: T20020604 -O3 compilation from bytecode
FAIL: Twice -O3 compilation from bytecode
FAIL: Where -O3 compilation from bytecode
FAIL: XercesBug -O3 compilation from bytecode
FAIL: abstr -O3 compilation from bytecode
FAIL: assignment -O3 compilation from bytecode
FAIL: assignment_2 -O3 compilation from bytecode
FAIL: comment -O3 compilation from bytecode
FAIL: final_initialization_in_ctor -O3 compilation from bytecode
FAIL: final_local_switch -O3 compilation from bytecode
FAIL: iface -O3 compilation from bytecode
FAIL: inner_1 byte compilation
FAIL: inner_1 byte compilation
FAIL: inner_data -O3 compilation from bytecode
FAIL: inner_inherit -O3 compilation from bytecode
FAIL: inner_priv -O3 compilation from bytecode
FAIL: inner_pub -O3 compilation from bytecode
FAIL: narrow_case -O3 compilation from bytecode
FAIL: not_a_redef -O3 compilation from bytecode
FAIL: perc -O3 compilation from bytecode
FAIL: plusplus -O3 compilation from bytecode
FAIL: pr10459 -O3 compilation from bytecode
FAIL: pr10459_2 -O3 compilation from bytecode
FAIL: pr172 -O3 compilation from bytecode
FAIL: pr174 -O3 compilation from bytecode
FAIL: pr176 -O3 compilation from bytecode
FAIL: pr7912 -O3 compilation from bytecode
FAIL: pr8712 -O3 compilation from bytecode
FAIL: pr8955 -O3 compilation from bytecode
FAIL: static_2 -O3 compilation from bytecode
FAIL: static_3 -O3 compilation from bytecode
FAIL: static_init2 -O3 compilation from bytecode
FAIL: static_inner -O3 compilation from bytecode
FAIL: weirddecl -O3 compilation from bytecode
FAIL: zeroexp -O3 compilation from bytecode
FAIL: ArrayStore -O3 compilation from bytecode
FAIL: ArrayStore2 -O3 compilation from bytecode
FAIL: Array_1 -O3 compilation from bytecode
FAIL: Array_2 -O3 compilation from bytecode
FAIL: Array_3 -O3 compilation from bytecode
FAIL: Class_1 -O3 compilation from bytecode
FAIL: CompareNaN -O3 compilation from bytecode
FAIL: Divide_1 -O3 compilation from bytecode
FAIL: EvaluationOrder -O3 compilation from bytecode
FAIL: FileHandleGcTest execution - source compiled test
FAIL: FileHandleGcTest execution - gij test
FAIL: FileHandleGcTest execution - bytecode->native test
FAIL: FileHandleGcTest -O3 execution - source compiled test
FAIL: FileHandleGcTest execution - gij test
FAIL: FileHandleGcTest -O3 compilation from bytecode
FAIL: Final -O3 compilation from bytecode
FAIL: Float_1 -O3 compilation from bytecode
FAIL: G19990301_01 -O3 compilation from bytecode
FAIL: G19990302_02 -O3 compilation from bytecode
FAIL: G19990303_01 -O3 compilation from bytecode
FAIL: G19990303_02 -O3 compilation from bytecode
FAIL: G19990304_01 -O3 compilation from bytecode
FAIL: G19990310_01 -O3 compilation from bytecode
FAIL: II -O3 compilation from bytecode
FAIL: InterfaceDispatch -O3 compilation from bytecode
FAIL: InvokeReturn -O3 compilation from bytecode
FAIL: Invoke_1 -O3 compilation from bytecode
FAIL: Invoke_2 -O3 compilation from bytecode
FAIL: KeepInline -O3 compilation from bytecode
FAIL: MathBuiltin -O3 compilation from bytecode
FAIL: Matrix4f -O3 compilation from bytecode
FAIL: N19990310_02 -O3 compilation from bytecode
FAIL: N19990310_3 -O3 compilation from bytecode
FAIL: N19990310_4 -O3 compilation from bytecode
FAIL: N19990310_5 -O3 compilation from bytecode
FAIL: Overflow -O3 compilation from bytecode
FAIL: PR12350 -O3 compilation from bytecode
FAIL: PR12656 -O3 compilation from bytecode
FAIL: PR141 -O3 compilation from bytecode
FAIL: PR160 -O3 compilation from bytecode
FAIL: PR162 -O3 compilation from bytecode
FAIL: PR218 -O3 compilation from bytecode
FAIL: PR242 -O3 compilation from bytecode
FAIL: PR260 -O3 compilation from bytecode
FAIL: PR3096 -O3 compilation from bytecode
FAIL: PR3731 -O3 compilation from bytecode
FAIL: PR5057 -O3 compilation from bytecode
FAIL: PR5057_2 -O3 compilation from bytecode
FAIL: PR55 -O3 compilation from bytecode
FAIL: PR56 -O3 compilation from bytecode
FAIL: PR6085 -O3 compilation from bytecode
FAIL: PR6204 -O3 compilation from bytecode
FAIL: PR6729 -O3 compilation from bytecode
FAIL: PR6820 -O3 compilation from bytecode
FAIL: PR7482 -O3 compilation from bytecode
FAIL: Shazam -O3 compilation from bytecode
FAIL: StaticConstructor -O3 compilation from bytecode
FAIL: StringBuffer_1 -O3 compilation from bytecode
FAIL: StringBuffer_overflow -O3 compilation from bytecode
FAIL: String_overflow -O3 compilation from bytecode
FAIL: SyncGlobal -O3 compilation from bytecode
FAIL: SyncTest execution - gij test
FAIL: SyncTest execution - gij test
FAIL: SyncTest -O3 compilation from bytecode
FAIL: Synch -O3 compilation from bytecode
FAIL: TLtest -O3 compilation from bytecode
FAIL: TestProxy -O3 compilation from bytecode
FAIL: Thread_Alive -O3 compilation from bytecode
FAIL: Thread_Interrupt -O3 compilation from bytecode
FAIL: Thread_Join execution - gij test
FAIL: Thread_Join execution - gij test
FAIL: Thread_Join -O3 compilation from bytecode
FAIL: Thread_Monitor -O3 compilation from bytecode
FAIL: Thread_Sleep -O3 compilation from bytecode
FAIL: Thread_Wait -O3 compilation from bytecode
FAIL: Thread_Wait_2 execution - gij test
FAIL: Thread_Wait_2 execution - gij test
FAIL: Thread_Wait_2 -O3 compilation from bytecode
FAIL: Thread_Wait_Interrupt -O3 compilation from bytecode
FAIL: Throw_1 -O3 compilation from bytecode
FAIL: Throw_2 execution - source compiled test
FAIL: Throw_2 execution - gij test
FAIL: Throw_2 execution - bytecode->native test
FAIL: Throw_2 -O3 execution - source compiled test
FAIL: Throw_2 execution - gij test
FAIL: Throw_2 -O3 compilation from bytecode
FAIL: anfi -O3 compilation from bytecode
FAIL: anon -O3 compilation from bytecode
FAIL: anon2 -O3 compilation from bytecode
FAIL: anon3 -O3 compilation from bytecode
FAIL: anon4 -O3 compilation from bytecode
FAIL: anon_ctor_itf_arg -O3 compilation from bytecode
FAIL: anonarray -O3 compilation from bytecode
FAIL: anonarray2 -O3 compilation from bytecode
FAIL: anonarray3 -O3 compilation from bytecode
FAIL: assign -O3 compilation from bytecode
FAIL: direct_read -O3 compilation from bytecode
FAIL: direct_write -O3 compilation from bytecode
FAIL: emptystring -O3 compilation from bytecode
FAIL: err1 -O3 compilation from bytecode
FAIL: err10 -O3 compilation from bytecode
FAIL: err11 -O3 compilation from bytecode
FAIL: err12 -O3 compilation from bytecode
FAIL: err13 -O3 compilation from bytecode
FAIL: err2 -O3 compilation from bytecode
FAIL: err3 -O3 compilation from bytecode
FAIL: err4 -O3 compilation from bytecode
FAIL: err5 -O3 compilation from bytecode
FAIL: err6 -O3 compilation from bytecode
FAIL: err7 -O3 compilation from bytecode
FAIL: err8 -O3 compilation from bytecode
FAIL: err9 -O3 compilation from bytecode
FAIL: final_inner -O3 compilation from bytecode
FAIL: final_int -O3 compilation from bytecode
FAIL: final_static_and_friend -O3 compilation from bytecode
FAIL: indirect -O3 compilation from bytecode
FAIL: indirect_read -O3 compilation from bytecode
FAIL: indirect_write -O3 compilation from bytecode
FAIL: initexc -O3 compilation from bytecode
FAIL: initfield -O3 compilation from bytecode
FAIL: inline -O3 compilation from bytecode
FAIL: inner1 -O3 compilation from bytecode
FAIL: inner2 -O3 compilation from bytecode
FAIL: inner3 -O3 compilation from bytecode
FAIL: inner4 -O3 compilation from bytecode
FAIL: inner_array -O3 compilation from bytecode
FAIL: inner_interface -O3 compilation from bytecode
FAIL: instance -O3 compilation from bytecode
FAIL: instinit -O3 compilation from bytecode
FAIL: instinit2 -O3 compilation from bytecode
FAIL: invoke_from_inner -O3 compilation from bytecode
FAIL: invokethrow -O3 compilation from bytecode
FAIL: klass -O3 compilation from bytecode
FAIL: multiple_finit -O3 compilation from bytecode
FAIL: negzero -O3 compilation from bytecode
FAIL: nested_with_ctor -O3 compilation from bytecode
FAIL: newarray_overflow -O3 compilation from bytecode
FAIL: override -O3 compilation from bytecode
FAIL: pr109 -O3 compilation from bytecode
FAIL: pr133 -O3 compilation from bytecode
FAIL: pr179 -O3 compilation from bytecode
FAIL: pr184 -O3 compilation from bytecode
FAIL: pr6388 -O3 compilation from bytecode
FAIL: pr83 -O3 compilation from bytecode
FAIL: pr8415 -O3 compilation from bytecode
FAIL: pr8676 -O3 compilation from bytecode
FAIL: pr8823 -O3 compilation from bytecode
FAIL: pr8945 -O3 compilation from bytecode
FAIL: private_direct_read -O3 compilation from bytecode
FAIL: search_outer -O3 compilation from bytecode
FAIL: stringconst -O3 compilation from bytecode
FAIL: stringconst2 -O3 compilation from bytecode
FAIL: stub -O3 compilation from bytecode
FAIL: test_long -O3 compilation from bytecode
FAIL: tmi -O3 compilation from bytecode
FAIL: tp -O3 compilation from bytecode
FAIL: update_outer -O3 compilation from bytecode
FAIL: utf8concat -O3 compilation from bytecode
FAIL: utilTest -O3 compilation from bytecode
FAIL: verify -O3 compilation from bytecode
=== libjava Summary ===
# of expected passes 2653
# of unexpected failures 229
# of expected failures 9
# of untested testcases 314
=== libstdc++ tests ===
Running target unix
FAIL: 27_io/basic_istream/extractors_arithmetic/char/12.cc execution test
=== libstdc++ Summary ===
# of expected passes 2180
# of unexpected failures 1
# of expected failures 11
Compiler version: 3.4 20031022 (experimental)
Platform: i386-pc-solaris2.10
configure flags: --prefix=/vol/gcc --with-local-prefix=/vol/gcc --disable-nls --with-as=/vol/gcc/lib/as-7.0
More information about the Gcc-testresults
mailing list