Results for 3.4 20031019 (experimental) testsuite on hppa-unknown-linux-gnu
John David Anglin
dave@hiauly6.hia.nrc.ca
Tue Oct 21 23:29:00 GMT 2003
LAST_UPDATED: Sun Oct 19 01:46:03 UTC 2003
Native configuration is hppa-unknown-linux-gnu
=== g++ tests ===
Running target unix
XPASS: g++.dg/ext/lvalue1.C not an lvalue (test for errors, line 7)
FAIL: g++.dg/ext/pretty1.C scan-assembler top level
FAIL: g++.dg/ext/pretty2.C (test for excess errors)
WARNING: g++.dg/ext/pretty2.C compilation failed to produce executable
XPASS: g++.dg/other/packed1.C execution test
FAIL: g++.dg/parse/crash10.C (test for errors, line 14)
XPASS: g++.dg/warn/Wunused-2.C (test for warnings, line 5)
WARNING: g++.old-deja/g++.mike/p10769a.C compilation failed to produce executable
WARNING: g++.old-deja/g++.other/enum5.C compilation failed to produce executable
XPASS: g++.old-deja/g++.other/init5.C execution test
WARNING: g++.old-deja/g++.pt/friend44.C compilation failed to produce executable
FAIL: g++.old-deja/g++.pt/vaarg3.C (test for excess errors)
=== g++ Summary ===
# of expected passes 8982
# of unexpected failures 4
# of unexpected successes 4
# of expected failures 59
# of unsupported tests 62
/home/dave/gnu/gcc-3.4/objdir/gcc/testsuite/../g++ version 3.4 20031019 (experimental)
=== g77 tests ===
Running target unix
=== g77 Summary ===
# of expected passes 1752
# of expected failures 1
# of untested testcases 1
# of unsupported tests 6
/home/dave/gnu/gcc-3.4/objdir/gcc/testsuite/../g77 version 3.4 20031019 (experimental)
=== gcc tests ===
Running target unix
WARNING: program timed out.
FAIL: gcc.c-torture/compile/950512-1.c (test for excess errors)
WARNING: program timed out.
FAIL: gcc.c-torture/compile/950512-1.c (test for excess errors)
WARNING: program timed out.
FAIL: gcc.c-torture/compile/950512-1.c (test for excess errors)
WARNING: program timed out.
FAIL: gcc.c-torture/compile/950512-1.c (test for excess errors)
WARNING: program timed out.
FAIL: gcc.c-torture/compile/950512-1.c (test for excess errors)
UNRESOLVED: gcc.c-torture/execute/wchar_t-1.c execution, -O0
UNRESOLVED: gcc.c-torture/execute/wchar_t-1.c execution, -O1
UNRESOLVED: gcc.c-torture/execute/wchar_t-1.c execution, -O2
UNRESOLVED: gcc.c-torture/execute/wchar_t-1.c execution, -O3 -fomit-frame-pointer
UNRESOLVED: gcc.c-torture/execute/wchar_t-1.c execution, -O3 -g
UNRESOLVED: gcc.c-torture/execute/wchar_t-1.c execution, -Os
FAIL: gcc.dg/debug/debug-1.c scan-assembler xyzzy
FAIL: gcc.dg/debug/debug-1.c scan-assembler xyzzy
FAIL: gcc.dg/debug/debug-1.c scan-assembler xyzzy
FAIL: gcc.dg/debug/debug-1.c scan-assembler xyzzy
FAIL: gcc.dg/debug/debug-1.c scan-assembler xyzzy
FAIL: gcc.dg/debug/debug-1.c scan-assembler xyzzy
FAIL: gcc.dg/debug/debug-2.c scan-assembler xyzzy
FAIL: gcc.dg/debug/debug-2.c scan-assembler xyzzy
FAIL: gcc.dg/debug/debug-2.c scan-assembler xyzzy
FAIL: gcc.dg/debug/debug-2.c scan-assembler xyzzy
FAIL: gcc.dg/debug/debug-2.c scan-assembler xyzzy
FAIL: gcc.dg/debug/debug-2.c scan-assembler xyzzy
FAIL: gcc.dg/const-elim-1.c scan-assembler-not L\\\$?C[^A-Z]
=== gcc Summary ===
# of expected passes 24133
# of unexpected failures 18
# of expected failures 79
# of unresolved testcases 6
# of untested testcases 7
# of unsupported tests 280
/home/dave/gnu/gcc-3.4/objdir/gcc/xgcc version 3.4 20031019 (experimental)
=== objc tests ===
Running target unix
=== objc Summary ===
# of expected passes 1337
# of unsupported tests 7
/home/dave/gnu/gcc-3.4/objdir/gcc/xgcc version 3.4 20031019 (experimental)
=== libffi tests ===
Running target unix
FAIL: libffi.call/cls_12byte.c execution test
FAIL: libffi.call/cls_16byte.c execution test
FAIL: libffi.call/cls_1_1byte.c execution test
FAIL: libffi.call/cls_20byte.c execution test
FAIL: libffi.call/cls_24byte.c execution test
FAIL: libffi.call/cls_2byte.c execution test
FAIL: libffi.call/cls_3_1byte.c execution test
FAIL: libffi.call/cls_3byte1.c execution test
FAIL: libffi.call/cls_3byte2.c execution test
FAIL: libffi.call/cls_4_1byte.c execution test
FAIL: libffi.call/cls_4byte.c execution test
FAIL: libffi.call/cls_5byte.c execution test
FAIL: libffi.call/cls_6byte.c execution test
FAIL: libffi.call/nested_struct.c execution test
FAIL: libffi.call/nested_struct1.c execution test
FAIL: libffi.call/problem1.c execution test
FAIL: libffi.call/struct3.c execution test
FAIL: libffi.call/struct5.c execution test
=== libffi Summary ===
# of expected passes 91
# of unexpected failures 18
# of unsupported tests 2
=== libjava tests ===
Running target unix
FAIL: Array_3 execution - gij test
FAIL: Array_3 execution - gij test
FAIL: EvaluationOrder output - gij test
FAIL: EvaluationOrder output - gij test
FAIL: InterfaceDispatch execution - gij test
FAIL: InterfaceDispatch execution - gij test
FAIL: InvokeReturn output - gij test
FAIL: InvokeReturn output - gij test
FAIL: Invoke_1 execution - gij test
FAIL: Invoke_1 execution - gij test
FAIL: Invoke_2 output - gij test
FAIL: Invoke_2 output - gij test
FAIL: PR162 output - gij test
FAIL: PR162 output - gij test
FAIL: PR242 output - gij test
FAIL: PR242 output - gij test
FAIL: PR6204 execution - gij test
FAIL: PR6204 execution - gij test
FAIL: PR6729 output - gij test
FAIL: PR6729 output - gij test
FAIL: Shazam execution - gij test
FAIL: Shazam execution - gij test
FAIL: StaticConstructor output - gij test
FAIL: StaticConstructor output - gij test
WARNING: program timed out.
FAIL: SyncTest execution - source compiled test
WARNING: program timed out.
FAIL: SyncTest execution - gij test
FAIL: TLtest execution - gij test
FAIL: TLtest execution - gij test
FAIL: TestProxy execution - gij test
FAIL: TestProxy execution - gij test
WARNING: program timed out.
FAIL: Thread_Monitor execution - gij test
WARNING: program timed out.
FAIL: Thread_Monitor execution - gij test
FAIL: Thread_Sleep output - source compiled test
FAIL: Thread_Sleep output - gij test
FAIL: Thread_Wait_Interrupt -O3 output - bytecode->native test
FAIL: Throw_1 execution - gij test
FAIL: Throw_1 execution - gij test
FAIL: Throw_2 execution - source compiled test
FAIL: Throw_2 output - gij test
FAIL: Throw_2 execution - bytecode->native test
FAIL: Throw_2 -O3 execution - source compiled test
FAIL: Throw_2 output - gij test
FAIL: Throw_2 -O3 execution - bytecode->native test
FAIL: anfi execution - gij test
FAIL: anfi execution - gij test
FAIL: anon execution - gij test
FAIL: anon execution - gij test
FAIL: anon2 output - gij test
FAIL: anon2 output - gij test
FAIL: anon3 execution - gij test
FAIL: anon3 execution - gij test
FAIL: anon4 execution - gij test
FAIL: anon4 execution - gij test
FAIL: emptystring execution - gij test
FAIL: emptystring execution - gij test
FAIL: final_int output - gij test
FAIL: final_int output - gij test
FAIL: indirect output - gij test
FAIL: indirect output - gij test
FAIL: indirect_read output - gij test
FAIL: indirect_read output - gij test
FAIL: indirect_write output - gij test
FAIL: indirect_write output - gij test
FAIL: inline output - gij test
FAIL: inline output - gij test
FAIL: inner1 output - gij test
FAIL: inner1 output - gij test
FAIL: inner4 output - gij test
FAIL: inner4 output - gij test
FAIL: inner_array output - gij test
FAIL: inner_array output - gij test
FAIL: negzero execution - gij test
FAIL: negzero execution - gij test
FAIL: nested_with_ctor execution - gij test
FAIL: nested_with_ctor execution - gij test
FAIL: override output - gij test
FAIL: override output - gij test
FAIL: pr83 output - gij test
FAIL: pr83 output - gij test
FAIL: private_direct_read output - gij test
FAIL: private_direct_read output - gij test
FAIL: search_outer output - gij test
FAIL: search_outer output - gij test
FAIL: stub execution - gij test
FAIL: stub execution - gij test
FAIL: tmi execution - gij test
FAIL: tmi execution - gij test
FAIL: tp output - gij test
FAIL: tp output - gij test
FAIL: update_outer execution - gij test
FAIL: update_outer execution - gij test
FAIL: utilTest execution - gij test
FAIL: utilTest execution - gij test
=== libjava Summary ===
# of expected passes 3030
# of unexpected failures 93
# of expected failures 10
# of untested testcases 54
=== libstdc++-v3 check-abi Summary ===
# of added symbols: 247
# of missing symbols: 262
# of incompatible symbols: 266
=== libstdc++ tests ===
Running target unix
FAIL: 22_locale/money_get/get/char/5.cc execution test
FAIL: 22_locale/money_get/get/wchar_t/5.cc execution test
FAIL: 22_locale/num_get/get/char/4.cc execution test
FAIL: 22_locale/num_get/get/wchar_t/4.cc execution test
XPASS: 26_numerics/c99_classification_macros_c.cc (test for excess errors)
FAIL: 26_numerics/complex_inserters_extractors.cc execution test
FAIL: 27_io/basic_filebuf/sgetn/char/1-in.cc execution test
FAIL: 27_io/basic_filebuf/sgetn/char/1-io.cc execution test
FAIL: 27_io/basic_filebuf/sgetn/char/2-in.cc execution test
FAIL: 27_io/basic_filebuf/sgetn/char/2-io.cc execution test
FAIL: 27_io/basic_istream/extractors_arithmetic/char/01.cc execution test
FAIL: 27_io/basic_istream/readsome/char/6746-2.cc execution test
=== libstdc++ Summary ===
# of expected passes 2161
# of unexpected failures 11
# of unexpected successes 1
# of expected failures 11
Compiler version: 3.4 20031019 (experimental)
Platform: hppa-unknown-linux-gnu
configure flags: --with-gnu-as --with-as=/home/dave/opt/gnu/bin/as --with-gnu-ld --with-ld=/home/dave/opt/gnu/bin/ld --enable-shared --disable-nls --prefix=/home/dave/opt/gnu --with-local-prefix=/home/dave/opt/gnu --enable-threads=posix --enable-__cxa_atexit --build=hppa-linux --host=hppa-linux --enable-languages=c,c++,f77,java,objc
More information about the Gcc-testresults
mailing list