Results for 3.4 20031019 (experimental) testsuite on mips-sgi-irix6.5
Billinghurst, David (CALCRTS)
david.billinghurst@comalco.riotinto.com.au
Sun Oct 19 23:14:00 GMT 2003
This run on Origin 300 cru300 under Irix 6.5.21m
Bootstrap compiler is SGI MIPSpro C 7.4.0 with
STAGE1_CFLAGS="-g -U__INLINE_INTRINSICS"
LAST_UPDATED: Sun Oct 19 09:05:39 GMT 2003
Native configuration is mips-sgi-irix6.5
=== g++ tests ===
Running target unix
XPASS: g++.dg/ext/lvalue1.C not an lvalue (test for errors, line 7)
FAIL: g++.dg/ext/pretty1.C scan-assembler int bar\\(T\\).*with T = int
FAIL: g++.dg/ext/pretty1.C scan-assembler top level
FAIL: g++.dg/ext/pretty1.C scan-assembler int main\\(\\)
FAIL: g++.dg/ext/pretty1.C scan-assembler int bar\\(T\\).*with T =
double
FAIL: g++.dg/ext/pretty1.C scan-assembler int bar\\(T\\).*with T =
unsigned char*
FAIL: g++.dg/ext/pretty2.C (test for excess errors)
WARNING: g++.dg/ext/pretty2.C compilation failed to produce executable
FAIL: g++.dg/parse/crash10.C (test for errors, line 14)
XPASS: g++.dg/warn/Wunused-2.C (test for warnings, line 5)
FAIL: g++.dg/pch/system-1.C -g assembly comparison
FAIL: g++.dg/pch/system-2.C -g assembly comparison
FAIL: g++.old-deja/g++.jason/thunk1.C (test for excess errors)
WARNING: g++.old-deja/g++.jason/thunk1.C compilation failed to produce
executable
FAIL: g++.old-deja/g++.jason/thunk2.C (test for excess errors)
WARNING: g++.old-deja/g++.jason/thunk2.C compilation failed to produce
executable
FAIL: g++.old-deja/g++.jason/thunk3.C (test for excess errors)
WARNING: g++.old-deja/g++.jason/thunk3.C compilation failed to produce
executable
FAIL: g++.old-deja/g++.law/profile1.C (test for excess errors)
WARNING: g++.old-deja/g++.law/profile1.C compilation failed to produce
executable
WARNING: g++.old-deja/g++.mike/p10769a.C compilation failed to produce
executable
FAIL: g++.old-deja/g++.other/comdat1.C (test for excess errors)
WARNING: g++.old-deja/g++.other/comdat1.C compilation failed to produce
executable
FAIL: g++.old-deja/g++.other/comdat2.C (test for excess errors)
WARNING: g++.old-deja/g++.other/comdat2.C compilation failed to produce
executable
FAIL: g++.old-deja/g++.other/comdat3.C (test for excess errors)
WARNING: g++.old-deja/g++.other/comdat3.C compilation failed to produce
executable
FAIL: g++.old-deja/g++.other/ctor1.C (test for excess errors)
WARNING: g++.old-deja/g++.other/ctor1.C compilation failed to produce
executable
WARNING: g++.old-deja/g++.other/enum5.C compilation failed to produce
executable
WARNING: g++.old-deja/g++.pt/friend44.C compilation failed to produce
executable
FAIL: g++.old-deja/g++.pt/instantiate5.C (test for excess errors)
FAIL: g++.old-deja/g++.pt/vaarg3.C (test for excess errors)
=== g++ Summary for unix ===
# of expected passes 8661
# of unexpected failures 19
# of unexpected successes 2
# of expected failures 61
# of unsupported tests 62
Running target unix/-mabi=64
XPASS: g++.dg/ext/lvalue1.C not an lvalue (test for errors, line 7)
FAIL: g++.dg/ext/pretty1.C scan-assembler int bar\\(T\\).*with T = int
FAIL: g++.dg/ext/pretty1.C scan-assembler top level
FAIL: g++.dg/ext/pretty1.C scan-assembler int main\\(\\)
FAIL: g++.dg/ext/pretty1.C scan-assembler int bar\\(T\\).*with T =
double
FAIL: g++.dg/ext/pretty1.C scan-assembler int bar\\(T\\).*with T =
unsigned char*
FAIL: g++.dg/ext/pretty2.C (test for excess errors)
WARNING: g++.dg/ext/pretty2.C compilation failed to produce executable
FAIL: g++.dg/parse/crash10.C (test for errors, line 14)
XPASS: g++.dg/warn/Wunused-2.C (test for warnings, line 5)
FAIL: g++.dg/pch/system-1.C -g assembly comparison
FAIL: g++.dg/pch/system-2.C -g assembly comparison
FAIL: g++.old-deja/g++.jason/thunk1.C (test for excess errors)
WARNING: g++.old-deja/g++.jason/thunk1.C compilation failed to produce
executable
FAIL: g++.old-deja/g++.jason/thunk2.C (test for excess errors)
WARNING: g++.old-deja/g++.jason/thunk2.C compilation failed to produce
executable
FAIL: g++.old-deja/g++.jason/thunk3.C (test for excess errors)
WARNING: g++.old-deja/g++.jason/thunk3.C compilation failed to produce
executable
FAIL: g++.old-deja/g++.law/profile1.C (test for excess errors)
WARNING: g++.old-deja/g++.law/profile1.C compilation failed to produce
executable
WARNING: g++.old-deja/g++.mike/p10769a.C compilation failed to produce
executable
FAIL: g++.old-deja/g++.other/comdat1.C (test for excess errors)
WARNING: g++.old-deja/g++.other/comdat1.C compilation failed to produce
executable
FAIL: g++.old-deja/g++.other/comdat2.C (test for excess errors)
WARNING: g++.old-deja/g++.other/comdat2.C compilation failed to produce
executable
FAIL: g++.old-deja/g++.other/comdat3.C (test for excess errors)
WARNING: g++.old-deja/g++.other/comdat3.C compilation failed to produce
executable
FAIL: g++.old-deja/g++.other/ctor1.C (test for excess errors)
WARNING: g++.old-deja/g++.other/ctor1.C compilation failed to produce
executable
WARNING: g++.old-deja/g++.other/enum5.C compilation failed to produce
executable
WARNING: g++.old-deja/g++.pt/friend44.C compilation failed to produce
executable
FAIL: g++.old-deja/g++.pt/instantiate5.C (test for excess errors)
FAIL: g++.old-deja/g++.pt/vaarg3.C (test for excess errors)
=== g++ Summary for unix/-mabi=64 ===
# of expected passes 8661
# of unexpected failures 19
# of unexpected successes 2
# of expected failures 61
# of unsupported tests 62
=== g++ Summary ===
# of expected passes 17322
# of unexpected failures 38
# of unexpected successes 4
# of expected failures 122
# of unsupported tests 124
/disk4/billingd/obj/gcc/gcc/testsuite/../g++ version 3.4 20031019
(experimental)
=== g77 tests ===
Running target unix
=== g77 Summary for unix ===
# of expected passes 1752
# of expected failures 1
# of untested testcases 1
# of unsupported tests 6
Running target unix/-mabi=64
=== g77 Summary for unix/-mabi=64 ===
# of expected passes 1752
# of expected failures 1
# of untested testcases 1
# of unsupported tests 6
=== g77 Summary ===
# of expected passes 3504
# of expected failures 2
# of untested testcases 2
# of unsupported tests 12
/disk4/billingd/obj/gcc/gcc/testsuite/../g77 version 3.4 20031019
(experimental)
=== gcc tests ===
Running target unix
UNRESOLVED: gcc.c-torture/execute/wchar_t-1.c execution, -O0
UNRESOLVED: gcc.c-torture/execute/wchar_t-1.c execution, -O1
UNRESOLVED: gcc.c-torture/execute/wchar_t-1.c execution, -O2
UNRESOLVED: gcc.c-torture/execute/wchar_t-1.c execution, -O3
-fomit-frame-pointer
UNRESOLVED: gcc.c-torture/execute/wchar_t-1.c execution, -O3 -g
UNRESOLVED: gcc.c-torture/execute/wchar_t-1.c execution, -Os
FAIL: gcc.dg/cpp/19990228-1.c scan-file-not [^\\n]#
FAIL: gcc.dg/cpp/_Pragma4.c scan-file (^|\\n)#pragma bar(\$|\\n)
FAIL: gcc.dg/cpp/avoidpaste2.c scan-file (^|\\n): : : - > - >
FAIL: gcc.dg/cpp/avoidpaste2.c scan-file (^|\\n):2: :22 22:
FAIL: gcc.dg/cpp/cmdlne-dD-dM.c scan-file (^|\\n)#define foo bar(\$|\\n)
FAIL: gcc.dg/cpp/cmdlne-dM-M.c scan-file (^|\\n)#define foo bar(\$|\\n)
FAIL: gcc.dg/cpp/cmdlne-dM-dD.c scan-file (^|\\n)#define foo bar(\$|\\n)
FAIL: gcc.dg/cpp/maccom1.c scan-file (^|\\n)passed
WARNING: gcc.dg/20021014-1.c compilation failed to produce executable
FAIL: gcc.dg/builtins-18.c (test for excess errors)
FAIL: gcc.dg/builtins-20.c (test for excess errors)
ERROR: gcc.dg/const-elim-2.c: error executing dg-final: bad switch
"-inline": must be -indices, -nocase, or --
UNRESOLVED: gcc.dg/const-elim-2.c: error executing dg-final: bad switch
"-inline": must be -indices, -nocase, or --
WARNING: gcc.dg/nest.c compilation failed to produce executable
XPASS: gcc.dg/sibcall-3.c execution test
XPASS: gcc.dg/sibcall-4.c execution test
FAIL: gcc.dg/unused-5.c scan-assembler string_to_look_for
FAIL: gcc.dg/special/wkali-2.c (test for excess errors)
FAIL: gcc.dg/special/wkali-2.c execution test
=== gcc Summary for unix ===
# of expected passes 23120
# of unexpected failures 13
# of unexpected successes 2
# of expected failures 85
# of unresolved testcases 7
# of untested testcases 7
# of unsupported tests 254
Running target unix/-mabi=64
UNRESOLVED: gcc.c-torture/execute/wchar_t-1.c execution, -O0
UNRESOLVED: gcc.c-torture/execute/wchar_t-1.c execution, -O1
UNRESOLVED: gcc.c-torture/execute/wchar_t-1.c execution, -O2
UNRESOLVED: gcc.c-torture/execute/wchar_t-1.c execution, -O3
-fomit-frame-pointer
UNRESOLVED: gcc.c-torture/execute/wchar_t-1.c execution, -O3 -g
UNRESOLVED: gcc.c-torture/execute/wchar_t-1.c execution, -Os
FAIL: gcc.dg/cpp/19990228-1.c scan-file-not [^\\n]#
FAIL: gcc.dg/cpp/_Pragma4.c scan-file (^|\\n)#pragma bar(\$|\\n)
FAIL: gcc.dg/cpp/avoidpaste2.c scan-file (^|\\n): : : - > - >
FAIL: gcc.dg/cpp/avoidpaste2.c scan-file (^|\\n):2: :22 22:
FAIL: gcc.dg/cpp/cmdlne-dD-dM.c scan-file (^|\\n)#define foo bar(\$|\\n)
FAIL: gcc.dg/cpp/cmdlne-dM-M.c scan-file (^|\\n)#define foo bar(\$|\\n)
FAIL: gcc.dg/cpp/cmdlne-dM-dD.c scan-file (^|\\n)#define foo bar(\$|\\n)
FAIL: gcc.dg/cpp/maccom1.c scan-file (^|\\n)passed
WARNING: gcc.dg/20021014-1.c compilation failed to produce executable
FAIL: gcc.dg/builtins-18.c (test for excess errors)
FAIL: gcc.dg/builtins-20.c (test for excess errors)
ERROR: gcc.dg/const-elim-2.c: error executing dg-final: bad switch
"-inline": must be -indices, -nocase, or --
UNRESOLVED: gcc.dg/const-elim-2.c: error executing dg-final: bad switch
"-inline": must be -indices, -nocase, or --
FAIL: gcc.dg/funcorder.c scan-assembler-not link_error
WARNING: gcc.dg/nest.c compilation failed to produce executable
XPASS: gcc.dg/sibcall-3.c execution test
XPASS: gcc.dg/sibcall-4.c execution test
FAIL: gcc.dg/unused-5.c scan-assembler string_to_look_for
FAIL: gcc.dg/special/wkali-2.c (test for excess errors)
FAIL: gcc.dg/special/wkali-2.c execution test
=== gcc Summary for unix/-mabi=64 ===
# of expected passes 23119
# of unexpected failures 14
# of unexpected successes 2
# of expected failures 85
# of unresolved testcases 7
# of untested testcases 7
# of unsupported tests 254
=== gcc Summary ===
# of expected passes 46239
# of unexpected failures 27
# of unexpected successes 4
# of expected failures 170
# of unresolved testcases 14
# of untested testcases 14
# of unsupported tests 508
/disk4/billingd/obj/gcc/gcc/xgcc version 3.4 20031019 (experimental)
=== objc tests ===
Running target unix
FAIL: objc.dg/encode-2.m execution test
FAIL: objc.dg/encode-3.m execution test
FAIL: objc.dg/encode-4.m execution test
=== objc Summary for unix ===
# of expected passes 1334
# of unexpected failures 3
# of unsupported tests 7
Running target unix/-mabi=64
FAIL: objc.dg/call-super-2.m (test for excess errors)
FAIL: objc.dg/desig-init-1.m (test for excess errors)
FAIL: objc.dg/encode-2.m execution test
FAIL: objc.dg/encode-3.m execution test
FAIL: objc.dg/encode-4.m execution test
FAIL: objc.dg/proto-qual-1.m execution test
=== objc Summary for unix/-mabi=64 ===
# of expected passes 1331
# of unexpected failures 6
# of unsupported tests 7
=== objc Summary ===
# of expected passes 2665
# of unexpected failures 9
# of unsupported tests 14
/disk4/billingd/obj/gcc/gcc/xgcc version 3.4 20031019 (experimental)
=== libstdc++ tests ===
Running target unix
FAIL: 18_support/numeric_limits.cc execution test
FAIL: 21_strings/basic_string/inserters_extractors/wchar_t/1.cc
execution test
FAIL: 21_strings/basic_string/inserters_extractors/wchar_t/5.cc
execution test
FAIL: 22_locale/ctype/cons/char/1.cc execution test
FAIL: 22_locale/ctype/is/wchar_t/1.cc execution test
FAIL: 22_locale/ctype/scan/wchar_t/1.cc execution test
FAIL: 23_containers/vector/bool/6886.cc (test for excess errors)
WARNING: 23_containers/vector/bool/6886.cc compilation failed to produce
executable
FAIL: 26_numerics/c99_classification_macros_c++.cc (test for excess
errors)
FAIL: 26_numerics/c99_classification_macros_c.cc (test for excess
errors)
FAIL: 27_io/basic_filebuf/sgetn/char/1-in.cc execution test
FAIL: 27_io/basic_filebuf/sgetn/char/1-io.cc execution test
FAIL: 27_io/basic_filebuf/sgetn/char/2-in.cc execution test
FAIL: 27_io/basic_filebuf/sgetn/char/2-io.cc execution test
FAIL: 27_io/basic_istream/readsome/char/6746-2.cc execution test
=== libstdc++ Summary for unix ===
# of expected passes 2144
# of unexpected failures 14
# of expected failures 11
# of unsupported tests 7
Running target unix/-mabi=64
FAIL: 18_support/numeric_limits.cc execution test
FAIL: 21_strings/basic_string/inserters_extractors/wchar_t/1.cc
execution test
FAIL: 21_strings/basic_string/inserters_extractors/wchar_t/5.cc
execution test
FAIL: 22_locale/ctype/cons/char/1.cc execution test
FAIL: 22_locale/ctype/is/wchar_t/1.cc execution test
FAIL: 22_locale/ctype/scan/wchar_t/1.cc execution test
FAIL: 26_numerics/c99_classification_macros_c++.cc (test for excess
errors)
FAIL: 26_numerics/c99_classification_macros_c.cc (test for excess
errors)
FAIL: 27_io/basic_filebuf/sgetn/char/1-in.cc execution test
FAIL: 27_io/basic_filebuf/sgetn/char/1-io.cc execution test
FAIL: 27_io/basic_filebuf/sgetn/char/2-in.cc execution test
FAIL: 27_io/basic_filebuf/sgetn/char/2-io.cc execution test
FAIL: 27_io/basic_istream/readsome/char/6746-2.cc execution test
=== libstdc++ Summary for unix/-mabi=64 ===
# of expected passes 2146
# of unexpected failures 13
# of expected failures 11
# of unsupported tests 7
=== libstdc++ Summary ===
# of expected passes 4290
# of unexpected failures 27
# of expected failures 22
# of unsupported tests 14
Compiler version: 3.4 20031019 (experimental)
Platform: mips-sgi-irix6.5
configure flags: --enable-shared --enable-haifa --enable-threads=single
--enable-libjava --disable-nls --prefix=/disk4/billingd/tmp/gcc
Counting all warnings,
there are 312 warnings in stage3 of this bootstrap.
Number of warnings per file:
112 gcc/libgcc2.c
46 tp-bit.c
46 fp-bit.c
46 dp-bit.c
9 gcc/crtstuff.c
9 gcc/config/mips/mips.md
8 gcc/libgcov.c
6 gcc/unwind-dw2.c
5 gcc/unwind-sjlj.c
4 gcc/config/mips/irix6-libc-compat.c
3 gcc/gcc.c
2 insn-conditions.c
2 gcc/unwind-dw2-fde.c
2 gcc/unwind-c.c
2 gcc/objc/lang-specs.h
2 gcc/gthr-gnat.c
2 gcc/f/sta.c
2 gcc/config/mips/_tilib.c
2 /usr/local/share/bison/bison.simple
1 gcc/unwind-pe.h
1 gcc/java/jvspec.c
Number of warning types:
137 -g option disabled
137 -g is only supported using GNU as with -mabi=32,
8 string length \`???' is greater than the length \`???' ISO C89
compilers are required to support
6 operand 1 missing mode?
4 comparison between signed and unsigned
3 operand 0 missing mode?
2 no previous prototype for 'inet_makeaddr'
2 no previous prototype for '__do_global_dtors'
2 no previous prototype for '__do_global_ctors'
2 label \`???' defined but not used
2 dereferencing type-punned pointer will break strict-aliasing rules
1 unused parameter 'pc'
1 unused parameter 'context'
1 return makes integer from pointer without a cast
1 no previous prototype for '__do_global_ctors_1'
1 -g option disabled./xgcc -B./
-B/disk4/billingd/tmp/gcc/mips-sgi-irix6.5/bin/ -isystem
/disk4/billingd/tmp/gcc/mips-sgi-irix6.5/include -isystem
/disk4/billingd/tmp/gcc/mips-sgi-irix6.5/sys-include
-L/disk4/billingd/obj/gcc/gcc/../ld -O2 -DIN_GCC -W -Wall
-Wwrite-strings -Wstrict-prototypes -Wmissing-prototypes -isystem
./include -g -DIN_LIBGCC2 -D__GCC_FLOAT_NOT_NEEDED -I. -I.
-I/disk4/billingd/src/gcc/gcc -I/disk4/billingd/src/gcc/gcc/.
-I/disk4/billingd/src/gcc/gcc/../include -DFINE_GRAINED_LIBRARIES
-mabi=32 -DL_eq_tf -c tp-bit.c -o libgcc/mabi=32/_eq_tf.o
1 -g is only supported using GNU as with -mabi=32,./xgcc -B./
-B/disk4/billingd/tmp/gcc/mips-sgi-irix6.5/bin/ -isystem
/disk4/billingd/tmp/gcc/mips-sgi-irix6.5/include -isystem
/disk4/billingd/tmp/gcc/mips-sgi-irix6.5/sys-include
-L/disk4/billingd/obj/gcc/gcc/../ld -O2 -DIN_GCC -W -Wall
-Wwrite-strings -Wstrict-prototypes -Wmissing-prototypes -isystem
./include -g -DIN_LIBGCC2 -D__GCC_FLOAT_NOT_NEEDED -I. -I.
-I/disk4/billingd/src/gcc/gcc -I/disk4/billingd/src/gcc/gcc/.
-I/disk4/billingd/src/gcc/gcc/../include -DFINE_GRAINED_LIBRARIES
-mabi=32 -DL_addsub_df -c dp-bit.c -o libgcc/mabi=32/_addsub_df.o
1 'size_of_encoded_value' defined but not used
More information about the Gcc-testresults
mailing list