Results for 3.3.2 testsuite on i686-pc-linux-gnu

H.J. Lu hjl@gnu-6.sc.intel.com
Fri Oct 17 15:52:00 GMT 2003


LAST_UPDATED: Fri Oct 17 06:24:18 UTC 2003

Native configuration is i686-pc-linux-gnu

		=== g77 tests ===


Running target unix

		=== g77 Summary ===

# of expected passes		1702
/export/build/gnu/gcc-3.3/build-i686-linux/gcc/testsuite/../g77 version 3.3.2

		=== gcc tests ===


Running target unix
FAIL: gcc.dg/duff-2.c (test for excess errors)

		=== gcc Summary ===

# of expected passes		21219
# of unexpected failures	1
# of expected failures		69
# of unsupported tests		88
/export/build/gnu/gcc-3.3/build-i686-linux/gcc/xgcc version 3.3.2

		=== g++ tests ===


Running target unix

		=== g++ Summary ===

# of expected passes		8159
# of expected failures		95
# of untested testcases		9
# of unsupported tests		14
/export/build/gnu/gcc-3.3/build-i686-linux/gcc/testsuite/../g++ version 3.3.2

		=== objc tests ===


Running target unix

		=== objc Summary ===

# of expected passes		1153
/export/build/gnu/gcc-3.3/build-i686-linux/gcc/xgcc version 3.3.2

		=== libjava tests ===


Running target unix
WARNING: program timed out.
FAIL: SyncTest execution - gij test
WARNING: program timed out.
FAIL: SyncTest execution - gij test

		=== libjava Summary ===

# of expected passes		2987
# of unexpected failures	2
# of expected failures		16
# of untested testcases		14
		=== libstdc++-v3 tests ===


Running target unix
FAIL: 22_locale/codecvt_members_char_char.cc execution test
FAIL: 22_locale/codecvt_members_wchar_t_char.cc execution test
FAIL: 22_locale/ctor_copy_dtor.cc execution test
FAIL: 22_locale/ctype_to_char.cc execution test
FAIL: 22_locale/ctype_to_wchar_t.cc execution test
FAIL: 22_locale/facet.cc execution test
FAIL: 27_io/filebuf_virtuals.cc execution test
FAIL: 27_io/ostream_inserter_arith.cc execution test
FAIL: 27_io/streambuf_members.cc execution test
FAIL: 27_io/stringbuf_virtuals.cc execution test

		=== libstdc++-v3 Summary ===

# of expected passes		443
# of unexpected failures	10
# of expected failures		28

Compiler version: 3.3.2 
Platform: i686-pc-linux-gnu
configure flags: --host=i686-pc-linux-gnu --enable-clocale=gnu --with-system-zlib --enable-shared --enable-threads=posix --enable-haifa --disable-checking --prefix=/usr/gcc-3.3 --with-local-prefix=/usr/local



More information about the Gcc-testresults mailing list