Results for 3.4 20031016 (experimental) testsuite on powerpc-unknown-linux-gnu
Olaf Hering
olh@suse.de
Fri Oct 17 09:58:00 GMT 2003
LAST_UPDATED: Fri Oct 17 00:00:42 UTC 2003
Native configuration is powerpc-unknown-linux-gnu
=== g++ tests ===
Running target unix
FAIL: g++.dg/ext/complit1.C (test for excess errors)
XPASS: g++.dg/ext/lvalue1.C not an lvalue (test for errors, line 7)
FAIL: g++.dg/ext/pretty1.C scan-assembler top level
FAIL: g++.dg/ext/pretty2.C (test for excess errors)
WARNING: g++.dg/ext/pretty2.C compilation failed to produce executable
XPASS: g++.dg/other/packed1.C execution test
FAIL: g++.dg/parse/crash10.C (test for errors, line 14)
XPASS: g++.dg/warn/Wunused-2.C (test for warnings, line 5)
WARNING: g++.old-deja/g++.mike/p10769a.C compilation failed to produce executable
WARNING: g++.old-deja/g++.other/enum5.C compilation failed to produce executable
XPASS: g++.old-deja/g++.other/init5.C execution test
WARNING: g++.old-deja/g++.pt/friend44.C compilation failed to produce executable
FAIL: g++.old-deja/g++.pt/vaarg3.C (test for excess errors)
=== g++ Summary ===
# of expected passes 9000
# of unexpected failures 5
# of unexpected successes 4
# of expected failures 59
# of unsupported tests 61
/abuild/gcc_cvs_build/obj/obj-gcc34/gcc/testsuite/../g++ version 3.4 20031016 (experimental)
=== g77 tests ===
Running target unix
FAIL: g77.f-torture/execute/labug1.f compilation, -O3 -fomit-frame-pointer
FAIL: g77.f-torture/execute/labug1.f compilation, -O3 -fomit-frame-pointer -funroll-loops
FAIL: g77.f-torture/execute/labug1.f compilation, -O3 -fomit-frame-pointer -funroll-all-loops -finline-functions
FAIL: g77.f-torture/execute/labug1.f compilation, -O3 -g
=== g77 Summary ===
# of expected passes 1744
# of unexpected failures 4
# of expected failures 1
# of untested testcases 5
# of unsupported tests 6
/abuild/gcc_cvs_build/obj/obj-gcc34/gcc/testsuite/../g77 version 3.4 20031016 (experimental)
=== gcc tests ===
Running target unix
FAIL: gcc.c-torture/execute/20030125-1.c execution, -O1
FAIL: gcc.c-torture/execute/20030125-1.c execution, -O2
FAIL: gcc.c-torture/execute/20030125-1.c execution, -O3 -fomit-frame-pointer
FAIL: gcc.c-torture/execute/20030125-1.c execution, -O3 -g
FAIL: gcc.c-torture/execute/20030125-1.c execution, -Os
FAIL: gcc.c-torture/execute/va-arg-25.c execution, -O0
FAIL: gcc.c-torture/execute/va-arg-25.c execution, -O1
FAIL: gcc.c-torture/execute/va-arg-25.c execution, -O2
FAIL: gcc.c-torture/execute/va-arg-25.c execution, -O3 -fomit-frame-pointer
FAIL: gcc.c-torture/execute/va-arg-25.c execution, -O3 -g
FAIL: gcc.c-torture/execute/va-arg-25.c execution, -Os
UNRESOLVED: gcc.c-torture/execute/wchar_t-1.c execution, -O0
UNRESOLVED: gcc.c-torture/execute/wchar_t-1.c execution, -O1
UNRESOLVED: gcc.c-torture/execute/wchar_t-1.c execution, -O2
UNRESOLVED: gcc.c-torture/execute/wchar_t-1.c execution, -O3 -fomit-frame-pointer
UNRESOLVED: gcc.c-torture/execute/wchar_t-1.c execution, -O3 -g
UNRESOLVED: gcc.c-torture/execute/wchar_t-1.c execution, -Os
FAIL: gcc.dg/compat/scalar-by-value-3 c_compat_x_tst.o-c_compat_y_tst.o execute
FAIL: gcc.dg/compat/scalar-return-3 c_compat_x_tst.o-c_compat_y_tst.o execute
FAIL: gcc.dg/20020103-1.c scan-assembler-not LC
FAIL: gcc.dg/20020118-1.c execution test
FAIL: gcc.dg/altivec-5.c (test for excess errors)
FAIL: gcc.dg/builtins-18.c (test for excess errors)
FAIL: gcc.dg/builtins-20.c (test for excess errors)
FAIL: gcc.dg/ppc-sdata-1.c scan-assembler sdat@sdarel\\(13\\)
FAIL: gcc.dg/ppc-sdata-1.c scan-assembler sdat2@sda21\\(2\\)
=== gcc Summary ===
# of expected passes 24232
# of unexpected failures 20
# of expected failures 80
# of unresolved testcases 6
# of untested testcases 7
# of unsupported tests 254
/abuild/gcc_cvs_build/obj/obj-gcc34/gcc/xgcc version 3.4 20031016 (experimental)
=== objc tests ===
Running target unix
FAIL: objc.dg/encode-2.m execution test
FAIL: objc.dg/encode-3.m execution test
FAIL: objc.dg/encode-4.m execution test
=== objc Summary ===
# of expected passes 1334
# of unexpected failures 3
# of unsupported tests 7
/abuild/gcc_cvs_build/obj/obj-gcc34/gcc/xgcc version 3.4 20031016 (experimental)
=== libffi tests ===
Running target unix
=== libffi Summary ===
# of expected passes 125
# of unsupported tests 2
=== libjava tests ===
Running target unix
FAIL: Array_3 -O3 execution - source compiled test
=== libjava Summary ===
# of expected passes 3167
# of unexpected failures 1
# of expected failures 10
# of untested testcases 9
=== libstdc++ tests ===
Running target unix
XPASS: 26_numerics/c99_classification_macros_c.cc (test for excess errors)
=== libstdc++ Summary ===
# of expected passes 2172
# of unexpected successes 1
# of expected failures 11
Compiler version: 3.4 20031016 (experimental)
Platform: powerpc-unknown-linux-gnu
configure flags: --enable-checking --enable-libgcj --enable-shared --enable-__cxa_atexit --enable-threads --enable-languages=c,c++,f77,java,objc,ada --prefix=/abuild/gcc_cvs_build/obj/install-gcc34 --with-system-zlib
GNU ld version 2.14.90 20030704 (SuSE Linux)
FAIL: gcc.dg/altivec-5.c (test for excess errors)
output is:
/home/foo/src/gcc-head/gcc/testsuite/gcc.dg/altivec-5.c: In function \`foo':
/home/foo/src/gcc-head/gcc/testsuite/gcc.dg/altivec-5.c:12: error: unrecognizable insn:
(insn:HI 5 18 6 0 (set (reg/v:V4SI 120 [ b ])
(mem/f:V4SI (plus:SI (reg/f:SI ap)
(const_int 8 [0x8])) [4 b+0 S16 A128])) -1 (nil)
(nil))
/home/foo/src/gcc-head/gcc/testsuite/gcc.dg/altivec-5.c:12: internal compiler error: in extract_insn, at recog.c:2064
Please submit a full bug report,
with preprocessed source if appropriate.
See <URL:http://gcc.gnu.org/bugs.html> for instructions.
FAIL: gcc.dg/builtins-18.c (test for excess errors)
output is:
/tmp/ccygG8Gp.o(.text+0x7c): In function \`main':
: undefined reference to \`link_error'
/tmp/ccygG8Gp.o(.text+0x84): In function \`main':
: undefined reference to \`link_error'
/tmp/ccygG8Gp.o(.text+0x9c): In function \`main':
: undefined reference to \`link_error'
/tmp/ccygG8Gp.o(.text+0xa4): In function \`main':
: undefined reference to \`link_error'
collect2: ld returned 1 exit status
FAIL: gcc.dg/builtins-20.c (test for excess errors)
output is:
/tmp/ccWWGAus.o(.text+0xb4): In function \`test1l':
: undefined reference to \`link_error'
/tmp/ccWWGAus.o(.text+0xcc): In function \`test1l':
: undefined reference to \`link_error'
/tmp/ccWWGAus.o(.text+0xdc): In function \`test1l':
: undefined reference to \`link_error'
/tmp/ccWWGAus.o(.text+0xe4): In function \`test1l':
: undefined reference to \`link_error'
/tmp/ccWWGAus.o(.text+0x1c8): In function \`test1f':
: undefined reference to \`link_error'
/tmp/ccWWGAus.o(.text+0x1e0): more undefined references to \`link_error' follow
collect2: ld returned 1 exit status
FAIL: g++.dg/ext/complit1.C (test for excess errors)
output is:
/home/foo/src/gcc-head/gcc/testsuite/g++.dg/ext/complit1.C: In constructor \`Foo::Foo(int, int)':
/home/foo/src/gcc-head/gcc/testsuite/g++.dg/ext/complit1.C:13: error: ISO C++ forbids compound-literals
/home/foo/src/gcc-head/gcc/testsuite/g++.dg/ext/complit1.C:14: error: conversion from \`int[2]' to non-scalar type \`const int[2]' requested
FAIL: g++.dg/ext/pretty2.C (test for excess errors)
output is:
/tmp/ccAliLY5.o(.text+0x1de): In function \`__static_initialization_and_destruction_0(int, int)':
: undefined reference to \`__PRETTY_FUNCTION__'
/tmp/ccAliLY5.o(.text+0x1e2): In function \`__static_initialization_and_destruction_0(int, int)':
: undefined reference to \`__PRETTY_FUNCTION__'
/tmp/ccAliLY5.o(.text+0x242): In function \`__static_initialization_and_destruction_0(int, int)':
: undefined reference to \`__PRETTY_FUNCTION__'
/tmp/ccAliLY5.o(.text+0x246): In function \`__static_initialization_and_destruction_0(int, int)':
: undefined reference to \`__PRETTY_FUNCTION__'
/tmp/ccAliLY5.o(.text+0x2a6): In function \`__static_initialization_and_destruction_0(int, int)':
: undefined reference to \`__PRETTY_FUNCTION__'
/tmp/ccAliLY5.o(.text+0x2aa): more undefined references to \`__PRETTY_FUNCTION__' follow
collect2: ld returned 1 exit status
FAIL: g++.dg/parse/crash10.C (test for errors, line 14)
output is:
/home/foo/src/gcc-head/gcc/testsuite/g++.dg/parse/crash10.C:12: error: using \`typename' outside of template
/home/foo/src/gcc-head/gcc/testsuite/g++.dg/parse/crash10.C:12: error: using \`typename' outside of template
/home/foo/src/gcc-head/gcc/testsuite/g++.dg/parse/crash10.C:13: error: expected nested-name-specifier
/home/foo/src/gcc-head/gcc/testsuite/g++.dg/parse/crash10.C:13: error: expected unqualified-id
/home/foo/src/gcc-head/gcc/testsuite/g++.dg/parse/crash10.C:13: error: expected \`}'
/home/foo/src/gcc-head/gcc/testsuite/g++.dg/parse/crash10.C:13: error: expected unqualified-id
/home/foo/src/gcc-head/gcc/testsuite/g++.dg/parse/crash10.C:13: error: expected \`,' or \`;'
FAIL: g77.f-torture/execute/labug1.f compilation, -O3 -fomit-frame-pointer
output is:
/home/foo/src/gcc-head/gcc/testsuite/g77.f-torture/execute/labug1.f: In program \`labug1':
In file included from /home/foo/src/gcc-head/gcc/testsuite/g77.f-torture/execute/labug1.f:0:
/home/foo/src/gcc-head/gcc/testsuite/g77.f-torture/execute/labug1.f:42: internal compiler error: Segmentation fault
Please submit a full bug report,
with preprocessed source if appropriate.
See <URL:http://gcc.gnu.org/bugs.html> for instructions.
FAIL: g77.f-torture/execute/labug1.f compilation, -O3 -fomit-frame-pointer -funroll-loops
output is:
/home/foo/src/gcc-head/gcc/testsuite/g77.f-torture/execute/labug1.f: In program \`labug1':
In file included from /home/foo/src/gcc-head/gcc/testsuite/g77.f-torture/execute/labug1.f:0:
/home/foo/src/gcc-head/gcc/testsuite/g77.f-torture/execute/labug1.f:42: internal compiler error: Segmentation fault
Please submit a full bug report,
with preprocessed source if appropriate.
See <URL:http://gcc.gnu.org/bugs.html> for instructions.
FAIL: g77.f-torture/execute/labug1.f compilation, -O3 -fomit-frame-pointer -funroll-all-loops -finline-functions
output is:
/home/foo/src/gcc-head/gcc/testsuite/g77.f-torture/execute/labug1.f: In program \`labug1':
In file included from /home/foo/src/gcc-head/gcc/testsuite/g77.f-torture/execute/labug1.f:0:
/home/foo/src/gcc-head/gcc/testsuite/g77.f-torture/execute/labug1.f:42: internal compiler error: Segmentation fault
Please submit a full bug report,
with preprocessed source if appropriate.
See <URL:http://gcc.gnu.org/bugs.html> for instructions.
FAIL: g77.f-torture/execute/labug1.f compilation, -O3 -g
output is:
/home/foo/src/gcc-head/gcc/testsuite/g77.f-torture/execute/labug1.f: In program \`labug1':
In file included from /home/foo/src/gcc-head/gcc/testsuite/g77.f-torture/execute/labug1.f:0:
/home/foo/src/gcc-head/gcc/testsuite/g77.f-torture/execute/labug1.f:42: internal compiler error: Segmentation fault
Please submit a full bug report,
with preprocessed source if appropriate.
See <URL:http://gcc.gnu.org/bugs.html> for instructions.
More information about the Gcc-testresults
mailing list