Results for [trunk] 3.420031016(experimental) testsuite on i686-pc-linux-gnu
Autocrasher
autocrasher@devphil.com
Thu Oct 16 14:00:00 GMT 2003
The configure/build/test log and libstdc++-v3 regression plots can be
found at http://www.devphil.com/build/
Host was specified as athlon_mp-pc-linux-gnu.
This particular run used standard (previously installed) binutils.
- The Autocrasher (Phil's Builder Bot, version 2.0)
LAST_UPDATED: Mon Feb 3 09:55:58 UTC 2003
Native configuration is i686-pc-linux-gnu
=== g++ tests ===
Running target unix
FAIL: g++.dg/ext/complit1.C (test for excess errors)
XPASS: g++.dg/ext/lvalue1.C not an lvalue (test for errors, line 7)
FAIL: g++.dg/ext/pretty1.C scan-assembler top level
FAIL: g++.dg/ext/pretty2.C (test for excess errors)
WARNING: g++.dg/ext/pretty2.C compilation failed to produce executable
FAIL: g++.dg/other/static11.C (test for excess errors)
FAIL: g++.dg/parse/crash10.C (test for errors, line 14)
XPASS: g++.dg/warn/Wunused-2.C (test for warnings, line 5)
WARNING: g++.old-deja/g++.mike/p10769a.C compilation failed to produce executable
WARNING: g++.old-deja/g++.other/enum5.C compilation failed to produce executable
XPASS: g++.old-deja/g++.other/init5.C execution test
WARNING: g++.old-deja/g++.pt/friend44.C compilation failed to produce executable
FAIL: g++.old-deja/g++.pt/vaarg3.C (test for excess errors)
=== g++ Summary ===
# of expected passes 9060
# of unexpected failures 6
# of unexpected successes 3
# of expected failures 59
# of unsupported tests 29
/mnt/build/build-2003-10-16-trunk/gcc/testsuite/../g++ version 3.4 20031016 (experimental)
=== libstdc++-v3 check-abi Summary ===
# of added symbols: 189
# of missing symbols: 203
# of incompatible symbols: 207
=== libstdc++ tests ===
Running target unix
XPASS: 26_numerics/c99_classification_macros_c.cc (test for excess errors)
=== libstdc++ Summary ===
# of expected passes 2152
# of unexpected successes 1
# of expected failures 11
Compiler version: 3.420031016(experimental)
Platform: i686-pc-linux-gnu
configure flags: --prefix=/mnt/build/install-2003-10-16-trunk --enable-threads=posix --enable-__cxa_atexit --enable-languages=c++ --with-dwarf2
More information about the Gcc-testresults
mailing list