Results for 3.4 20031015 (experimental) testsuite on i786-pc-cygwin
Christian Joensson
christian@j-son.org
Wed Oct 15 16:15:00 GMT 2003
Windows XP/Pro SP1 cygwin P4 system with these packages:
binutils 2.14.90 20030901 (cygwin ver. 20030901-1)
bison 1.875b (cygwin ver. 20030307-1)
cygwin 1.5.5-1
dejagnu 1.4.2.x (cygwin ver. 20021217-2)
gawk 3.1.3-3
gcc 3.3.1-2
w32api 2.4-1
LAST_UPDATED: Wed Oct 15 06:46:40 GMT 2003
Native configuration is i786-pc-cygwin
=== g++ tests ===
Running target unix
FAIL: g++.dg/abi/bitfield3.C execution test
FAIL: g++.dg/abi/vcall1.C execution test
FAIL: g++.dg/ext/complit1.C (test for excess errors)
FAIL: g++.dg/ext/dllexport1.C scan-assembler -export:_ZN3Bar10inline_barEi
FAIL: g++.dg/ext/instantiate3.C scan-assembler-not
XPASS: g++.dg/ext/lvalue1.C not an lvalue (test for errors, line 7)
FAIL: g++.dg/ext/pretty1.C scan-assembler top level
FAIL: g++.dg/ext/pretty2.C (test for excess errors)
WARNING: g++.dg/ext/pretty2.C compilation failed to produce executable
FAIL: g++.dg/inherit/covariant1.C execution test
FAIL: g++.dg/inherit/covariant2.C execution test
FAIL: g++.dg/inherit/covariant3.C execution test
FAIL: g++.dg/inherit/covariant4.C execution test
FAIL: g++.dg/init/array4.C (test for excess errors)
FAIL: g++.dg/opt/vt1.C scan-assembler-not section[^
FAIL: g++.dg/other/static11.C (test for excess errors)
FAIL: g++.dg/parse/crash10.C (test for errors, line 14)
FAIL: g++.dg/parse/parse5.C (test for excess errors)
FAIL: g++.dg/parse/stack1.C (test for excess errors)
FAIL: g++.dg/template/friend.C (test for excess errors)
FAIL: g++.dg/template/friend10.C (test for excess errors)
WARNING: g++.dg/template/friend10.C compilation failed to produce executable
XPASS: g++.dg/warn/Wunused-2.C (test for warnings, line 5)
FAIL: g++.dg/pch/empty.C (test for excess errors)
FAIL: g++.dg/pch/empty.C (test for excess errors)
FAIL: g++.dg/pch/empty.C (test for excess errors)
FAIL: g++.dg/pch/static-1.C (test for excess errors)
FAIL: g++.dg/pch/static-1.C (test for excess errors)
FAIL: g++.dg/pch/static-1.C (test for excess errors)
FAIL: g++.dg/pch/system-1.C (test for excess errors)
FAIL: g++.dg/pch/system-1.C (test for excess errors)
FAIL: g++.dg/pch/system-1.C (test for excess errors)
FAIL: g++.dg/pch/system-2.C (test for excess errors)
FAIL: g++.dg/pch/system-2.C (test for excess errors)
FAIL: g++.dg/pch/system-2.C (test for excess errors)
FAIL: g++.dg/pch/uninst.C (test for excess errors)
FAIL: g++.dg/pch/uninst.C (test for excess errors)
FAIL: g++.dg/pch/uninst.C (test for excess errors)
FAIL: g++.dg/special/initp1.C execution test
FAIL: g++.old-deja/g++.abi/vtable3a.C execution test
FAIL: g++.old-deja/g++.abi/vtable3b.C execution test
FAIL: g++.old-deja/g++.abi/vtable3c.C execution test
FAIL: g++.old-deja/g++.abi/vtable3d.C execution test
FAIL: g++.old-deja/g++.abi/vtable3e.C execution test
FAIL: g++.old-deja/g++.abi/vtable3f.C execution test
FAIL: g++.old-deja/g++.abi/vtable3g.C execution test
FAIL: g++.old-deja/g++.abi/vtable3h.C execution test
FAIL: g++.old-deja/g++.abi/vtable3i.C execution test
FAIL: g++.old-deja/g++.abi/vtable3j.C execution test
FAIL: g++.old-deja/g++.benjamin/15071.C (test for excess errors)
WARNING: g++.old-deja/g++.benjamin/15071.C compilation failed to produce executable
FAIL: g++.old-deja/g++.brendan/copy9.C (test for excess errors)
WARNING: g++.old-deja/g++.brendan/copy9.C compilation failed to produce executable
FAIL: g++.old-deja/g++.brendan/crash15.C (test for excess errors)
FAIL: g++.old-deja/g++.brendan/crash20.C (test for excess errors)
FAIL: g++.old-deja/g++.brendan/crash30.C (test for excess errors)
FAIL: g++.old-deja/g++.brendan/crash38.C (test for excess errors)
FAIL: g++.old-deja/g++.brendan/crash49.C (test for excess errors)
FAIL: g++.old-deja/g++.brendan/crash62.C (test for excess errors)
FAIL: g++.old-deja/g++.brendan/cvt1.C (test for excess errors)
FAIL: g++.old-deja/g++.brendan/err-msg3.C (test for excess errors)
FAIL: g++.old-deja/g++.brendan/nest21.C (test for excess errors)
WARNING: g++.old-deja/g++.brendan/nest21.C compilation failed to produce executable
FAIL: g++.old-deja/g++.brendan/ptolemy2.C (test for excess errors)
WARNING: g++.old-deja/g++.brendan/ptolemy2.C compilation failed to produce executable
FAIL: g++.old-deja/g++.eh/badalloc1.C execution test
FAIL: g++.old-deja/g++.ext/attrib5.C (test for excess errors)
XPASS: g++.old-deja/g++.ext/attrib5.C execution test
FAIL: g++.old-deja/g++.jason/template24.C (test for excess errors)
WARNING: g++.old-deja/g++.jason/template24.C compilation failed to produce executable
FAIL: g++.old-deja/g++.jason/template31.C (test for excess errors)
WARNING: g++.old-deja/g++.jason/template31.C compilation failed to produce executable
FAIL: g++.old-deja/g++.jason/typeid1.C (test for excess errors)
FAIL: g++.old-deja/g++.law/arg1.C (test for excess errors)
FAIL: g++.old-deja/g++.law/arg8.C (test for excess errors)
WARNING: g++.old-deja/g++.law/arg8.C compilation failed to produce executable
FAIL: g++.old-deja/g++.law/arm12.C (test for excess errors)
FAIL: g++.old-deja/g++.law/arm9.C (test for excess errors)
FAIL: g++.old-deja/g++.law/bad-error7.C (test for excess errors)
FAIL: g++.old-deja/g++.law/code-gen5.C (test for excess errors)
WARNING: g++.old-deja/g++.law/code-gen5.C compilation failed to produce executable
FAIL: g++.old-deja/g++.law/ctors10.C (test for excess errors)
FAIL: g++.old-deja/g++.law/ctors12.C (test for excess errors)
WARNING: g++.old-deja/g++.law/ctors12.C compilation failed to produce executable
FAIL: g++.old-deja/g++.law/ctors13.C (test for excess errors)
FAIL: g++.old-deja/g++.law/ctors17.C (test for excess errors)
FAIL: g++.old-deja/g++.law/ctors6.C (test for excess errors)
FAIL: g++.old-deja/g++.law/cvt16.C (test for excess errors)
FAIL: g++.old-deja/g++.law/cvt2.C (test for excess errors)
WARNING: g++.old-deja/g++.law/cvt2.C compilation failed to produce executable
FAIL: g++.old-deja/g++.law/missed-error2.C (test for excess errors)
FAIL: g++.old-deja/g++.law/nest3.C (test for excess errors)
FAIL: g++.old-deja/g++.law/operators32.C (test for excess errors)
FAIL: g++.old-deja/g++.law/operators4.C (test for excess errors)
FAIL: g++.old-deja/g++.law/vbase1.C (test for excess errors)
FAIL: g++.old-deja/g++.law/virtual3.C (test for excess errors)
WARNING: g++.old-deja/g++.law/virtual3.C compilation failed to produce executable
FAIL: g++.old-deja/g++.law/visibility1.C (test for excess errors)
FAIL: g++.old-deja/g++.law/visibility10.C (test for excess errors)
FAIL: g++.old-deja/g++.law/visibility13.C (test for excess errors)
FAIL: g++.old-deja/g++.law/visibility17.C (test for excess errors)
FAIL: g++.old-deja/g++.law/visibility2.C (test for excess errors)
FAIL: g++.old-deja/g++.law/visibility22.C (test for excess errors)
FAIL: g++.old-deja/g++.law/visibility25.C (test for excess errors)
FAIL: g++.old-deja/g++.law/visibility7.C (test for excess errors)
FAIL: g++.old-deja/g++.martin/bitset1.C (test for excess errors)
WARNING: g++.old-deja/g++.martin/bitset1.C compilation failed to produce executable
FAIL: g++.old-deja/g++.mike/dyncast5.C execution test
FAIL: g++.old-deja/g++.mike/misc13.C execution test
FAIL: g++.old-deja/g++.mike/net39.C execution test
FAIL: g++.old-deja/g++.mike/net46.C (test for excess errors)
WARNING: g++.old-deja/g++.mike/net46.C compilation failed to produce executable
WARNING: g++.old-deja/g++.mike/p10769a.C compilation failed to produce executable
FAIL: g++.old-deja/g++.mike/p2960.C execution test
FAIL: g++.old-deja/g++.mike/p3068.C execution test
FAIL: g++.old-deja/g++.mike/p3708b.C execution test
FAIL: g++.old-deja/g++.mike/p4246.C execution test
FAIL: g++.old-deja/g++.mike/p4736b.C execution test
FAIL: g++.old-deja/g++.mike/p4736c.C execution test
FAIL: g++.old-deja/g++.mike/p658.C (test for excess errors)
WARNING: g++.old-deja/g++.mike/p658.C compilation failed to produce executable
FAIL: g++.old-deja/g++.mike/pmf2.C execution test
FAIL: g++.old-deja/g++.mike/rtti1.C (test for excess errors)
FAIL: g++.old-deja/g++.mike/virt2.C execution test
FAIL: g++.old-deja/g++.mike/virt5.C execution test
FAIL: g++.old-deja/g++.ns/koenig9.C (test for excess errors)
FAIL: g++.old-deja/g++.oliva/thunk1.C execution test
FAIL: g++.old-deja/g++.other/defarg6.C (test for excess errors)
WARNING: g++.old-deja/g++.other/enum5.C compilation failed to produce executable
FAIL: g++.old-deja/g++.other/headers1.C (test for excess errors)
WARNING: g++.old-deja/g++.other/headers1.C compilation failed to produce executable
FAIL: g++.old-deja/g++.other/inline14.C (test for excess errors)
FAIL: g++.old-deja/g++.pt/crash68.C (test for excess errors)
WARNING: g++.old-deja/g++.pt/friend44.C compilation failed to produce executable
FAIL: g++.old-deja/g++.pt/instantiate10.C (test for excess errors)
FAIL: g++.old-deja/g++.robertl/eb109.C (test for excess errors)
FAIL: g++.old-deja/g++.robertl/eb113.C (test for excess errors)
FAIL: g++.old-deja/g++.robertl/eb124.C (test for excess errors)
FAIL: g++.old-deja/g++.robertl/eb127.C (test for excess errors)
FAIL: g++.old-deja/g++.robertl/eb129.C (test for excess errors)
FAIL: g++.old-deja/g++.robertl/eb129a.C (test for excess errors)
FAIL: g++.old-deja/g++.robertl/eb15.C (test for excess errors)
FAIL: g++.old-deja/g++.robertl/eb17.C execution test
FAIL: g++.old-deja/g++.robertl/eb21.C (test for excess errors)
WARNING: g++.old-deja/g++.robertl/eb21.C compilation failed to produce executable
FAIL: g++.old-deja/g++.robertl/eb24.C (test for excess errors)
FAIL: g++.old-deja/g++.robertl/eb3.C (test for excess errors)
FAIL: g++.old-deja/g++.robertl/eb30.C (test for excess errors)
FAIL: g++.old-deja/g++.robertl/eb31.C (test for excess errors)
WARNING: g++.old-deja/g++.robertl/eb31.C compilation failed to produce executable
FAIL: g++.old-deja/g++.robertl/eb33.C (test for excess errors)
WARNING: g++.old-deja/g++.robertl/eb33.C compilation failed to produce executable
FAIL: g++.old-deja/g++.robertl/eb39.C (test for excess errors)
FAIL: g++.old-deja/g++.robertl/eb4.C (test for excess errors)
FAIL: g++.old-deja/g++.robertl/eb41.C (test for excess errors)
WARNING: g++.old-deja/g++.robertl/eb41.C compilation failed to produce executable
FAIL: g++.old-deja/g++.robertl/eb43.C (test for excess errors)
FAIL: g++.old-deja/g++.robertl/eb44.C (test for excess errors)
FAIL: g++.old-deja/g++.robertl/eb46.C (test for excess errors)
WARNING: g++.old-deja/g++.robertl/eb46.C compilation failed to produce executable
FAIL: g++.old-deja/g++.robertl/eb54.C (test for excess errors)
WARNING: g++.old-deja/g++.robertl/eb54.C compilation failed to produce executable
FAIL: g++.old-deja/g++.robertl/eb55.C (test for excess errors)
FAIL: g++.old-deja/g++.robertl/eb59.C (test for excess errors)
WARNING: g++.old-deja/g++.robertl/eb59.C compilation failed to produce executable
FAIL: g++.old-deja/g++.robertl/eb60.C (test for excess errors)
FAIL: g++.old-deja/g++.robertl/eb65.C (test for excess errors)
WARNING: g++.old-deja/g++.robertl/eb65.C compilation failed to produce executable
FAIL: g++.old-deja/g++.robertl/eb66.C (test for excess errors)
WARNING: g++.old-deja/g++.robertl/eb66.C compilation failed to produce executable
FAIL: g++.old-deja/g++.robertl/eb77.C (test for excess errors)
WARNING: g++.old-deja/g++.robertl/eb77.C compilation failed to produce executable
FAIL: g++.old-deja/g++.robertl/eb79.C (test for excess errors)
FAIL: g++.old-deja/g++.robertl/eb91.C (test for excess errors)
WARNING: g++.old-deja/g++.robertl/eb91.C compilation failed to produce executable
=== g++ Summary ===
# of expected passes 8888
# of unexpected failures 141
# of unexpected successes 3
# of expected failures 60
# of untested testcases 15
# of unsupported tests 23
/usr/local/src/gcc-binutils/trunk/objdir/gcc/testsuite/../g++ version 3.4 20031015 (experimental)
=== g77 tests ===
Running target unix
FAIL: g77.f-torture/execute/auto0.f execution, -O3 -fomit-frame-pointer
FAIL: g77.f-torture/execute/auto0.f execution, -O3 -fomit-frame-pointer -funroll-loops
FAIL: g77.f-torture/execute/auto0.f execution, -O3 -fomit-frame-pointer -funroll-all-loops -finline-functions
FAIL: g77.f-torture/execute/auto0.f execution, -O3 -g
FAIL: g77.f-torture/execute/auto1.f execution, -O3 -fomit-frame-pointer
FAIL: g77.f-torture/execute/auto1.f execution, -O3 -fomit-frame-pointer -funroll-loops
FAIL: g77.f-torture/execute/auto1.f execution, -O3 -fomit-frame-pointer -funroll-all-loops -finline-functions
FAIL: g77.f-torture/execute/auto1.f execution, -O3 -g
=== g77 Summary ===
# of expected passes 1756
# of unexpected failures 8
# of expected failures 1
# of untested testcases 1
/usr/local/src/gcc-binutils/trunk/objdir/gcc/testsuite/../g77 version 3.4 20031015 (experimental)
=== gcc tests ===
Running target unix
FAIL: gcc.c-torture/execute/va-arg-25.c execution, -O0
FAIL: gcc.c-torture/execute/va-arg-25.c execution, -O1
FAIL: gcc.c-torture/execute/va-arg-25.c execution, -O2
FAIL: gcc.c-torture/execute/va-arg-25.c execution, -O3 -fomit-frame-pointer
FAIL: gcc.c-torture/execute/va-arg-25.c execution, -O3 -g
FAIL: gcc.c-torture/execute/va-arg-25.c execution, -Os
UNRESOLVED: gcc.c-torture/execute/wchar_t-1.c execution, -O0
UNRESOLVED: gcc.c-torture/execute/wchar_t-1.c execution, -O1
UNRESOLVED: gcc.c-torture/execute/wchar_t-1.c execution, -O2
UNRESOLVED: gcc.c-torture/execute/wchar_t-1.c execution, -O3 -fomit-frame-pointer
UNRESOLVED: gcc.c-torture/execute/wchar_t-1.c execution, -O3 -g
UNRESOLVED: gcc.c-torture/execute/wchar_t-1.c execution, -Os
FAIL: gcc.dg/20021014-1.c (test for excess errors)
WARNING: gcc.dg/20021014-1.c compilation failed to produce executable
FAIL: gcc.dg/bf-ms-layout.c execution test
FAIL: gcc.dg/builtins-20.c (test for excess errors)
FAIL: gcc.dg/i386-bitfield1.c execution test
FAIL: gcc.dg/i386-bitfield2.c execution test
FAIL: gcc.dg/i386-pic-1.c (test for errors, line 9)
FAIL: gcc.dg/pch/common-1.c (test for excess errors)
FAIL: gcc.dg/pch/common-1.c (test for excess errors)
FAIL: gcc.dg/pch/common-1.c (test for excess errors)
FAIL: gcc.dg/pch/common-1.c (test for excess errors)
FAIL: gcc.dg/pch/common-1.c (test for excess errors)
FAIL: gcc.dg/pch/common-1.c (test for excess errors)
FAIL: gcc.dg/pch/common-1.c (test for excess errors)
FAIL: gcc.dg/pch/cpp-1.c (test for excess errors)
FAIL: gcc.dg/pch/cpp-1.c (test for excess errors)
FAIL: gcc.dg/pch/cpp-1.c (test for excess errors)
FAIL: gcc.dg/pch/cpp-1.c (test for excess errors)
FAIL: gcc.dg/pch/cpp-1.c (test for excess errors)
FAIL: gcc.dg/pch/cpp-1.c (test for excess errors)
FAIL: gcc.dg/pch/cpp-1.c (test for excess errors)
FAIL: gcc.dg/pch/cpp-2.c (test for excess errors)
FAIL: gcc.dg/pch/cpp-2.c (test for excess errors)
FAIL: gcc.dg/pch/cpp-2.c (test for excess errors)
FAIL: gcc.dg/pch/cpp-2.c (test for excess errors)
FAIL: gcc.dg/pch/cpp-2.c (test for excess errors)
FAIL: gcc.dg/pch/cpp-2.c (test for excess errors)
FAIL: gcc.dg/pch/cpp-2.c (test for excess errors)
FAIL: gcc.dg/pch/decl-1.c (test for excess errors)
FAIL: gcc.dg/pch/decl-1.c (test for excess errors)
FAIL: gcc.dg/pch/decl-1.c (test for excess errors)
FAIL: gcc.dg/pch/decl-1.c (test for excess errors)
FAIL: gcc.dg/pch/decl-1.c (test for excess errors)
FAIL: gcc.dg/pch/decl-1.c (test for excess errors)
FAIL: gcc.dg/pch/decl-1.c (test for excess errors)
FAIL: gcc.dg/pch/decl-2.c (test for excess errors)
FAIL: gcc.dg/pch/decl-2.c (test for excess errors)
FAIL: gcc.dg/pch/decl-2.c (test for excess errors)
FAIL: gcc.dg/pch/decl-2.c (test for excess errors)
FAIL: gcc.dg/pch/decl-2.c (test for excess errors)
FAIL: gcc.dg/pch/decl-2.c (test for excess errors)
FAIL: gcc.dg/pch/decl-2.c (test for excess errors)
FAIL: gcc.dg/pch/decl-3.c (test for excess errors)
FAIL: gcc.dg/pch/decl-3.c (test for excess errors)
FAIL: gcc.dg/pch/decl-3.c (test for excess errors)
FAIL: gcc.dg/pch/decl-3.c (test for excess errors)
FAIL: gcc.dg/pch/decl-3.c (test for excess errors)
FAIL: gcc.dg/pch/decl-3.c (test for excess errors)
FAIL: gcc.dg/pch/decl-3.c (test for excess errors)
FAIL: gcc.dg/pch/decl-4.c (test for excess errors)
FAIL: gcc.dg/pch/decl-4.c (test for excess errors)
FAIL: gcc.dg/pch/decl-4.c (test for excess errors)
FAIL: gcc.dg/pch/decl-4.c (test for excess errors)
FAIL: gcc.dg/pch/decl-4.c (test for excess errors)
FAIL: gcc.dg/pch/decl-4.c (test for excess errors)
FAIL: gcc.dg/pch/decl-4.c (test for excess errors)
FAIL: gcc.dg/pch/decl-5.c (test for excess errors)
FAIL: gcc.dg/pch/decl-5.c (test for excess errors)
FAIL: gcc.dg/pch/decl-5.c (test for excess errors)
FAIL: gcc.dg/pch/decl-5.c (test for excess errors)
FAIL: gcc.dg/pch/decl-5.c (test for excess errors)
FAIL: gcc.dg/pch/decl-5.c (test for excess errors)
FAIL: gcc.dg/pch/decl-5.c (test for excess errors)
FAIL: gcc.dg/pch/empty.c (test for excess errors)
FAIL: gcc.dg/pch/empty.c (test for excess errors)
FAIL: gcc.dg/pch/empty.c (test for excess errors)
FAIL: gcc.dg/pch/empty.c (test for excess errors)
FAIL: gcc.dg/pch/empty.c (test for excess errors)
FAIL: gcc.dg/pch/empty.c (test for excess errors)
FAIL: gcc.dg/pch/empty.c (test for excess errors)
FAIL: gcc.dg/pch/except-1.c (test for excess errors)
FAIL: gcc.dg/pch/except-1.c (test for excess errors)
FAIL: gcc.dg/pch/except-1.c (test for excess errors)
FAIL: gcc.dg/pch/except-1.c (test for excess errors)
FAIL: gcc.dg/pch/except-1.c (test for excess errors)
FAIL: gcc.dg/pch/except-1.c (test for excess errors)
FAIL: gcc.dg/pch/except-1.c (test for excess errors)
FAIL: gcc.dg/pch/global-1.c (test for excess errors)
FAIL: gcc.dg/pch/global-1.c (test for excess errors)
FAIL: gcc.dg/pch/global-1.c (test for excess errors)
FAIL: gcc.dg/pch/global-1.c (test for excess errors)
FAIL: gcc.dg/pch/global-1.c (test for excess errors)
FAIL: gcc.dg/pch/global-1.c (test for excess errors)
FAIL: gcc.dg/pch/global-1.c (test for excess errors)
FAIL: gcc.dg/pch/inline-1.c (test for excess errors)
FAIL: gcc.dg/pch/inline-1.c (test for excess errors)
FAIL: gcc.dg/pch/inline-1.c (test for excess errors)
FAIL: gcc.dg/pch/inline-1.c (test for excess errors)
FAIL: gcc.dg/pch/inline-1.c (test for excess errors)
FAIL: gcc.dg/pch/inline-1.c (test for excess errors)
FAIL: gcc.dg/pch/inline-1.c (test for excess errors)
FAIL: gcc.dg/pch/inline-2.c (test for excess errors)
FAIL: gcc.dg/pch/inline-2.c (test for excess errors)
FAIL: gcc.dg/pch/inline-2.c (test for excess errors)
FAIL: gcc.dg/pch/inline-2.c (test for excess errors)
FAIL: gcc.dg/pch/inline-2.c (test for excess errors)
FAIL: gcc.dg/pch/inline-2.c (test for excess errors)
FAIL: gcc.dg/pch/inline-2.c (test for excess errors)
FAIL: gcc.dg/pch/inline-3.c (test for excess errors)
FAIL: gcc.dg/pch/inline-3.c (test for excess errors)
FAIL: gcc.dg/pch/inline-3.c (test for excess errors)
FAIL: gcc.dg/pch/inline-3.c (test for excess errors)
FAIL: gcc.dg/pch/inline-3.c (test for excess errors)
FAIL: gcc.dg/pch/inline-3.c (test for excess errors)
FAIL: gcc.dg/pch/inline-3.c (test for excess errors)
FAIL: gcc.dg/pch/inline-4.c (test for excess errors)
FAIL: gcc.dg/pch/inline-4.c (test for excess errors)
FAIL: gcc.dg/pch/inline-4.c (test for excess errors)
FAIL: gcc.dg/pch/inline-4.c (test for excess errors)
FAIL: gcc.dg/pch/inline-4.c (test for excess errors)
FAIL: gcc.dg/pch/inline-4.c (test for excess errors)
FAIL: gcc.dg/pch/inline-4.c (test for excess errors)
FAIL: gcc.dg/pch/macro-1.c (test for excess errors)
FAIL: gcc.dg/pch/macro-1.c (test for excess errors)
FAIL: gcc.dg/pch/macro-1.c (test for excess errors)
FAIL: gcc.dg/pch/macro-1.c (test for excess errors)
FAIL: gcc.dg/pch/macro-1.c (test for excess errors)
FAIL: gcc.dg/pch/macro-1.c (test for excess errors)
FAIL: gcc.dg/pch/macro-1.c (test for excess errors)
FAIL: gcc.dg/pch/macro-2.c (test for excess errors)
FAIL: gcc.dg/pch/macro-2.c (test for excess errors)
FAIL: gcc.dg/pch/macro-2.c (test for excess errors)
FAIL: gcc.dg/pch/macro-2.c (test for excess errors)
FAIL: gcc.dg/pch/macro-2.c (test for excess errors)
FAIL: gcc.dg/pch/macro-2.c (test for excess errors)
FAIL: gcc.dg/pch/macro-2.c (test for excess errors)
FAIL: gcc.dg/pch/macro-3.c (test for excess errors)
FAIL: gcc.dg/pch/macro-3.c (test for excess errors)
FAIL: gcc.dg/pch/macro-3.c (test for excess errors)
FAIL: gcc.dg/pch/macro-3.c (test for excess errors)
FAIL: gcc.dg/pch/macro-3.c (test for excess errors)
FAIL: gcc.dg/pch/macro-3.c (test for excess errors)
FAIL: gcc.dg/pch/macro-3.c (test for excess errors)
FAIL: gcc.dg/pch/static-1.c (test for excess errors)
FAIL: gcc.dg/pch/static-1.c (test for excess errors)
FAIL: gcc.dg/pch/static-1.c (test for excess errors)
FAIL: gcc.dg/pch/static-1.c (test for excess errors)
FAIL: gcc.dg/pch/static-1.c (test for excess errors)
FAIL: gcc.dg/pch/static-1.c (test for excess errors)
FAIL: gcc.dg/pch/static-1.c (test for excess errors)
FAIL: gcc.dg/pch/static-2.c (test for excess errors)
FAIL: gcc.dg/pch/static-2.c (test for excess errors)
FAIL: gcc.dg/pch/static-2.c (test for excess errors)
FAIL: gcc.dg/pch/static-2.c (test for excess errors)
FAIL: gcc.dg/pch/static-2.c (test for excess errors)
FAIL: gcc.dg/pch/static-2.c (test for excess errors)
FAIL: gcc.dg/pch/static-2.c (test for excess errors)
FAIL: gcc.dg/pch/static-3.c (test for excess errors)
FAIL: gcc.dg/pch/static-3.c (test for excess errors)
FAIL: gcc.dg/pch/static-3.c (test for excess errors)
FAIL: gcc.dg/pch/static-3.c (test for excess errors)
FAIL: gcc.dg/pch/static-3.c (test for excess errors)
FAIL: gcc.dg/pch/static-3.c (test for excess errors)
FAIL: gcc.dg/pch/static-3.c (test for excess errors)
FAIL: gcc.dg/pch/system-1.c (test for excess errors)
FAIL: gcc.dg/pch/system-1.c (test for excess errors)
FAIL: gcc.dg/pch/system-1.c (test for excess errors)
FAIL: gcc.dg/pch/system-1.c (test for excess errors)
FAIL: gcc.dg/pch/system-1.c (test for excess errors)
FAIL: gcc.dg/pch/system-1.c (test for excess errors)
FAIL: gcc.dg/pch/system-1.c (test for excess errors)
FAIL: gcc.dg/torture/builtin-noret-1.c (test for excess errors)
FAIL: gcc.dg/torture/builtin-noret-1.c (test for excess errors)
FAIL: gcc.dg/torture/builtin-noret-1.c (test for excess errors)
FAIL: gcc.dg/torture/builtin-noret-1.c (test for excess errors)
FAIL: gcc.dg/torture/builtin-noret-1.c (test for excess errors)
FAIL: gcc.dg/torture/builtin-noret-1.c (test for excess errors)
FAIL: gcc.dg/torture/builtin-noret-2.c (test for excess errors)
FAIL: gcc.dg/torture/builtin-noret-2.c (test for excess errors)
FAIL: gcc.dg/torture/builtin-noret-2.c (test for excess errors)
FAIL: gcc.dg/torture/builtin-noret-2.c (test for excess errors)
FAIL: gcc.dg/torture/builtin-noret-2.c (test for excess errors)
FAIL: gcc.dg/torture/builtin-noret-2.c (test for excess errors)
=== gcc Summary ===
# of expected passes 23886
# of unexpected failures 178
# of expected failures 80
# of unresolved testcases 6
# of untested testcases 161
# of unsupported tests 154
/usr/local/src/gcc-binutils/trunk/objdir/gcc/xgcc version 3.4 20031015 (experimental)
=== objc tests ===
Running target unix
=== objc Summary ===
# of expected passes 1337
# of unsupported tests 7
/usr/local/src/gcc-binutils/trunk/objdir/gcc/xgcc version 3.4 20031015 (experimental)
=== libstdc++ tests ===
Running target unix
FAIL: 26_numerics/c99_classification_macros_c++.cc (test for excess errors)
FAIL: 26_numerics/c99_classification_macros_c.cc (test for excess errors)
FAIL: 27_io/basic_istream/extractors_arithmetic/char/12.cc execution test
=== libstdc++ Summary ===
# of expected passes 1627
# of unexpected failures 3
# of expected failures 8
Compiler version: 3.4 20031015 (experimental)
Platform: i786-pc-cygwin
configure flags: pentium4-cygwin --prefix=/usr/local/gcc-binutils --enable-shared --enable-threads=posix --with-system-zlib
BOOT_CFLAGS=-O2 -fno-unit-at-a-time -g
Counting all warnings,
there are 80 warnings in stage0 of this bootstrap.
Number of warnings per file:
27 include/pthread.h
10 libiberty/regex.c
6 fastjar/jartool.c
5 libiberty/concat.c
4 libiberty/floatformat.c
3 libf2c/libI77/rsne.c
3 libf2c/libI77/inquire.c
3 include/xregex2.h
2 libobjc/linking.m
2 libmath/mathconf.h
2 libiberty/strsignal.c
2 libiberty/getopt.c
2 libf2c/libI77/open.c
1 libtool
1 libstdc++-v3/src/localename.cc
1 libobjc/sendmsg.c
1 libobjc/Protocol.m
1 libobjc/Object.m
1 gcc/coretypes.h
1 checking for wctob... libtool
1 checking for __builtin_abs linkage... /usr/local/src/gcc-binutils/trunk/gcc/libobjc/encoding.c
1 ./runtime-info.h
Number of warning types:
8 signed and unsigned type in conditional expression
5 unused parameter \`???'
5 traditional C rejects ISO C style function definitions
4 pointer targets in passing arg ??? of \`???' differ in signedness
4 dereferencing type-punned pointer will break strict-aliasing rules
4 comparison between signed and unsigned
3 weak declaration of 'void* pthread_getspecific(__pthread_key_t*)' not supported
3 weak declaration of 'int pthread_setspecific(__pthread_key_t*, const void*)' not supported
3 weak declaration of 'int pthread_once(pthread_once_t*, void (*)())' not supported
3 weak declaration of 'int pthread_mutex_unlock(__pthread_mutex_t**)' not supported
3 weak declaration of 'int pthread_mutex_trylock(__pthread_mutex_t**)' not supported
3 weak declaration of 'int pthread_mutex_lock(__pthread_mutex_t**)' not supported
3 weak declaration of 'int pthread_key_delete(__pthread_key_t*)' not supported
3 weak declaration of 'int pthread_key_create(__pthread_key_t**, void (*)(void*))' not supported
3 weak declaration of 'int pthread_create(__pthread_t**, __pthread_attr_t* const*, void*(*)(void*), void*)' not supported
3 ISO C90 does not support \`static' or type qualifiers in parameter array declarators
2 undefined symbols not allowed in i786-pc-cygwin shared libraries
2 string length \`???' is greater than the length \`???' ISO C89 compilers are required to support
2 conflicting types for built-in function 'nan'
1 unused variable \`???'
1 unused parameter 'preg'
1 unused parameter 'from'
1 unused parameter 'fmt'
1 this is the location of the previous definition
1 implicit declaration of function \`???'
1 \`rtx' redefined
1 'x0' might be used uninitialized in this function
1 'x' might be used uninitialized in this function
1 'target_flags' defined but not used
1 'struct_forward_array' defined but not used
1 'dn0' might be used uninitialized in this function
1 'dn' might be used uninitialized in this function
1 '__newf' might be used uninitialized in this function
Counting all warnings,
there are 19 warnings in stage3 of this bootstrap.
Number of warnings per file:
5 gcc/gcc.c
4 insn-conditions.c
3 gcc/unwind-sjlj.c
2 gcc/objc/lang-specs.h
2 gcc/f/sta.c
1 gcc/unwind-pe.h
1 gcc/java/jvspec.c
1 gcc/config/i386/i386.md
Number of warning types:
10 string length \`???' is greater than the length \`???' ISO C89 compilers are required to support
2 dereferencing type-punned pointer will break strict-aliasing rules
2 assignment of read-only location
1 unused parameter 'pc'
1 unused parameter 'context'
1 return makes integer from pointer without a cast
1 operand 1 missing mode?
1 'size_of_encoded_value' defined but not used
More information about the Gcc-testresults
mailing list