Results for 3.3.2 20031015 (prerelease) testsuite on ia64-unknown-linux-gnu

H.J. Lu hjl@gnu-2.sc.intel.com
Wed Oct 15 14:35:00 GMT 2003


LAST_UPDATED: Wed Oct 15 06:10:16 UTC 2003

Native configuration is ia64-unknown-linux-gnu

		=== binutils tests ===


Running target unix

		=== binutils Summary ===

# of expected passes		32
		=== gas tests ===


Running target unix

		=== gas Summary ===

# of expected passes		63
# of expected failures		2
		=== gcc tests ===


Running target unix
XPASS: gcc.c-torture/compile/981223-1.c,  -O2  
XPASS: gcc.c-torture/compile/981223-1.c,  -O3 -fomit-frame-pointer  
XPASS: gcc.c-torture/compile/981223-1.c,  -O3 -g  
XPASS: gcc.c-torture/compile/981223-1.c,  -Os  
XPASS: gcc.c-torture/execute/20020227-1.c execution,  -O0 
FAIL: gcc.c-torture/execute/20020227-1.c compilation,  -O2 
UNRESOLVED: gcc.c-torture/execute/20020227-1.c execution,  -O2 
FAIL: gcc.c-torture/execute/20020227-1.c compilation,  -O3 -fomit-frame-pointer 
UNRESOLVED: gcc.c-torture/execute/20020227-1.c execution,  -O3 -fomit-frame-pointer 
FAIL: gcc.c-torture/execute/20020227-1.c compilation,  -O3 -g 
UNRESOLVED: gcc.c-torture/execute/20020227-1.c execution,  -O3 -g 
FAIL: gcc.c-torture/execute/20020227-1.c compilation,  -Os 
UNRESOLVED: gcc.c-torture/execute/20020227-1.c execution,  -Os 
FAIL: gcc.dg/duff-2.c (test for excess errors)

		=== gcc Summary ===

# of expected passes		20641
# of unexpected failures	5
# of unexpected successes	5
# of expected failures		78
# of unresolved testcases	4
# of unsupported tests		168
/export/build/gnu/gcc-3.3-ilp32/build-ia64-linux/gcc/xgcc version 3.3.2 20031015 (prerelease)

		=== g++ tests ===


Running target unix
FAIL: g++.dg/eh/forced1.C execution test
FAIL: g++.eh/terminate2.C  Execution test

		=== g++ Summary ===

# of expected passes		7869
# of unexpected failures	2
# of expected failures		95
# of untested testcases		23
# of unsupported tests		28
/export/build/gnu/gcc-3.3-ilp32/build-ia64-linux/gcc/testsuite/../g++ version 3.3.2 20031015 (prerelease)


		=== libstdc++-v3 check-abi Summary ===

# of added symbols:		 32
# of missing symbols:		 18
# of incompatible symbols:	 23
		=== libstdc++-v3 tests ===


Running target unix
XPASS: 22_locale/collate_byname.cc execution test
XPASS: 22_locale/collate_members_char.cc execution test
XPASS: 22_locale/collate_members_wchar_t.cc execution test
XPASS: 22_locale/ctype_is_char.cc execution test
XPASS: 22_locale/ctype_is_wchar_t.cc execution test
XPASS: 22_locale/members.cc execution test
XPASS: 22_locale/messages_byname.cc execution test
XPASS: 22_locale/messages_members_char.cc execution test
XPASS: 22_locale/money_get_members_char.cc execution test
XPASS: 22_locale/money_get_members_wchar_t.cc execution test
XPASS: 22_locale/money_put_members_char.cc execution test
XPASS: 22_locale/money_put_members_wchar_t.cc execution test
XPASS: 22_locale/moneypunct_byname.cc execution test
XPASS: 22_locale/moneypunct_members_char.cc execution test
XPASS: 22_locale/moneypunct_members_wchar_t.cc execution test
XPASS: 22_locale/num_get_members_char.cc execution test
XPASS: 22_locale/num_get_members_wchar_t.cc execution test
XPASS: 22_locale/num_put_members_char.cc execution test
XPASS: 22_locale/numpunct_byname.cc execution test
XPASS: 22_locale/numpunct_members_char.cc execution test
XPASS: 22_locale/numpunct_members_wchar_t.cc execution test
XPASS: 22_locale/time_get_members_char.cc execution test
XPASS: 22_locale/time_get_members_wchar_t.cc execution test
XPASS: 22_locale/time_put_members_char.cc execution test
XPASS: 22_locale/time_put_members_wchar_t.cc execution test

		=== libstdc++-v3 Summary ===

# of expected passes		453
# of unexpected successes	25
# of expected failures		3
		=== ld tests ===


Running target unix

		=== ld Summary ===

# of expected passes		154
# of expected failures		29

Compiler version: 3.3.2 20031015 (prerelease) 
Platform: ia64-unknown-linux-gnu
configure flags: --host=ia64-unknown-linux-gnu --enable-clocale=gnu --with-system-zlib --with-sysroot=/usr/glibc-2.3.2 --enable-shared --enable-languages=c,c++ --enable-threads=posix --enable-haifa --disable-checking --prefix=/usr/tools-3.3 --with-local-prefix=/usr/tools-3.3



More information about the Gcc-testresults mailing list