Results for 3.4 20031014 (experimental) testsuite on i686-pc-linux-gnu
carlo@alinoe.com
carlo@alinoe.com
Wed Oct 15 02:48:00 GMT 2003
LAST_UPDATED: Tue Oct 14 21:15:14 UTC 2003
Native configuration is i686-pc-linux-gnu
=== gcc tests ===
Running target unix
WARNING: program timed out.
FAIL: gcc.c-torture/compile/20001226-1.c (test for excess errors)
WARNING: program timed out.
FAIL: gcc.c-torture/compile/20001226-1.c (test for excess errors)
FAIL: gcc.c-torture/execute/va-arg-25.c execution, -O0
FAIL: gcc.c-torture/execute/va-arg-25.c execution, -O1
FAIL: gcc.c-torture/execute/va-arg-25.c execution, -O2
FAIL: gcc.c-torture/execute/va-arg-25.c execution, -O3 -fomit-frame-pointer
FAIL: gcc.c-torture/execute/va-arg-25.c execution, -O3 -g
FAIL: gcc.c-torture/execute/va-arg-25.c execution, -Os
UNRESOLVED: gcc.c-torture/execute/wchar_t-1.c execution, -O0
UNRESOLVED: gcc.c-torture/execute/wchar_t-1.c execution, -O1
UNRESOLVED: gcc.c-torture/execute/wchar_t-1.c execution, -O2
UNRESOLVED: gcc.c-torture/execute/wchar_t-1.c execution, -O3 -fomit-frame-pointer
UNRESOLVED: gcc.c-torture/execute/wchar_t-1.c execution, -O3 -g
UNRESOLVED: gcc.c-torture/execute/wchar_t-1.c execution, -Os
FAIL: gcc.dg/pack-test-4.c (test for excess errors)
WARNING: gcc.dg/pack-test-4.c compilation failed to produce executable
=== gcc Summary ===
# of expected passes 24498
# of unexpected failures 9
# of expected failures 81
# of unresolved testcases 6
# of untested testcases 7
# of unsupported tests 147
/usr/src/GNU/builds-gcc/PR9509/mainline-native/gcc/xgcc version 3.4 20031014 (experimental)
=== g++ tests ===
Running target unix
FAIL: g++.dg/ext/complit1.C (test for excess errors)
XPASS: g++.dg/ext/lvalue1.C not an lvalue (test for errors, line 7)
FAIL: g++.dg/ext/pretty1.C scan-assembler top level
FAIL: g++.dg/ext/pretty2.C (test for excess errors)
WARNING: g++.dg/ext/pretty2.C compilation failed to produce executable
FAIL: g++.dg/other/static11.C (test for excess errors)
FAIL: g++.dg/parse/crash10.C (test for errors, line 14)
XPASS: g++.dg/warn/Wunused-2.C (test for warnings, line 5)
WARNING: g++.old-deja/g++.mike/p10769a.C compilation failed to produce executable
WARNING: g++.old-deja/g++.other/enum5.C compilation failed to produce executable
WARNING: g++.old-deja/g++.pt/friend44.C compilation failed to produce executable
FAIL: g++.old-deja/g++.pt/vaarg3.C (test for excess errors)
=== g++ Summary ===
# of expected passes 9060
# of unexpected failures 6
# of unexpected successes 2
# of expected failures 60
# of unsupported tests 29
/usr/src/GNU/builds-gcc/PR9509/mainline-native/gcc/testsuite/../g++ version 3.4 20031014 (experimental)
=== libstdc++ tests ===
Running target unix
XPASS: 26_numerics/c99_classification_macros_c.cc (test for excess errors)
=== libstdc++ Summary ===
# of expected passes 2159
# of unexpected successes 1
# of expected failures 11
Compiler version: 3.4 20031014 (experimental)
Platform: i686-pc-linux-gnu
configure flags: --prefix=/usr/src/GNU/install --enable-shared --with-gnu-as --with-gnu-ld --enable-languages=c++ --enable-debug --enable-threads
More information about the Gcc-testresults
mailing list