Results for 3.3.2 20031007 (prerelease) testsuite on i386-unknown-freebsd4.8
Loren James Rittle
rittle@latour.rsch.comm.mot.com
Tue Oct 7 19:28:00 GMT 2003
Using gmake with objdir configuration (...on proxy for
ref4.freebsd.org which has been broken for a while...)
LAST_UPDATED: Tue Oct 7 04:50:07 GMT 2003
Native configuration is i386-unknown-freebsd4.8
=== g++ tests ===
Running target unix/-pthread
FAIL: g++.dg/tls/init-2.C (test for excess errors)
FAIL: g++.eh/badalloc1.C Execution test
=== g++ Summary ===
# of expected passes 8149
# of unexpected failures 2
# of expected failures 95
# of untested testcases 12
# of unsupported tests 14
/usr/users/rittle/tmp/gcc-build-latour-3.3-1006/gcc/testsuite/../g++ version 3.3.2 20031007 (prerelease)
=== g77 tests ===
Running target unix/-pthread
=== g77 Summary ===
# of expected passes 1686
# of unsupported tests 8
/usr/users/rittle/tmp/gcc-build-latour-3.3-1006/gcc/testsuite/../g77 version 3.3.2 20031007 (prerelease)
=== gcc tests ===
Running target unix/-pthread
FAIL: gcc.c-torture/execute/conversion.c execution, -O0
FAIL: gcc.c-torture/execute/conversion.c execution, -O1
FAIL: gcc.c-torture/execute/conversion.c execution, -O2
FAIL: gcc.c-torture/execute/conversion.c execution, -Os
FAIL: gcc.c-torture/execute/ieee/rbug.c execution, -O3 -fomit-frame-pointer
FAIL: gcc.c-torture/execute/ieee/rbug.c execution, -O3 -g
FAIL: gcc.c-torture/execute/ieee/rbug.c execution, -O3 -fomit-frame-pointer
FAIL: gcc.c-torture/execute/ieee/rbug.c execution, -O3 -g
FAIL: gcc.dg/duff-2.c (test for excess errors)
FAIL: gcc.dg/format/c99-scanf-3.c vfscanf (test for warnings, line 21)
FAIL: gcc.dg/format/c99-scanf-3.c -DWIDE vfscanf (test for warnings, line 21)
FAIL: gcc.dg/format/ext-6.c vfscanf (test for warnings, line 42)
FAIL: gcc.dg/format/ext-6.c -DWIDE vfscanf (test for warnings, line 42)
=== gcc Summary ===
# of expected passes 21637
# of unexpected failures 13
# of expected failures 69
# of unsupported tests 88
/usr/users/rittle/tmp/gcc-build-latour-3.3-1006/gcc/xgcc version 3.3.2 20031007 (prerelease)
=== objc tests ===
Running target unix/-pthread
=== objc Summary ===
# of expected passes 1153
/usr/users/rittle/tmp/gcc-build-latour-3.3-1006/gcc/xgcc version 3.3.2 20031007 (prerelease)
=== libjava tests ===
Running target unix/-pthread
WARNING: program timed out.
FAIL: ArrayStore2 execution - gij test
FAIL: SyncGlobal -O execution - bytecode->native test
WARNING: program timed out.
FAIL: SyncTest execution - gij test
WARNING: program timed out.
FAIL: SyncTest execution - bytecode->native test
WARNING: program timed out.
FAIL: SyncTest execution - gij test
WARNING: program timed out.
FAIL: SyncTest -O execution - bytecode->native test
FAIL: Throw_2 execution - source compiled test
FAIL: Throw_2 execution - gij test
FAIL: Throw_2 execution - bytecode->native test
FAIL: Throw_2 -O execution - source compiled test
FAIL: Throw_2 execution - gij test
FAIL: Throw_2 -O execution - bytecode->native test
WARNING: program timed out.
FAIL: err12 execution - gij test
WARNING: program timed out.
FAIL: err13 execution - gij test
WARNING: program timed out.
FAIL: tp execution - gij test
=== libjava Summary ===
# of expected passes 2961
# of unexpected failures 15
# of expected failures 16
# of untested testcases 27
=== libstdc++-v3 check-abi Summary ===
# of added symbols: 0
# of missing symbols: 0
# of incompatible symbols: 0
=== libstdc++-v3 tests ===
Running target unix/-pthread
=== libstdc++-v3 Summary ===
# of expected passes 430
# of expected failures 17
Compiler version: 3.3.2 20031007 (prerelease)
Platform: i386-unknown-freebsd4.8
configure flags: --host=i386-unknown-freebsd4.8 --prefix=/usr/local/beta-gcc --with-gnu-as --with-as=/usr/local/beta-gcc/bin/as --with-gnu-ld --with-ld=/usr/local/beta-gcc/bin/ld
BOOT_CFLAGS=-g -O2
More information about the Gcc-testresults
mailing list