Results for 3.3.220031006(prerelease) testsuite on i686-pc-linux-gnu

Karel Gardas kgardas@objectsecurity.com
Mon Oct 6 17:34:00 GMT 2003


LAST_UPDATED: 
Native configuration is i686-pc-linux-gnu

		=== g++ tests ===


Running target unix
FAIL: g++.dg/expr/anew1.C execution test
FAIL: g++.dg/expr/anew2.C execution test
FAIL: g++.dg/expr/anew3.C execution test
XPASS: g++.other/init5.C  Execution test

		=== g++ Summary ===

# of expected passes		8129
# of unexpected failures	3
# of unexpected successes	1
# of expected failures		94
# of untested testcases		9
# of unsupported tests		14
/mnt/karel/gcc33/obj/gcc/testsuite/../g++ version 3.3.2 20031006 (prerelease)

		=== gcc tests ===


Running target unix
FAIL: gcc.dg/duff-2.c (test for excess errors)

		=== gcc Summary ===

# of expected passes		21176
# of unexpected failures	1
# of expected failures		68
# of unsupported tests		87
/mnt/karel/gcc33/obj/gcc/xgcc version 3.3.2 20031006 (prerelease)

		=== libstdc++-v3 tests ===


Running target unix
FAIL: 22_locale/ctype_scan_wchar_t.cc execution test

		=== libstdc++-v3 Summary ===

# of expected passes		452
# of unexpected failures	1
# of expected failures		28

Compiler version: 3.3.220031006(prerelease) 
Platform: i686-pc-linux-gnu
configure flags: --host=i686-pc-linux-gnu --prefix=/home/karel/usr/local/gcc3.3.x --enable-shared --enable-threads --enable-languages=c++ --disable-checking --enable-__cxa_atexit



More information about the Gcc-testresults mailing list