Results for 3.4 20031006 (experimental) testsuite on s390-ibm-linux-gnu
Ulrich Weigand
weigand@i1.informatik.uni-erlangen.de
Mon Oct 6 17:01:00 GMT 2003
LAST_UPDATED:
Native configuration is s390-ibm-linux-gnu
=== g++ tests ===
Running target unix
XPASS: g++.dg/ext/lvalue1.C not an lvalue (test for errors, line 7)
FAIL: g++.dg/ext/pretty1.C scan-assembler top level
FAIL: g++.dg/ext/pretty2.C (test for excess errors)
WARNING: g++.dg/ext/pretty2.C compilation failed to produce executable
FAIL: g++.dg/parse/crash10.C (test for errors, line 14)
XPASS: g++.dg/warn/Wunused-2.C (test for warnings, line 5)
WARNING: g++.old-deja/g++.mike/p10769a.C compilation failed to produce executable
WARNING: g++.old-deja/g++.other/enum5.C compilation failed to produce executable
XPASS: g++.old-deja/g++.other/init5.C execution test
WARNING: g++.old-deja/g++.pt/friend44.C compilation failed to produce executable
=== g++ Summary ===
# of expected passes 8992
# of unexpected failures 3
# of unexpected successes 3
# of expected failures 59
# of unsupported tests 60
/mnt/dasdc1/fsf/gcc-head-build/gcc/testsuite/../g++ version 3.4 20031006 (experimental)
=== g77 tests ===
Running target unix
FAIL: g77.f-torture/execute/980520-1.f compilation, -O0
=== g77 Summary ===
# of expected passes 1752
# of unexpected failures 1
# of untested testcases 1
# of unsupported tests 6
/mnt/dasdc1/fsf/gcc-head-build/gcc/testsuite/../g77 version 3.4 20031006 (experimental)
=== gcc tests ===
Running target unix
WARNING: program timed out.
FAIL: gcc.c-torture/compile/920831-1.c (test for excess errors)
UNRESOLVED: gcc.c-torture/execute/wchar_t-1.c execution, -O0
UNRESOLVED: gcc.c-torture/execute/wchar_t-1.c execution, -O1
UNRESOLVED: gcc.c-torture/execute/wchar_t-1.c execution, -O2
UNRESOLVED: gcc.c-torture/execute/wchar_t-1.c execution, -O3 -fomit-frame-pointer
UNRESOLVED: gcc.c-torture/execute/wchar_t-1.c execution, -O3 -g
UNRESOLVED: gcc.c-torture/execute/wchar_t-1.c execution, -Os
FAIL: gcc.dg/const-elim-1.c scan-assembler-not L\\\$?C[^A-Z]
XPASS: gcc.dg/sibcall-3.c execution test
XPASS: gcc.dg/sibcall-4.c execution test
=== gcc Summary ===
# of expected passes 23420
# of unexpected failures 2
# of unexpected successes 2
# of expected failures 80
# of unresolved testcases 6
# of untested testcases 7
# of unsupported tests 265
/mnt/dasdc1/fsf/gcc-head-build/gcc/xgcc version 3.4 20031006 (experimental)
=== objc tests ===
Running target unix
FAIL: objc.dg/encode-2.m execution test
FAIL: objc.dg/encode-3.m execution test
FAIL: objc.dg/encode-4.m execution test
=== objc Summary ===
# of expected passes 1331
# of unexpected failures 3
# of unsupported tests 9
/mnt/dasdc1/fsf/gcc-head-build/gcc/xgcc version 3.4 20031006 (experimental)
=== libffi tests ===
Running target unix
=== libffi Summary ===
# of expected passes 125
# of unsupported tests 2
=== libjava tests ===
Running target unix
FAIL: Thread_Join output - source compiled test
FAIL: gnu.testlet.BinaryCompatibility.BinaryCompatibilityTest: IL bin_01: (number 1)
FAIL: gnu.testlet.BinaryCompatibility.BinaryCompatibilityTest: IL bin_01: (number 1)
FAIL: gnu.testlet.BinaryCompatibility.BinaryCompatibilityTest: IL bin_01: (number 1)
FAIL: gnu.testlet.BinaryCompatibility.BinaryCompatibilityTest: IL bin_01: (number 1)
FAIL: gnu.testlet.BinaryCompatibility.BinaryCompatibilityTest: IL bin_02: (number 1)
FAIL: gnu.testlet.BinaryCompatibility.BinaryCompatibilityTest: IL bin_02: (number 1)
FAIL: gnu.testlet.BinaryCompatibility.BinaryCompatibilityTest: IL bin_02: (number 1)
FAIL: gnu.testlet.BinaryCompatibility.BinaryCompatibilityTest: IL bin_02: (number 1)
FAIL: gnu.testlet.BinaryCompatibility.BinaryCompatibilityTest: IL bin_03: (number 1)
FAIL: gnu.testlet.BinaryCompatibility.BinaryCompatibilityTest: IL bin_03: (number 1)
FAIL: gnu.testlet.BinaryCompatibility.BinaryCompatibilityTest: IL bin_03: (number 1)
FAIL: gnu.testlet.BinaryCompatibility.BinaryCompatibilityTest: IL bin_03: (number 1)
FAIL: gnu.testlet.BinaryCompatibility.BinaryCompatibilityTest: IL bin_04: (number 1)
FAIL: gnu.testlet.BinaryCompatibility.BinaryCompatibilityTest: IL bin_04: (number 1)
FAIL: gnu.testlet.BinaryCompatibility.BinaryCompatibilityTest: IL bin_04: (number 1)
FAIL: gnu.testlet.BinaryCompatibility.BinaryCompatibilityTest: IL bin_04: (number 1)
FAIL: gnu.testlet.BinaryCompatibility.BinaryCompatibilityTest: IL bin_05: (number 1)
FAIL: gnu.testlet.BinaryCompatibility.BinaryCompatibilityTest: IL bin_05: (number 1)
FAIL: gnu.testlet.BinaryCompatibility.BinaryCompatibilityTest: IL bin_05: (number 1)
FAIL: gnu.testlet.BinaryCompatibility.BinaryCompatibilityTest: IL bin_05: (number 1)
FAIL: gnu.testlet.BinaryCompatibility.BinaryCompatibilityTest: IL bin_06: (number 1)
FAIL: gnu.testlet.BinaryCompatibility.BinaryCompatibilityTest: IL bin_06: (number 1)
FAIL: gnu.testlet.BinaryCompatibility.BinaryCompatibilityTest: IL bin_06: (number 1)
FAIL: gnu.testlet.BinaryCompatibility.BinaryCompatibilityTest: IL bin_06: (number 1)
FAIL: gnu.testlet.BinaryCompatibility.BinaryCompatibilityTest: IL bin_07: (number 1)
FAIL: gnu.testlet.BinaryCompatibility.BinaryCompatibilityTest: IL bin_07: (number 1)
FAIL: gnu.testlet.BinaryCompatibility.BinaryCompatibilityTest: IL bin_07: (number 1)
FAIL: gnu.testlet.BinaryCompatibility.BinaryCompatibilityTest: IL bin_07: (number 1)
FAIL: gnu.testlet.BinaryCompatibility.BinaryCompatibilityTest: IL bin_08: (number 1)
FAIL: gnu.testlet.BinaryCompatibility.BinaryCompatibilityTest: IL bin_08: (number 1)
FAIL: gnu.testlet.BinaryCompatibility.BinaryCompatibilityTest: IL bin_08: (number 1)
FAIL: gnu.testlet.BinaryCompatibility.BinaryCompatibilityTest: IL bin_08: (number 1)
FAIL: gnu.testlet.BinaryCompatibility.BinaryCompatibilityTest: IL bin_09: (number 1)
FAIL: gnu.testlet.BinaryCompatibility.BinaryCompatibilityTest: IL bin_09: (number 1)
FAIL: gnu.testlet.BinaryCompatibility.BinaryCompatibilityTest: IL bin_09: (number 1)
FAIL: gnu.testlet.BinaryCompatibility.BinaryCompatibilityTest: IL bin_09: (number 1)
FAIL: gnu.testlet.BinaryCompatibility.BinaryCompatibilityTest: IL bin_10: (number 1)
FAIL: gnu.testlet.BinaryCompatibility.BinaryCompatibilityTest: IL bin_10: (number 1)
FAIL: gnu.testlet.BinaryCompatibility.BinaryCompatibilityTest: IL bin_10: (number 1)
FAIL: gnu.testlet.BinaryCompatibility.BinaryCompatibilityTest: IL bin_10: (number 1)
FAIL: gnu.testlet.BinaryCompatibility.BinaryCompatibilityTest: IL bin_11: (number 1)
FAIL: gnu.testlet.BinaryCompatibility.BinaryCompatibilityTest: IL bin_11: (number 1)
FAIL: gnu.testlet.BinaryCompatibility.BinaryCompatibilityTest: IL bin_11: (number 1)
FAIL: gnu.testlet.BinaryCompatibility.BinaryCompatibilityTest: IL bin_11: (number 1)
FAIL: gnu.testlet.BinaryCompatibility.BinaryCompatibilityTest: IL bin_12: (number 1)
FAIL: gnu.testlet.BinaryCompatibility.BinaryCompatibilityTest: IL bin_12: (number 1)
FAIL: gnu.testlet.BinaryCompatibility.BinaryCompatibilityTest: IL bin_12: (number 1)
FAIL: gnu.testlet.BinaryCompatibility.BinaryCompatibilityTest: IL bin_12: (number 1)
FAIL: gnu.testlet.BinaryCompatibility.BinaryCompatibilityTest: IL bin_13: (number 1)
FAIL: gnu.testlet.BinaryCompatibility.BinaryCompatibilityTest: IL bin_13: (number 1)
FAIL: gnu.testlet.BinaryCompatibility.BinaryCompatibilityTest: IL bin_13: (number 1)
FAIL: gnu.testlet.BinaryCompatibility.BinaryCompatibilityTest: IL bin_13: (number 1)
FAIL: gnu.testlet.BinaryCompatibility.BinaryCompatibilityTest: IL bin_14: (number 1)
FAIL: gnu.testlet.BinaryCompatibility.BinaryCompatibilityTest: IL bin_14: (number 1)
FAIL: gnu.testlet.BinaryCompatibility.BinaryCompatibilityTest: IL bin_14: (number 1)
FAIL: gnu.testlet.BinaryCompatibility.BinaryCompatibilityTest: IL bin_14: (number 1)
FAIL: gnu.testlet.BinaryCompatibility.BinaryCompatibilityTest: IL bin_15: (number 1)
FAIL: gnu.testlet.BinaryCompatibility.BinaryCompatibilityTest: IL bin_15: (number 1)
FAIL: gnu.testlet.BinaryCompatibility.BinaryCompatibilityTest: IL bin_15: (number 1)
FAIL: gnu.testlet.BinaryCompatibility.BinaryCompatibilityTest: IL bin_15: (number 1)
FAIL: gnu.testlet.BinaryCompatibility.BinaryCompatibilityTest: IL bin_16: (number 1)
FAIL: gnu.testlet.BinaryCompatibility.BinaryCompatibilityTest: IL bin_16: (number 1)
FAIL: gnu.testlet.BinaryCompatibility.BinaryCompatibilityTest: IL bin_16: (number 1)
FAIL: gnu.testlet.BinaryCompatibility.BinaryCompatibilityTest: IL bin_16: (number 1)
FAIL: gnu.testlet.BinaryCompatibility.BinaryCompatibilityTest: IL bin_17: (number 1)
FAIL: gnu.testlet.BinaryCompatibility.BinaryCompatibilityTest: IL bin_17: (number 1)
FAIL: gnu.testlet.BinaryCompatibility.BinaryCompatibilityTest: IL bin_17: (number 1)
FAIL: gnu.testlet.BinaryCompatibility.BinaryCompatibilityTest: IL bin_17: (number 1)
FAIL: gnu.testlet.BinaryCompatibility.BinaryCompatibilityTest: IL bin_18: (number 1)
FAIL: gnu.testlet.BinaryCompatibility.BinaryCompatibilityTest: IL bin_18: (number 1)
FAIL: gnu.testlet.BinaryCompatibility.BinaryCompatibilityTest: IL bin_18: (number 1)
FAIL: gnu.testlet.BinaryCompatibility.BinaryCompatibilityTest: IL bin_18: (number 1)
FAIL: gnu.testlet.java.io.File.jdk11: getCanonicalPath () (number 1)
FAIL: gnu.testlet.java.io.ObjectInputOutput.InputTest: gnu.testlet.java.io.ObjectInputOutput.Test\$GetPutField (number 1)
FAIL: gnu.testlet.java.io.ObjectInputOutput.OutputTest: Serializable: gnu.testlet.java.io.ObjectInputOutput.Test\$Extern () (number 2)
FAIL: gnu.testlet.java.io.ObjectInputOutput.OutputTest: Serializable: test(str=null, x=0) (number 2)
FAIL: gnu.testlet.java.io.OutputStreamWriter.jdk11: OutputStreamWriter(writer, encoding) (number 1)
FAIL: gnu.testlet.java.io.OutputStreamWriter.jdk11: OutputStreamWriter(writer, encoding) // alias (number 1)
FAIL: gnu.testlet.java.io.PrintStream.subclass (number 1)
FAIL: gnu.testlet.java.io.PrintWriter.jdk11: checkError() after close() (number 1)
XPASS: gnu.testlet.java.lang.Double.DoubleTest: Error: test_intValue returned wrong results CYGNUS: Float to int conversions - 1 (number 1)
XPASS: gnu.testlet.java.lang.Float.FloatTest: Error: test_intValue returned wrong results - 1 (number 1)
FAIL: gnu.testlet.java.lang.Math.MathTest: Error : test_pow failed - 9 (number 1)
FAIL: gnu.testlet.java.lang.Math.max (number 2)
FAIL: gnu.testlet.java.lang.Math.max (number 18)
XPASS: gnu.testlet.java.lang.String.getBytes13: String.getBytes("UTF-16") (number 1)
XPASS: gnu.testlet.java.lang.String.getBytes14: String.getBytes("UTF-16BE") (number 1)
XPASS: gnu.testlet.java.lang.String.getBytes14: String.getBytes("UTF-16LE") (number 1)
FAIL: gnu.testlet.java.lang.Thread.contextClassLoader: null is a valid contextClassLoader (number 1)
FAIL: gnu.testlet.java.lang.Thread.contextClassLoader: New thread inherits null classloader (number 1)
FAIL: gnu.testlet.java.lang.Thread.daemon: Can change daemon state on an exitted Thread (number 1)
FAIL: gnu.testlet.java.lang.Thread.daemon: Daemon status changed when set on an exitted Thread (number 1)
FAIL: gnu.testlet.java.lang.Thread.stop: Unexpected exception during test() (number 1)
FAIL: gnu.testlet.java.net.DatagramSocket.DatagramSocketTest2: Expected IOException (number 1)
FAIL: gnu.testlet.java.net.DatagramSocket.DatagramSocketTest2: uncaught exception at "invalid_send_data" number 4: java.lang.IllegalArgumentException: Invalid length: -1
FAIL: gnu.testlet.java.net.Socket.SocketTest: Error : test_Basics failed - 7 exception should not have been thrown. (number 1)
FAIL: gnu.testlet.java.net.Socket.SocketTest: Error : test_params failed - 10 exception was thrown. (number 1)
FAIL: gnu.testlet.java.net.Socket.jdk12: unexpected error: Connection refused (number 1)
FAIL: gnu.testlet.java.net.Socket.jdk13: unexpected error: Connection refused (number 1)
FAIL: gnu.testlet.java.net.Socket.jdk14: unexpected error: Connection refused (number 1)
FAIL: gnu.testlet.java.net.URL.URLTest: I want my Apache server! (number 1)
FAIL: gnu.testlet.java.net.URL.URLTest: Content must be text/html (number 1)
FAIL: gnu.testlet.java.net.URL.URLTest: getContent() threw Exception (number 1)
FAIL: gnu.testlet.java.net.URL.URLTest: Error in test_openStream - 2 exception should not be thrown here (number 1)
XPASS: gnu.testlet.java.net.URL.URLTest: sameFile (number 2)
FAIL: gnu.testlet.java.net.URL.URLTest: toString (number 2)
FAIL: gnu.testlet.java.net.URLClassLoader.getResourceRemote: URL file path ends with /mauve/testarea/testresource (number 1)
FAIL: gnu.testlet.java.net.URLClassLoader.getResourceRemote: ./testresource (number 1)
FAIL: gnu.testlet.java.net.URLClassLoader.getResourceRemote: ./testresource (number 1)
FAIL: gnu.testlet.java.net.URLClassLoader.getResourceRemote: URL file path ends with /mauve/testarea/testdir/resourceindir (number 1)
FAIL: gnu.testlet.java.net.URLClassLoader.getResourceRemote: ./testdir/resourceindir (number 1)
FAIL: gnu.testlet.java.net.URLClassLoader.getResourceRemote: testdir/./resourceindir (number 1)
FAIL: gnu.testlet.java.net.URLClassLoader.getResourceRemote: testdir/../testdir/resourceindir (number 1)
FAIL: gnu.testlet.java.net.URLClassLoader.getResourceRemote: testdir///resourceindir (number 1)
FAIL: gnu.testlet.java.net.URLClassLoader.getResourceRemote: URL file path ends with /mauve/testarea/remotejar.jar!/remote-jresource (number 1)
FAIL: gnu.testlet.java.net.URLClassLoader.getResourceRemote: URL file path ends with /mauve/testarea/remotejar.jar!/path/in/remote-jar/resourcefile (number 1)
FAIL: gnu.testlet.java.net.URLConnection.URLConnectionTest: Error in test_getContentFunctions - 5 should not have raised exception here (number 1)
FAIL: gnu.testlet.java.net.URLConnection.URLConnectionTest: Error in test_getHeaderField - 0 0 header field wrong (number 1)
FAIL: gnu.testlet.java.net.URLConnection.URLConnectionTest: Error in test_getHeaderField - 10 should not have raised exception here (number 1)
FAIL: gnu.testlet.java.net.URLConnection.URLConnectionTest: Error in test_streams - 1 should not have raised exception here (number 1)
FAIL: gnu.testlet.java.text.DecimalFormat.formatExp: pattern ##0.####E0 (number 2)
FAIL: gnu.testlet.java.text.DecimalFormat.formatExp: pattern ##.###E0 (number 2)
FAIL: gnu.testlet.java.text.RuleBasedCollator.jdk11: constructor rule parsing (number 3)
FAIL: gnu.testlet.java.text.RuleBasedCollator.jdk11: constructor rule parsing (number 4)
FAIL: gnu.testlet.java.text.RuleBasedCollator.jdk11: constructor rule parsing (number 5)
FAIL: gnu.testlet.java.text.RuleBasedCollator.jdk11: constructor rule parsing (number 9)
FAIL: gnu.testlet.java.text.RuleBasedCollator.jdk11: constructor rule parsing (number 10)
FAIL: gnu.testlet.java.text.RuleBasedCollator.jdk11: constructor rule parsing (number 11)
FAIL: gnu.testlet.java.text.RuleBasedCollator.jdk11: constructor rule parsing (number 20)
FAIL: gnu.testlet.java.text.RuleBasedCollator.jdk11: constructor rule parsing (number 21)
FAIL: gnu.testlet.java.text.RuleBasedCollator.jdk11: constructor rule parsing (number 22)
FAIL: gnu.testlet.java.text.RuleBasedCollator.jdk11: constructor rule parsing (number 23)
FAIL: gnu.testlet.java.text.RuleBasedCollator.jdk11: constructor rule parsing (number 24)
FAIL: gnu.testlet.java.text.RuleBasedCollator.jdk11: constructor rule parsing (number 25)
FAIL: gnu.testlet.java.text.RuleBasedCollator.jdk11: constructor rule parsing (number 26)
FAIL: gnu.testlet.java.text.RuleBasedCollator.jdk11: constructor rule parsing (number 27)
FAIL: gnu.testlet.java.text.RuleBasedCollator.jdk11: constructor rule parsing (number 28)
FAIL: gnu.testlet.java.text.RuleBasedCollator.jdk11: constructor rule parsing (number 29)
FAIL: gnu.testlet.java.text.RuleBasedCollator.jdk11: constructor rule parsing (number 30)
FAIL: gnu.testlet.java.text.RuleBasedCollator.jdk11: constructor rule parsing (number 31)
FAIL: gnu.testlet.java.text.RuleBasedCollator.jdk11: constructor rule parsing errors (number 1)
FAIL: gnu.testlet.java.text.RuleBasedCollator.jdk11: single character ordering (number 19)
FAIL: gnu.testlet.java.text.RuleBasedCollator.jdk11: single character ordering (number 73)
FAIL: gnu.testlet.java.text.RuleBasedCollator.jdk11: contraction ordering (number 5)
FAIL: gnu.testlet.java.text.RuleBasedCollator.jdk11: expansion ordering: ParseException (offset is 26) (number 1)
XPASS: gnu.testlet.java.text.SimpleDateFormat.Test: equals() (number 1)
XPASS: gnu.testlet.java.text.SimpleDateFormat.regress: CDT (number 1)
XPASS: gnu.testlet.java.text.SimpleDateFormat.regress: EDT (number 1)
XPASS: gnu.testlet.java.text.SimpleDateFormat.regress: EST (number 1)
XPASS: gnu.testlet.java.text.SimpleDateFormat.regress: PDT (number 1)
FAIL: gnu.testlet.java.util.GregorianCalendar.first: week 1-0-1400 (number 1)
FAIL: gnu.testlet.java.util.GregorianCalendar.first: week 1-1-1400 (number 1)
FAIL: gnu.testlet.java.util.GregorianCalendar.first: week 1-2-1400 (number 1)
FAIL: gnu.testlet.java.util.GregorianCalendar.first: week 1-3-1400 (number 1)
FAIL: gnu.testlet.java.util.GregorianCalendar.first: week 1-5-1400 (number 1)
FAIL: gnu.testlet.java.util.GregorianCalendar.first: week 1-6-1400 (number 1)
FAIL: gnu.testlet.java.util.GregorianCalendar.first: week 1-7-1400 (number 1)
FAIL: gnu.testlet.java.util.GregorianCalendar.first: week 1-8-1400 (number 1)
FAIL: gnu.testlet.java.util.GregorianCalendar.first: week 1-9-1400 (number 1)
FAIL: gnu.testlet.java.util.GregorianCalendar.first: week 1-10-1400 (number 1)
FAIL: gnu.testlet.java.util.GregorianCalendar.first: week 1-11-1400 (number 1)
FAIL: gnu.testlet.java.util.GregorianCalendar.first: week 1-0-1401 (number 1)
FAIL: gnu.testlet.java.util.GregorianCalendar.first: week 1-1-1401 (number 1)
FAIL: gnu.testlet.java.util.GregorianCalendar.first: week 1-2-1401 (number 1)
FAIL: gnu.testlet.java.util.GregorianCalendar.first: week 1-3-1401 (number 1)
FAIL: gnu.testlet.java.util.GregorianCalendar.first: week 1-5-1401 (number 1)
FAIL: gnu.testlet.java.util.GregorianCalendar.first: week 1-6-1401 (number 1)
FAIL: gnu.testlet.java.util.GregorianCalendar.first: week 1-7-1401 (number 1)
FAIL: gnu.testlet.java.util.GregorianCalendar.first: week 1-8-1401 (number 1)
FAIL: gnu.testlet.java.util.GregorianCalendar.first: week 1-9-1401 (number 1)
FAIL: gnu.testlet.java.util.GregorianCalendar.first: week 1-10-1401 (number 1)
FAIL: gnu.testlet.java.util.GregorianCalendar.first: week 1-11-1401 (number 1)
FAIL: gnu.testlet.java.util.GregorianCalendar.first: week 1-1-1402 (number 1)
FAIL: gnu.testlet.java.util.GregorianCalendar.first: week 1-2-1402 (number 1)
FAIL: gnu.testlet.java.util.GregorianCalendar.first: week 1-3-1402 (number 1)
FAIL: gnu.testlet.java.util.GregorianCalendar.first: week 1-4-1402 (number 1)
FAIL: gnu.testlet.java.util.GregorianCalendar.first: week 1-5-1402 (number 1)
FAIL: gnu.testlet.java.util.GregorianCalendar.first: week 1-6-1402 (number 1)
FAIL: gnu.testlet.java.util.GregorianCalendar.first: week 1-7-1402 (number 1)
FAIL: gnu.testlet.java.util.GregorianCalendar.first: week 1-8-1402 (number 1)
FAIL: gnu.testlet.java.util.GregorianCalendar.first: week 1-10-1402 (number 1)
FAIL: gnu.testlet.java.util.GregorianCalendar.first: week 1-11-1402 (number 1)
FAIL: gnu.testlet.java.util.GregorianCalendar.first: week 1-0-1403 (number 1)
FAIL: gnu.testlet.java.util.GregorianCalendar.first: week 1-1-1403 (number 1)
FAIL: gnu.testlet.java.util.GregorianCalendar.first: week 1-2-1403 (number 1)
FAIL: gnu.testlet.java.util.GregorianCalendar.first: week 1-4-1403 (number 1)
FAIL: gnu.testlet.java.util.GregorianCalendar.first: week 1-5-1403 (number 1)
FAIL: gnu.testlet.java.util.GregorianCalendar.first: week 1-7-1403 (number 1)
FAIL: gnu.testlet.java.util.GregorianCalendar.first: week 1-8-1403 (number 1)
FAIL: gnu.testlet.java.util.GregorianCalendar.first: week 1-9-1403 (number 1)
FAIL: gnu.testlet.java.util.GregorianCalendar.first: week 1-10-1403 (number 1)
FAIL: gnu.testlet.java.util.GregorianCalendar.first: week 1-11-1403 (number 1)
FAIL: gnu.testlet.java.util.GregorianCalendar.first: week 1-0-1404 (number 1)
FAIL: gnu.testlet.java.util.GregorianCalendar.first: week 1-1-1404 (number 1)
FAIL: gnu.testlet.java.util.GregorianCalendar.first: week 1-3-1404 (number 1)
FAIL: gnu.testlet.java.util.GregorianCalendar.first: week 1-4-1404 (number 1)
FAIL: gnu.testlet.java.util.GregorianCalendar.first: week 1-5-1404 (number 1)
FAIL: gnu.testlet.java.util.GregorianCalendar.first: week 1-6-1404 (number 1)
FAIL: gnu.testlet.java.util.GregorianCalendar.first: week 1-7-1404 (number 1)
FAIL: gnu.testlet.java.util.GregorianCalendar.first: week 1-8-1404 (number 1)
FAIL: gnu.testlet.java.util.GregorianCalendar.first: week 1-9-1404 (number 1)
FAIL: gnu.testlet.java.util.GregorianCalendar.first: week 1-11-1404 (number 1)
FAIL: gnu.testlet.java.util.GregorianCalendar.first: week 1-0-1405 (number 1)
FAIL: gnu.testlet.java.util.GregorianCalendar.first: week 1-3-1405 (number 1)
FAIL: gnu.testlet.java.util.GregorianCalendar.first: week 1-4-1405 (number 1)
FAIL: gnu.testlet.java.util.GregorianCalendar.first: week 1-5-1405 (number 1)
FAIL: gnu.testlet.java.util.GregorianCalendar.first: week 1-6-1405 (number 1)
FAIL: gnu.testlet.java.util.GregorianCalendar.first: week 1-7-1405 (number 1)
FAIL: gnu.testlet.java.util.GregorianCalendar.first: week 1-8-1405 (number 1)
FAIL: gnu.testlet.java.util.GregorianCalendar.first: week 1-9-1405 (number 1)
FAIL: gnu.testlet.java.util.GregorianCalendar.first: week 1-11-1405 (number 1)
FAIL: gnu.testlet.java.util.GregorianCalendar.first: week 1-0-2000 (number 1)
FAIL: gnu.testlet.java.util.GregorianCalendar.first: week 1-1-2000 (number 1)
FAIL: gnu.testlet.java.util.GregorianCalendar.first: day 1-2-2000 (number 1)
FAIL: gnu.testlet.java.util.GregorianCalendar.first: week 1-2-2000 (number 1)
FAIL: gnu.testlet.java.util.GregorianCalendar.first: day 1-3-2000 (number 1)
FAIL: gnu.testlet.java.util.GregorianCalendar.first: day 1-4-2000 (number 1)
FAIL: gnu.testlet.java.util.GregorianCalendar.first: week 1-4-2000 (number 1)
FAIL: gnu.testlet.java.util.GregorianCalendar.first: day 1-5-2000 (number 1)
FAIL: gnu.testlet.java.util.GregorianCalendar.first: week 1-5-2000 (number 1)
FAIL: gnu.testlet.java.util.GregorianCalendar.first: day 1-6-2000 (number 1)
FAIL: gnu.testlet.java.util.GregorianCalendar.first: day 1-7-2000 (number 1)
FAIL: gnu.testlet.java.util.GregorianCalendar.first: week 1-7-2000 (number 1)
FAIL: gnu.testlet.java.util.GregorianCalendar.first: day 1-8-2000 (number 1)
FAIL: gnu.testlet.java.util.GregorianCalendar.first: week 1-8-2000 (number 1)
FAIL: gnu.testlet.java.util.GregorianCalendar.first: day 1-9-2000 (number 1)
FAIL: gnu.testlet.java.util.GregorianCalendar.first: day 1-10-2000 (number 1)
FAIL: gnu.testlet.java.util.GregorianCalendar.first: week 1-10-2000 (number 1)
FAIL: gnu.testlet.java.util.GregorianCalendar.first: day 1-11-2000 (number 1)
FAIL: gnu.testlet.java.util.GregorianCalendar.first: week 1-11-2000 (number 1)
FAIL: gnu.testlet.java.util.GregorianCalendar.first: week 1-0-2001 (number 1)
FAIL: gnu.testlet.java.util.GregorianCalendar.first: week 1-1-2001 (number 1)
FAIL: gnu.testlet.java.util.GregorianCalendar.first: week 1-2-2001 (number 1)
FAIL: gnu.testlet.java.util.GregorianCalendar.first: week 1-4-2001 (number 1)
FAIL: gnu.testlet.java.util.GregorianCalendar.first: week 1-5-2001 (number 1)
FAIL: gnu.testlet.java.util.GregorianCalendar.first: week 1-7-2001 (number 1)
FAIL: gnu.testlet.java.util.GregorianCalendar.first: week 1-8-2001 (number 1)
FAIL: gnu.testlet.java.util.GregorianCalendar.first: week 1-9-2001 (number 1)
FAIL: gnu.testlet.java.util.GregorianCalendar.first: week 1-10-2001 (number 1)
FAIL: gnu.testlet.java.util.GregorianCalendar.first: week 1-11-2001 (number 1)
FAIL: gnu.testlet.java.util.GregorianCalendar.first: week 1-0-2002 (number 1)
FAIL: gnu.testlet.java.util.GregorianCalendar.first: week 1-1-2002 (number 1)
FAIL: gnu.testlet.java.util.GregorianCalendar.first: week 1-2-2002 (number 1)
FAIL: gnu.testlet.java.util.GregorianCalendar.first: week 1-3-2002 (number 1)
FAIL: gnu.testlet.java.util.GregorianCalendar.first: week 1-4-2002 (number 1)
FAIL: gnu.testlet.java.util.GregorianCalendar.first: week 1-5-2002 (number 1)
FAIL: gnu.testlet.java.util.GregorianCalendar.first: week 1-6-2002 (number 1)
FAIL: gnu.testlet.java.util.GregorianCalendar.first: week 1-7-2002 (number 1)
FAIL: gnu.testlet.java.util.GregorianCalendar.first: week 1-9-2002 (number 1)
FAIL: gnu.testlet.java.util.GregorianCalendar.first: week 1-10-2002 (number 1)
FAIL: gnu.testlet.java.util.GregorianCalendar.first: week 1-0-2003 (number 1)
FAIL: gnu.testlet.java.util.GregorianCalendar.first: week 1-1-2003 (number 1)
FAIL: gnu.testlet.java.util.GregorianCalendar.first: week 1-2-2003 (number 1)
FAIL: gnu.testlet.java.util.GregorianCalendar.first: week 1-3-2003 (number 1)
FAIL: gnu.testlet.java.util.GregorianCalendar.first: week 1-4-2003 (number 1)
FAIL: gnu.testlet.java.util.GregorianCalendar.first: week 1-6-2003 (number 1)
FAIL: gnu.testlet.java.util.GregorianCalendar.first: week 1-7-2003 (number 1)
FAIL: gnu.testlet.java.util.GregorianCalendar.first: week 1-8-2003 (number 1)
FAIL: gnu.testlet.java.util.GregorianCalendar.first: week 1-9-2003 (number 1)
FAIL: gnu.testlet.java.util.GregorianCalendar.first: week 1-10-2003 (number 1)
FAIL: gnu.testlet.java.util.GregorianCalendar.first: week 1-11-2003 (number 1)
FAIL: gnu.testlet.java.util.GregorianCalendar.first: week 1-0-2004 (number 1)
FAIL: gnu.testlet.java.util.GregorianCalendar.first: day 1-2-2004 (number 1)
FAIL: gnu.testlet.java.util.GregorianCalendar.first: week 1-2-2004 (number 1)
FAIL: gnu.testlet.java.util.GregorianCalendar.first: day 1-3-2004 (number 1)
FAIL: gnu.testlet.java.util.GregorianCalendar.first: week 1-3-2004 (number 1)
FAIL: gnu.testlet.java.util.GregorianCalendar.first: day 1-4-2004 (number 1)
FAIL: gnu.testlet.java.util.GregorianCalendar.first: day 1-5-2004 (number 1)
FAIL: gnu.testlet.java.util.GregorianCalendar.first: week 1-5-2004 (number 1)
FAIL: gnu.testlet.java.util.GregorianCalendar.first: day 1-6-2004 (number 1)
FAIL: gnu.testlet.java.util.GregorianCalendar.first: week 1-6-2004 (number 1)
FAIL: gnu.testlet.java.util.GregorianCalendar.first: day 1-7-2004 (number 1)
FAIL: gnu.testlet.java.util.GregorianCalendar.first: day 1-8-2004 (number 1)
FAIL: gnu.testlet.java.util.GregorianCalendar.first: week 1-8-2004 (number 1)
FAIL: gnu.testlet.java.util.GregorianCalendar.first: day 1-9-2004 (number 1)
FAIL: gnu.testlet.java.util.GregorianCalendar.first: week 1-9-2004 (number 1)
FAIL: gnu.testlet.java.util.GregorianCalendar.first: day 1-10-2004 (number 1)
FAIL: gnu.testlet.java.util.GregorianCalendar.first: week 1-10-2004 (number 1)
FAIL: gnu.testlet.java.util.GregorianCalendar.first: day 1-11-2004 (number 1)
FAIL: gnu.testlet.java.util.GregorianCalendar.first: week 1-11-2004 (number 1)
FAIL: gnu.testlet.java.util.GregorianCalendar.first: week 1-0-2005 (number 1)
FAIL: gnu.testlet.java.util.GregorianCalendar.first: week 1-1-2005 (number 1)
FAIL: gnu.testlet.java.util.GregorianCalendar.first: week 1-2-2005 (number 1)
FAIL: gnu.testlet.java.util.GregorianCalendar.first: week 1-3-2005 (number 1)
FAIL: gnu.testlet.java.util.GregorianCalendar.first: week 1-5-2005 (number 1)
FAIL: gnu.testlet.java.util.GregorianCalendar.first: week 1-6-2005 (number 1)
FAIL: gnu.testlet.java.util.GregorianCalendar.first: week 1-7-2005 (number 1)
FAIL: gnu.testlet.java.util.GregorianCalendar.first: week 1-8-2005 (number 1)
FAIL: gnu.testlet.java.util.GregorianCalendar.first: week 1-9-2005 (number 1)
FAIL: gnu.testlet.java.util.GregorianCalendar.first: week 1-10-2005 (number 1)
FAIL: gnu.testlet.java.util.GregorianCalendar.first: week 1-11-2005 (number 1)
FAIL: gnu.testlet.java.util.zip.InflaterInputStream.basic: compressing string (number 2)
FAIL: gnu.testlet.java.util.zip.InflaterInputStream.basic: Constructor (number 2)
FAIL: gnu.testlet.java.util.zip.InflaterInputStream.basic: Constructor (number 4)
FAIL: gnu.testlet.java.util.zip.InflaterInputStream.basic: uncaught exception at "Constructor" number 5: java.lang.NegativeArraySizeException
=== libjava Summary ===
# of expected passes 12267
# of unexpected failures 285
# of unexpected successes 11
# of expected failures 46
# of untested testcases 8
=== libstdc++ tests ===
Running target unix
FAIL: 22_locale/collate/transform/wchar_t/3.cc execution test
FAIL: 22_locale/locale/cons/12438.cc execution test
XPASS: 26_numerics/c99_classification_macros_c.cc (test for excess errors)
=== libstdc++ Summary ===
# of expected passes 2143
# of unexpected failures 2
# of unexpected successes 1
# of expected failures 11
Compiler version: 3.4 20031006 (experimental)
Platform: s390-ibm-linux-gnu
configure flags: --enable-serial-configure --enable-__cxa_atexit --prefix=/home/weigand/fsf/gcc-head-install
More information about the Gcc-testresults
mailing list