Results for 3.4 20031005 (experimental) testsuite on i686-pc-linux-gnu
Steven Bosscher
steven@steven.lr-s.tudelft.nl
Sun Oct 5 13:24:00 GMT 2003
LAST_UPDATED: zo okt 5 09:08:08 UTC 2003
Native configuration is i686-pc-linux-gnu
=== gcc tests ===
Running target unix
UNRESOLVED: gcc.c-torture/execute/wchar_t-1.c execution, -O0
UNRESOLVED: gcc.c-torture/execute/wchar_t-1.c execution, -O1
UNRESOLVED: gcc.c-torture/execute/wchar_t-1.c execution, -O2
UNRESOLVED: gcc.c-torture/execute/wchar_t-1.c execution, -O3 -fomit-frame-pointer
UNRESOLVED: gcc.c-torture/execute/wchar_t-1.c execution, -O3 -g
UNRESOLVED: gcc.c-torture/execute/wchar_t-1.c execution, -Os
=== gcc Summary ===
# of expected passes 23734
# of expected failures 81
# of unresolved testcases 6
# of untested testcases 7
# of unsupported tests 146
/home/steven/devel/trunkbuild/gcc/xgcc version 3.4 20031005 (experimental)
=== g++ tests ===
Running target unix
XPASS: g++.dg/ext/lvalue1.C not an lvalue (test for errors, line 7)
FAIL: g++.dg/ext/pretty1.C scan-assembler top level
FAIL: g++.dg/ext/pretty2.C (test for excess errors)
WARNING: g++.dg/ext/pretty2.C compilation failed to produce executable
FAIL: g++.dg/ext/vla1.C (test for excess errors)
FAIL: g++.dg/parse/crash10.C (test for errors, line 14)
XPASS: g++.dg/warn/Wunused-2.C (test for warnings, line 5)
WARNING: g++.old-deja/g++.mike/p10769a.C compilation failed to produce executable
WARNING: g++.old-deja/g++.other/enum5.C compilation failed to produce executable
WARNING: g++.old-deja/g++.pt/friend44.C compilation failed to produce executable
=== g++ Summary ===
# of expected passes 9047
# of unexpected failures 4
# of unexpected successes 2
# of expected failures 60
# of unsupported tests 29
/home/steven/devel/trunkbuild/gcc/testsuite/../g++ version 3.4 20031005 (experimental)
=== objc tests ===
Running target unix
=== objc Summary ===
# of expected passes 1334
# of unsupported tests 9
/home/steven/devel/trunkbuild/gcc/xgcc version 3.4 20031005 (experimental)
=== libstdc++ tests ===
Running target unix
FAIL: 22_locale/locale/cons/12438.cc execution test
FAIL: 22_locale/messages/members/char/1.cc execution test
FAIL: 22_locale/messages/members/char/2.cc execution test
FAIL: 22_locale/messages/members/char/wrapped_env.cc execution test
FAIL: 22_locale/messages/members/char/wrapped_locale.cc execution test
FAIL: 22_locale/messages_byname/1.cc execution test
XPASS: 26_numerics/c99_classification_macros_c.cc (test for excess errors)
=== libstdc++ Summary ===
# of expected passes 2139
# of unexpected failures 6
# of unexpected successes 1
# of expected failures 11
Compiler version: 3.4 20031005 (experimental)
Platform: i686-pc-linux-gnu
configure flags: --enable-languages=c,c++,objc --disable-nls --disable-multilib --enable-threads --prefix=/opt/experimental/ --program-suffix=-3.4
More information about the Gcc-testresults
mailing list