Results for 3.4 20031004 (experimental) testsuite on powerpc64-unknown-linux-gnu
Olaf Hering
olh@suse.de
Sun Oct 5 06:59:00 GMT 2003
LAST_UPDATED: Sat Oct 4 17:33:14 UTC 2003
Native configuration is powerpc64-unknown-linux-gnu
=== g++ tests ===
Running target unix
XPASS: g++.dg/ext/lvalue1.C not an lvalue (test for errors, line 7)
FAIL: g++.dg/ext/pretty1.C scan-assembler top level
FAIL: g++.dg/ext/pretty2.C (test for excess errors)
WARNING: g++.dg/ext/pretty2.C compilation failed to produce executable
FAIL: g++.dg/ext/vla1.C (test for excess errors)
FAIL: g++.dg/parse/crash10.C (test for errors, line 14)
XPASS: g++.dg/warn/Wunused-2.C (test for warnings, line 5)
WARNING: g++.old-deja/g++.mike/p10769a.C compilation failed to produce executable
WARNING: g++.old-deja/g++.other/enum5.C compilation failed to produce executable
XPASS: g++.old-deja/g++.other/init5.C execution test
WARNING: g++.old-deja/g++.pt/friend44.C compilation failed to produce executable
=== g++ Summary ===
# of expected passes 8987
# of unexpected failures 4
# of unexpected successes 3
# of expected failures 59
# of unsupported tests 61
/home/olh/obj-gcc/gcc/testsuite/../g++ version 3.4 20031004 (experimental)
=== g77 tests ===
Running target unix
FAIL: g77.f-torture/execute/980520-1.f compilation, -O0
=== g77 Summary ===
# of expected passes 1752
# of unexpected failures 1
# of untested testcases 1
# of unsupported tests 6
/home/olh/obj-gcc/gcc/testsuite/../g77 version 3.4 20031004 (experimental)
=== gcc tests ===
Running target unix
FAIL: gcc.c-torture/execute/20030125-1.c execution, -O1
FAIL: gcc.c-torture/execute/20030125-1.c execution, -O2
FAIL: gcc.c-torture/execute/20030125-1.c execution, -O3 -fomit-frame-pointer
FAIL: gcc.c-torture/execute/20030125-1.c execution, -O3 -g
FAIL: gcc.c-torture/execute/20030125-1.c execution, -Os
FAIL: gcc.c-torture/execute/pure-1.c compilation, -O1
UNRESOLVED: gcc.c-torture/execute/pure-1.c execution, -O1
FAIL: gcc.c-torture/execute/pure-1.c compilation, -O2
UNRESOLVED: gcc.c-torture/execute/pure-1.c execution, -O2
FAIL: gcc.c-torture/execute/pure-1.c compilation, -Os
UNRESOLVED: gcc.c-torture/execute/pure-1.c execution, -Os
UNRESOLVED: gcc.c-torture/execute/wchar_t-1.c execution, -O0
UNRESOLVED: gcc.c-torture/execute/wchar_t-1.c execution, -O1
UNRESOLVED: gcc.c-torture/execute/wchar_t-1.c execution, -O2
UNRESOLVED: gcc.c-torture/execute/wchar_t-1.c execution, -O3 -fomit-frame-pointer
UNRESOLVED: gcc.c-torture/execute/wchar_t-1.c execution, -O3 -g
UNRESOLVED: gcc.c-torture/execute/wchar_t-1.c execution, -Os
FAIL: gcc.dg/compat/scalar-by-value-3 c_compat_x_tst.o-c_compat_y_tst.o execute
FAIL: gcc.dg/compat/scalar-return-3 c_compat_x_tst.o-c_compat_y_tst.o execute
XPASS: gcc.dg/cpp/cmdlne-dI-M.c scan-file (^|\\n)cmdlne-dI-M.*:[^\\n]*cmdlne-dI-M.c
XPASS: gcc.dg/cpp/cmdlne-dM-M.c scan-file (^|\\n)cmdlne-dM-M[^\\n]*:[^\\n]*cmdlne-dM-M.c
FAIL: gcc.dg/debug/20020327-1.c (test for excess errors)
FAIL: gcc.dg/debug/20020327-1.c (test for excess errors)
FAIL: gcc.dg/debug/20020327-1.c (test for excess errors)
FAIL: gcc.dg/debug/20020327-1.c (test for excess errors)
FAIL: gcc.dg/debug/20020327-1.c (test for excess errors)
FAIL: gcc.dg/debug/20020327-1.c (test for excess errors)
FAIL: gcc.dg/debug/20020327-1.c (test for excess errors)
FAIL: gcc.dg/debug/20020327-1.c (test for excess errors)
FAIL: gcc.dg/debug/20020327-1.c (test for excess errors)
FAIL: gcc.dg/debug/20020327-1.c (test for excess errors)
FAIL: gcc.dg/debug/20020327-1.c (test for excess errors)
FAIL: gcc.dg/debug/20020327-1.c (test for excess errors)
FAIL: gcc.dg/debug/20020327-1.c (test for excess errors)
FAIL: gcc.dg/debug/20020327-1.c (test for excess errors)
FAIL: gcc.dg/debug/20020327-1.c (test for excess errors)
FAIL: gcc.dg/debug/20020327-1.c (test for excess errors)
FAIL: gcc.dg/debug/20020327-1.c (test for excess errors)
FAIL: gcc.dg/debug/20020327-1.c (test for excess errors)
FAIL: gcc.dg/builtins-18.c (test for excess errors)
FAIL: gcc.dg/builtins-20.c (test for excess errors)
FAIL: gcc.dg/cleanup-8.c execution test
FAIL: gcc.dg/cleanup-9.c execution test
FAIL: gcc.dg/const-elim-1.c scan-assembler-not L\\\$?C[^A-Z]
FAIL: gcc.dg/funcorder.c scan-assembler-not link_error
FAIL: gcc.dg/uninit-A.c uninitialized variable warning (test for bogus messages, line 52)
FAIL: gcc.dg/uninit-A.c uninitialized variable warning (test for bogus messages, line 53)
FAIL: gcc.dg/tls/alias-1.c (test for excess errors)
FAIL: gcc.dg/tls/opt-2.c (test for excess errors)
=== gcc Summary ===
# of expected passes 23389
# of unexpected failures 38
# of unexpected successes 2
# of expected failures 78
# of unresolved testcases 9
# of untested testcases 7
# of unsupported tests 261
/home/olh/obj-gcc/gcc/xgcc version 3.4 20031004 (experimental)
=== objc tests ===
Running target unix
FAIL: objc.dg/call-super-2.m (test for excess errors)
FAIL: objc.dg/desig-init-1.m (test for excess errors)
FAIL: objc.dg/encode-2.m execution test
FAIL: objc.dg/encode-3.m execution test
FAIL: objc.dg/encode-4.m execution test
FAIL: objc.dg/proto-qual-1.m execution test
=== objc Summary ===
# of expected passes 1328
# of unexpected failures 6
# of unsupported tests 9
/home/olh/obj-gcc/gcc/xgcc version 3.4 20031004 (experimental)
=== libstdc++ tests ===
Running target unix
FAIL: 22_locale/collate/transform/wchar_t/3.cc execution test
FAIL: 22_locale/locale/cons/12438.cc execution test
FAIL: 22_locale/messages/members/char/1.cc execution test
FAIL: 22_locale/messages/members/char/2.cc execution test
FAIL: 22_locale/messages/members/char/wrapped_env.cc execution test
FAIL: 22_locale/messages/members/char/wrapped_locale.cc execution test
FAIL: 22_locale/messages_byname/1.cc execution test
=== libstdc++ Summary ===
# of expected passes 2138
# of unexpected failures 7
# of expected failures 12
Compiler version: 3.4 20031004 (experimental)
Platform: powerpc64-unknown-linux-gnu
configure flags: --prefix=/home/olh/install-gcc-head --disable-nls --enable-threads=posix --enable-__cxa_atexit --enable-languages=c,c++,f77,objc
GNU ld version 2.14.90 20030701
FAIL: gcc.c-torture/execute/pure-1.c compilation, -O1
output is:
/tmp/ccGcnCkF.o(.text+0x16c): In function \`.main':
: undefined reference to \`.link_error1'
/tmp/ccGcnCkF.o(.text+0x18c): In function \`.main':
: undefined reference to \`.link_error3'
/tmp/ccGcnCkF.o(.text+0x1ac): In function \`.main':
: undefined reference to \`.link_error5'
/tmp/ccGcnCkF.o(.text+0x1dc): In function \`.main':
: undefined reference to \`.link_error7'
collect2: ld returned 1 exit status
FAIL: gcc.c-torture/execute/pure-1.c compilation, -O2
output is:
/tmp/ccodr2Jw.o(.text+0xac): In function \`.main':
: undefined reference to \`.link_error1'
collect2: ld returned 1 exit status
FAIL: gcc.c-torture/execute/pure-1.c compilation, -Os
output is:
/tmp/ccwwNK5W.o(.text+0x8c): In function \`.main':
: undefined reference to \`.link_error1'
collect2: ld returned 1 exit status
FAIL: gcc.dg/debug/20020327-1.c (test for excess errors)
output is:
/tmp/cc9wu7TP.s: Assembler messages:
/tmp/cc9wu7TP.s:78: Error: symbol \`.Letext' is already defined
FAIL: gcc.dg/debug/20020327-1.c (test for excess errors)
output is:
/tmp/ccVwJDb0.s: Assembler messages:
/tmp/ccVwJDb0.s:67: Error: symbol \`.Letext' is already defined
FAIL: gcc.dg/debug/20020327-1.c (test for excess errors)
output is:
/tmp/ccRpmgka.s: Assembler messages:
/tmp/ccRpmgka.s:67: Error: symbol \`.Letext' is already defined
FAIL: gcc.dg/debug/20020327-1.c (test for excess errors)
output is:
/tmp/cce49qEc.s: Assembler messages:
/tmp/cce49qEc.s:78: Error: symbol \`.Letext' is already defined
FAIL: gcc.dg/debug/20020327-1.c (test for excess errors)
output is:
/tmp/ccsYvE5m.s: Assembler messages:
/tmp/ccsYvE5m.s:67: Error: symbol \`.Letext' is already defined
FAIL: gcc.dg/debug/20020327-1.c (test for excess errors)
output is:
/tmp/ccchosgz.s: Assembler messages:
/tmp/ccchosgz.s:67: Error: symbol \`.Letext' is already defined
FAIL: gcc.dg/debug/20020327-1.c (test for excess errors)
output is:
/tmp/ccoeMJ5K.s: Assembler messages:
/tmp/ccoeMJ5K.s:78: Error: symbol \`.Letext' is already defined
FAIL: gcc.dg/debug/20020327-1.c (test for excess errors)
output is:
/tmp/ccuEAsuV.s: Assembler messages:
/tmp/ccuEAsuV.s:67: Error: symbol \`.Letext' is already defined
FAIL: gcc.dg/debug/20020327-1.c (test for excess errors)
output is:
/tmp/ccUMImI5.s: Assembler messages:
/tmp/ccUMImI5.s:67: Error: symbol \`.Letext' is already defined
FAIL: gcc.dg/debug/20020327-1.c (test for excess errors)
output is:
/tmp/ccyONgFh.s: Assembler messages:
/tmp/ccyONgFh.s:83: Error: symbol \`.Letext' is already defined
FAIL: gcc.dg/debug/20020327-1.c (test for excess errors)
output is:
/tmp/cc1HXzDi.s: Assembler messages:
/tmp/cc1HXzDi.s:72: Error: symbol \`.Letext' is already defined
FAIL: gcc.dg/debug/20020327-1.c (test for excess errors)
output is:
/tmp/ccr27ZWu.s: Assembler messages:
/tmp/ccr27ZWu.s:72: Error: symbol \`.Letext' is already defined
FAIL: gcc.dg/debug/20020327-1.c (test for excess errors)
output is:
/tmp/ccp07gPG.s: Assembler messages:
/tmp/ccp07gPG.s:83: Error: symbol \`.Letext' is already defined
FAIL: gcc.dg/debug/20020327-1.c (test for excess errors)
output is:
/tmp/cct9zkgR.s: Assembler messages:
/tmp/cct9zkgR.s:72: Error: symbol \`.Letext' is already defined
FAIL: gcc.dg/debug/20020327-1.c (test for excess errors)
output is:
/tmp/ccPbSU80.s: Assembler messages:
/tmp/ccPbSU80.s:72: Error: symbol \`.Letext' is already defined
FAIL: gcc.dg/debug/20020327-1.c (test for excess errors)
output is:
/tmp/cczgnK0c.s: Assembler messages:
/tmp/cczgnK0c.s:83: Error: symbol \`.Letext' is already defined
FAIL: gcc.dg/debug/20020327-1.c (test for excess errors)
output is:
/tmp/ccoJtc0d.s: Assembler messages:
/tmp/ccoJtc0d.s:72: Error: symbol \`.Letext' is already defined
FAIL: gcc.dg/debug/20020327-1.c (test for excess errors)
output is:
/tmp/cc8L2ywq.s: Assembler messages:
/tmp/cc8L2ywq.s:72: Error: symbol \`.Letext' is already defined
FAIL: gcc.dg/builtins-18.c (test for excess errors)
output is:
/tmp/ccqHNapl.o(.text+0x70): In function \`.main':
: undefined reference to \`.link_error'
/tmp/ccqHNapl.o(.text+0x7c): In function \`.main':
: undefined reference to \`.link_error'
/tmp/ccqHNapl.o(.text+0x90): In function \`.main':
: undefined reference to \`.link_error'
/tmp/ccqHNapl.o(.text+0x9c): In function \`.main':
: undefined reference to \`.link_error'
collect2: ld returned 1 exit status
FAIL: gcc.dg/builtins-20.c (test for excess errors)
output is:
/tmp/ccqnk928.o(.text+0xc4): In function \`.test1l':
: undefined reference to \`.link_error'
/tmp/ccqnk928.o(.text+0xe0): In function \`.test1l':
: undefined reference to \`.link_error'
/tmp/ccqnk928.o(.text+0xf4): In function \`.test1l':
: undefined reference to \`.link_error'
/tmp/ccqnk928.o(.text+0x100): In function \`.test1l':
: undefined reference to \`.link_error'
/tmp/ccqnk928.o(.text+0x204): In function \`.test1f':
: undefined reference to \`.link_error'
/tmp/ccqnk928.o(.text+0x220): more undefined references to \`.link_error' follow
collect2: ld returned 1 exit status
FAIL: gcc.dg/uninit-A.c uninitialized variable warning (test for bogus messages, line 52)
output is:
/home/olh/gcc-head/gcc/testsuite/gcc.dg/uninit-A.c: In function \`qualify_ambiguous_name':
/home/olh/gcc-head/gcc/testsuite/gcc.dg/uninit-A.c:52: warning: 'name' might be used uninitialized in this function
/home/olh/gcc-head/gcc/testsuite/gcc.dg/uninit-A.c:53: warning: 'ptr_type' might be used uninitialized in this function
FAIL: gcc.dg/tls/alias-1.c (test for excess errors)
output is:
/usr/bin/ld: alias-1.exe: Not enough room for program headers (allocated 7, need 8)
/usr/bin/ld: final link failed: Bad value
collect2: ld returned 1 exit status
FAIL: gcc.dg/tls/opt-2.c (test for excess errors)
output is:
/usr/bin/ld: opt-2.exe: Not enough room for program headers (allocated 7, need 8)
/usr/bin/ld: final link failed: Bad value
collect2: ld returned 1 exit status
FAIL: g++.dg/ext/pretty2.C (test for excess errors)
output is:
/tmp/ccmopaSK.o(.toc+0x38): undefined reference to \`__PRETTY_FUNCTION__'
collect2: ld returned 1 exit status
FAIL: g++.dg/parse/crash10.C (test for errors, line 14)
output is:
/home/olh/gcc-head/gcc/testsuite/g++.dg/parse/crash10.C:12: error: using \`typename' outside of template
/home/olh/gcc-head/gcc/testsuite/g++.dg/parse/crash10.C:12: error: using \`typename' outside of template
/home/olh/gcc-head/gcc/testsuite/g++.dg/parse/crash10.C:13: error: expected nested-name-specifier
/home/olh/gcc-head/gcc/testsuite/g++.dg/parse/crash10.C:13: error: expected unqualified-id
/home/olh/gcc-head/gcc/testsuite/g++.dg/parse/crash10.C:13: error: expected \`}'
/home/olh/gcc-head/gcc/testsuite/g++.dg/parse/crash10.C:13: error: expected unqualified-id
/home/olh/gcc-head/gcc/testsuite/g++.dg/parse/crash10.C:13: error: expected \`,' or \`;'
FAIL: g77.f-torture/execute/980520-1.f compilation, -O0
output is:
/tmp/ccKsMDLF.o(.text+0x50): In function \`.values.0':
: undefined reference to \`.val_'
collect2: ld returned 1 exit status
More information about the Gcc-testresults
mailing list