Results for 3.3.2 20031001 (prerelease) testsuite on alphaev67-unknown-linux-gnu
Richard Henderson
rth@dorothy.sfbay.redhat.com
Wed Oct 1 16:56:00 GMT 2003
LAST_UPDATED: Wed Oct 1 06:50:34 UTC 2003
Native configuration is alphaev67-unknown-linux-gnu
=== libjava tests ===
Running target unix
WARNING: program timed out.
FAIL: SyncTest execution - gij test
WARNING: program timed out.
FAIL: SyncTest execution - bytecode->native test
WARNING: program timed out.
FAIL: SyncTest execution - gij test
WARNING: program timed out.
FAIL: SyncTest -O execution - bytecode->native test
FAIL: initexc execution - gij test
FAIL: initexc execution - gij test
=== libjava Summary ===
# of expected passes 2979
# of unexpected failures 6
# of expected failures 16
# of untested testcases 18
=== libstdc++-v3 check-abi Summary ===
# of added symbols: 40
# of missing symbols: 0
# of incompatible symbols: 0
=== libstdc++-v3 tests ===
Running target unix
XPASS: 22_locale/ctype_is_char.cc execution test
XPASS: 22_locale/ctype_is_wchar_t.cc execution test
XPASS: 22_locale/members.cc execution test
XPASS: 22_locale/messages_byname.cc execution test
XPASS: 22_locale/messages_members_char.cc execution test
XPASS: 22_locale/money_get_members_char.cc execution test
XPASS: 22_locale/money_get_members_wchar_t.cc execution test
XPASS: 22_locale/money_put_members_char.cc execution test
XPASS: 22_locale/money_put_members_wchar_t.cc execution test
XPASS: 22_locale/moneypunct_byname.cc execution test
XPASS: 22_locale/moneypunct_members_char.cc execution test
XPASS: 22_locale/moneypunct_members_wchar_t.cc execution test
XPASS: 22_locale/num_get_members_char.cc execution test
XPASS: 22_locale/num_get_members_wchar_t.cc execution test
XPASS: 22_locale/num_put_members_char.cc execution test
XPASS: 22_locale/num_put_members_wchar_t.cc execution test
XPASS: 22_locale/numpunct_byname.cc execution test
XPASS: 22_locale/numpunct_members_char.cc execution test
XPASS: 22_locale/numpunct_members_wchar_t.cc execution test
XPASS: 22_locale/time_get_members_char.cc execution test
XPASS: 22_locale/time_get_members_wchar_t.cc execution test
XPASS: 22_locale/time_put_members_char.cc execution test
XPASS: 22_locale/time_put_members_wchar_t.cc execution test
FAIL: 26_numerics/fabs_inline.cc (test for excess errors)
WARNING: 26_numerics/fabs_inline.cc compilation failed to produce executable
=== libstdc++-v3 Summary ===
# of expected passes 451
# of unexpected failures 1
# of unexpected successes 23
# of expected failures 5
=== g++ tests ===
Running target unix
FAIL: g++.dg/parse/parameter-declaration-1.C (test for errors, line 7)
FAIL: g++.dg/parse/parameter-declaration-1.C (test for excess errors)
FAIL: g++.dg/tls/init-2.C (test for excess errors)
=== g++ Summary ===
# of expected passes 8095
# of unexpected failures 3
# of expected failures 95
# of untested testcases 22
# of unsupported tests 27
/dorothy/rth/gcc/build/33-ev67/gcc/testsuite/../g++ version 3.3.2 20031001 (prerelease)
=== g77 tests ===
Running target unix
=== g77 Summary ===
# of expected passes 1686
# of unsupported tests 8
/dorothy/rth/gcc/build/33-ev67/gcc/testsuite/../g77 version 3.3.2 20031001 (prerelease)
=== gcc tests ===
Running target unix
FAIL: gcc.c-torture/execute/20020227-1.c compilation, -O2
UNRESOLVED: gcc.c-torture/execute/20020227-1.c execution, -O2
FAIL: gcc.c-torture/execute/20020227-1.c compilation, -O3 -fomit-frame-pointer
UNRESOLVED: gcc.c-torture/execute/20020227-1.c execution, -O3 -fomit-frame-pointer
FAIL: gcc.c-torture/execute/20020227-1.c compilation, -O3 -g
UNRESOLVED: gcc.c-torture/execute/20020227-1.c execution, -O3 -g
FAIL: gcc.c-torture/execute/20020227-1.c compilation, -Os
UNRESOLVED: gcc.c-torture/execute/20020227-1.c execution, -Os
FAIL: gcc.dg/duff-2.c (test for excess errors)
=== gcc Summary ===
# of expected passes 21401
# of unexpected failures 5
# of expected failures 74
# of unresolved testcases 4
# of unsupported tests 169
/dorothy/rth/gcc/build/33-ev67/gcc/xgcc version 3.3.2 20031001 (prerelease)
=== objc tests ===
Running target unix
=== objc Summary ===
# of expected passes 1153
/dorothy/rth/gcc/build/33-ev67/gcc/xgcc version 3.3.2 20031001 (prerelease)
Compiler version: 3.3.2 20031001 (prerelease)
Platform: alphaev67-unknown-linux-gnu
configure flags: --host=alphaev67-unknown-linux-gnu --prefix=/dorothy/H-alpha-linux-gnu --enable-threads
More information about the Gcc-testresults
mailing list