Results for 3.3.2 20031107 (Red Hat Linux 3.3.2-2) testsuite on i686-pc-linux-gnu
hjl@gnu.sc.intel.com
hjl@gnu.sc.intel.com
Mon Nov 24 22:13:00 GMT 2003
LAST_UPDATED: Mon Nov 24 19:26:46 UTC 2003
Native configuration is i686-pc-linux-gnu
=== g++ tests ===
Running target unix
=== g++ Summary ===
# of expected passes 8156
# of expected failures 95
# of untested testcases 9
# of unsupported tests 4
/export/build/gnu/gcc-3.3-redhat/build-i686-linux/gcc/testsuite/../g++ version 3.3.2 20031107 (Red Hat Linux 3.3.2-2)
=== g77 tests ===
Running target unix
=== g77 Summary ===
# of expected passes 1702
/export/build/gnu/gcc-3.3-redhat/build-i686-linux/gcc/testsuite/../g77 version 3.3.2 20031107 (Red Hat Linux 3.3.2-2)
=== gcc tests ===
Running target unix
FAIL: gcc.dg/duff-2.c (test for excess errors)
=== gcc Summary ===
# of expected passes 21496
# of unexpected failures 1
# of expected failures 69
# of unsupported tests 91
/export/build/gnu/gcc-3.3-redhat/build-i686-linux/gcc/xgcc version 3.3.2 20031107 (Red Hat Linux 3.3.2-2)
=== objc tests ===
Running target unix
=== objc Summary ===
# of expected passes 1153
/export/build/gnu/gcc-3.3-redhat/build-i686-linux/gcc/xgcc version 3.3.2 20031107 (Red Hat Linux 3.3.2-2)
=== libjava tests ===
Running target unix
FAIL: SyncGlobal -O execution - bytecode->native test
=== libjava Summary ===
# of expected passes 2989
# of unexpected failures 1
# of expected failures 16
# of untested testcases 13
=== libstdc++-v3 check-abi Summary ===
# of added symbols: 0
# of missing symbols: 0
# of incompatible symbols: 0
=== libstdc++-v3 tests ===
Running target unix
XPASS: 22_locale/collate_byname.cc execution test
XPASS: 22_locale/collate_members_char.cc execution test
XPASS: 22_locale/collate_members_wchar_t.cc execution test
XPASS: 22_locale/ctype_is_char.cc execution test
XPASS: 22_locale/ctype_is_wchar_t.cc execution test
XPASS: 22_locale/members.cc execution test
XPASS: 22_locale/messages_byname.cc execution test
XPASS: 22_locale/messages_members_char.cc execution test
XPASS: 22_locale/money_get_members_char.cc execution test
XPASS: 22_locale/money_get_members_wchar_t.cc execution test
XPASS: 22_locale/money_put_members_char.cc execution test
XPASS: 22_locale/money_put_members_wchar_t.cc execution test
XPASS: 22_locale/moneypunct_byname.cc execution test
XPASS: 22_locale/moneypunct_members_char.cc execution test
XPASS: 22_locale/moneypunct_members_wchar_t.cc execution test
XPASS: 22_locale/num_get_members_char.cc execution test
XPASS: 22_locale/num_get_members_wchar_t.cc execution test
XPASS: 22_locale/num_put_members_char.cc execution test
XPASS: 22_locale/num_put_members_wchar_t.cc execution test
XPASS: 22_locale/numpunct_byname.cc execution test
XPASS: 22_locale/numpunct_members_char.cc execution test
XPASS: 22_locale/numpunct_members_wchar_t.cc execution test
XPASS: 22_locale/time_get_members_char.cc execution test
XPASS: 22_locale/time_get_members_wchar_t.cc execution test
=== libstdc++-v3 Summary ===
# of expected passes 453
# of unexpected successes 24
# of expected failures 4
Compiler version: 3.3.2 20031107 (Red Hat Linux 3.3.2-2)
Platform: i686-pc-linux-gnu
configure flags: --host=i686-pc-linux-gnu --enable-clocale=gnu --with-system-zlib --enable-shared --enable-threads=posix --enable-haifa --disable-checking --prefix=/usr/gcc-3.3-redhat --with-local-prefix=/usr/local
More information about the Gcc-testresults
mailing list