Results for 3.5-tree-ssa 20031121 (merged 20031111) testsuite on powerpc-unknown-linux-gnu
Toon Moene
toon@moene.indiv.nluug.nl
Sat Nov 22 09:08:00 GMT 2003
LAST_UPDATED: Fri Nov 21 20:36:57 UTC 2003
Native configuration is powerpc-unknown-linux-gnu
=== g++ tests ===
Running target unix
WARNING: program timed out.
FAIL: g++.dg/eh/cleanup1.C (test for excess errors)
XPASS: g++.dg/ext/lvalue1.C not an lvalue (test for errors, line 7)
FAIL: g++.dg/ext/pretty1.C scan-assembler top level
FAIL: g++.dg/ext/pretty2.C (test for excess errors)
WARNING: g++.dg/ext/pretty2.C compilation failed to produce executable
WARNING: g++.dg/ext/stmtexpr1.C compilation failed to produce executable
XPASS: g++.dg/other/packed1.C execution test
XPASS: g++.dg/warn/Wunused-2.C (test for warnings, line 5)
FAIL: 258: expected branch percentages not found: 25
FAIL: g++.dg/gcov/gcov-1.C gcov: 0 failures in line counts, 1 in branch percentages, 0 in return percentages
FAIL: 23:is 2:should be 1
FAIL: g++.dg/gcov/gcov-2.C gcov: 1 failures in line counts, 0 in branch percentages, 0 in return percentages
FAIL: g++.old-deja/g++.brendan/crash30.C (test for excess errors)
WARNING: g++.old-deja/g++.mike/p10769a.C compilation failed to produce executable
WARNING: g++.old-deja/g++.other/enum5.C compilation failed to produce executable
WARNING: g++.old-deja/g++.pt/friend44.C compilation failed to produce executable
FAIL: g++.old-deja/g++.pt/vaarg3.C (test for excess errors)
=== g++ Summary ===
# of expected passes 9045
# of unexpected failures 9
# of unexpected successes 3
# of expected failures 63
# of unsupported tests 61
/home/toon/compilers/tree-ssa/obj/gcc/testsuite/../g++ version 3.5-tree-ssa 20031121 (merged 20031111)
=== gcc tests ===
Running target unix
FAIL: gcc.c-torture/execute/20000603-1.c execution, -O3 -fomit-frame-pointer
FAIL: gcc.c-torture/execute/20000603-1.c execution, -O3 -g
FAIL: gcc.c-torture/execute/20010403-1.c execution, -O3 -fomit-frame-pointer
FAIL: gcc.c-torture/execute/20010403-1.c execution, -O3 -g
FAIL: gcc.c-torture/execute/20021120-1.c compilation, -O1
UNRESOLVED: gcc.c-torture/execute/20021120-1.c execution, -O1
FAIL: gcc.c-torture/execute/20021120-1.c compilation, -O2
UNRESOLVED: gcc.c-torture/execute/20021120-1.c execution, -O2
FAIL: gcc.c-torture/execute/20021120-1.c compilation, -O3 -fomit-frame-pointer
UNRESOLVED: gcc.c-torture/execute/20021120-1.c execution, -O3 -fomit-frame-pointer
FAIL: gcc.c-torture/execute/20021120-1.c compilation, -O3 -fomit-frame-pointer -funroll-loops
UNRESOLVED: gcc.c-torture/execute/20021120-1.c execution, -O3 -fomit-frame-pointer -funroll-loops
FAIL: gcc.c-torture/execute/20021120-1.c compilation, -O3 -fomit-frame-pointer -funroll-all-loops -finline-functions
UNRESOLVED: gcc.c-torture/execute/20021120-1.c execution, -O3 -fomit-frame-pointer -funroll-all-loops -finline-functions
FAIL: gcc.c-torture/execute/20021120-1.c compilation, -O3 -g
UNRESOLVED: gcc.c-torture/execute/20021120-1.c execution, -O3 -g
FAIL: gcc.c-torture/execute/20021120-1.c compilation, -Os
UNRESOLVED: gcc.c-torture/execute/20021120-1.c execution, -Os
FAIL: gcc.c-torture/execute/20030125-1.c execution, -O1
FAIL: gcc.c-torture/execute/20030125-1.c execution, -O2
FAIL: gcc.c-torture/execute/20030125-1.c execution, -O3 -fomit-frame-pointer
FAIL: gcc.c-torture/execute/20030125-1.c execution, -O3 -g
FAIL: gcc.c-torture/execute/20030125-1.c execution, -Os
FAIL: gcc.c-torture/execute/980701-1.c execution, -O3 -fomit-frame-pointer
FAIL: gcc.c-torture/execute/980701-1.c execution, -O3 -g
FAIL: gcc.c-torture/execute/bcp-1.c execution, -O1
XPASS: gcc.c-torture/execute/string-opt-18.c execution, -O0
XPASS: gcc.c-torture/execute/string-opt-18.c execution, -O1
XPASS: gcc.c-torture/execute/string-opt-18.c execution, -O2
XPASS: gcc.c-torture/execute/string-opt-18.c execution, -O3 -fomit-frame-pointer
XPASS: gcc.c-torture/execute/string-opt-18.c execution, -O3 -g
XPASS: gcc.c-torture/execute/string-opt-18.c execution, -Os
FAIL: gcc.c-torture/execute/string-opt-7.c execution, -O1
FAIL: gcc.c-torture/execute/string-opt-7.c execution, -O2
FAIL: gcc.c-torture/execute/string-opt-7.c execution, -O3 -fomit-frame-pointer
FAIL: gcc.c-torture/execute/string-opt-7.c execution, -O3 -g
FAIL: gcc.c-torture/execute/string-opt-7.c execution, -Os
FAIL: gcc.c-torture/execute/va-arg-25.c execution, -O0
FAIL: gcc.c-torture/execute/va-arg-25.c execution, -O1
FAIL: gcc.c-torture/execute/va-arg-25.c execution, -O2
FAIL: gcc.c-torture/execute/va-arg-25.c execution, -O3 -fomit-frame-pointer
FAIL: gcc.c-torture/execute/va-arg-25.c execution, -O3 -g
FAIL: gcc.c-torture/execute/va-arg-25.c execution, -Os
UNRESOLVED: gcc.c-torture/execute/wchar_t-1.c execution, -O0
UNRESOLVED: gcc.c-torture/execute/wchar_t-1.c execution, -O1
UNRESOLVED: gcc.c-torture/execute/wchar_t-1.c execution, -O2
UNRESOLVED: gcc.c-torture/execute/wchar_t-1.c execution, -O3 -fomit-frame-pointer
UNRESOLVED: gcc.c-torture/execute/wchar_t-1.c execution, -O3 -g
UNRESOLVED: gcc.c-torture/execute/wchar_t-1.c execution, -Os
FAIL: gcc.dg/compat/scalar-by-value-3 c_compat_x_tst.o-c_compat_y_tst.o execute
FAIL: gcc.dg/compat/scalar-return-3 c_compat_x_tst.o-c_compat_y_tst.o execute
FAIL: gcc.dg/20020304-1.c (test for excess errors)
FAIL: gcc.dg/20030331-2.c (test for excess errors)
FAIL: gcc.dg/20030711-1.c execution test
FAIL: gcc.dg/980526-1.c (test for excess errors)
FAIL: gcc.dg/altivec-5.c (test for excess errors)
FAIL: gcc.dg/builtins-10.c (test for excess errors)
FAIL: gcc.dg/builtins-18.c (test for excess errors)
FAIL: gcc.dg/builtins-20.c (test for excess errors)
FAIL: gcc.dg/builtins-26.c (test for excess errors)
FAIL: gcc.dg/builtins-7.c (test for excess errors)
WARNING: program timed out.
FAIL: gcc.dg/c99-intconst-1.c (test for excess errors)
FAIL: gcc.dg/complex-1.c execution test
FAIL: gcc.dg/doloop-1.c scan-assembler bdnz
FAIL: gcc.dg/doloop-1.c scan-assembler-not blt
FAIL: gcc.dg/ppc-sdata-1.c scan-assembler sdat@sdarel\\(13\\)
FAIL: gcc.dg/ppc-sdata-1.c scan-assembler sdat2@sda21\\(2\\)
XPASS: gcc.dg/uninit-4.c uninitialized variable warning (test for bogus messages, line 26)
XPASS: gcc.dg/uninit-5.c uninitialized variable warning (test for bogus messages, line 13)
XPASS: gcc.dg/uninit-5.c uninitialized variable warning (test for bogus messages, line 27)
XPASS: gcc.dg/uninit-8.c uninitialized variable warning (test for bogus messages, line 14)
FAIL: gcc.dg/uninit-D.c (test for excess errors)
FAIL: gcc.dg/warn-1.c (test for warnings, line 8)
FAIL: gcc.dg/torture/builtin-explog-1.c (test for excess errors)
FAIL: gcc.dg/torture/builtin-explog-1.c (test for excess errors)
FAIL: gcc.dg/torture/builtin-explog-1.c (test for excess errors)
FAIL: gcc.dg/torture/builtin-explog-1.c (test for excess errors)
FAIL: gcc.dg/torture/builtin-explog-1.c (test for excess errors)
FAIL: gcc.dg/torture/builtin-explog-1.c (test for excess errors)
FAIL: gcc.dg/tree-ssa/20030731-1.c scan-tree-dump-times target.*!= 0 0
FAIL: gcc.dg/tree-ssa/20030807-3.c scan-tree-dump-times if 2
FAIL: gcc.dg/tree-ssa/20030807-4.c scan-tree-dump-times if 2
FAIL: gcc.dg/tree-ssa/20030807-7.c scan-tree-dump-times if 1
FAIL: gcc.dg/tree-ssa/20030814-6.c scan-tree-dump-times common.code 1
FAIL: gcc.dg/tree-ssa/20030922-1.c scan-tree-dump-times if 0
FAIL: gcc.dg/tree-ssa/20030922-2.c scan-tree-dump-times if 2
FAIL: gcc.dg/tree-ssa/20031106-1.c scan-tree-dump-times testarray 1
FAIL: gcc.dg/tree-ssa/20031106-2.c scan-tree-dump-times teststruct 1
FAIL: gcc.dg/tree-ssa/20031106-3.c scan-tree-dump-times link_error 0
FAIL: gcc.dg/tree-ssa/20031106-4.c scan-tree-dump-times link_error 0
FAIL: gcc.dg/tree-ssa/20031106-5.c scan-tree-dump-times link_error 0
FAIL: gcc.dg/tree-ssa/20031106-6.c scan-tree-dump-times temp_struct 0
FAIL: gcc.dg/tree-ssa/ssa-ccp-3.c scan-tree-dump-times link_error 0
FAIL: gcc.dg/tree-ssa/ssa-ccp-4.c scan-tree-dump-times link_error 0
FAIL: gcc.dg/tree-ssa/ssa-ccp-5.c scan-tree-dump-times link_error 0
FAIL: gcc.dg/tree-ssa/ssa-ccp-6.c scan-tree-dump-times link_error 0
FAIL: gcc.dg/tree-ssa/ssa-ccp-8.c scan-tree-dump-times link_error 0
FAIL: gcc.dg/tree-ssa/tailcall-1.c (test for excess errors)
ERROR: gcc.dg/tree-ssa/tailcall-1.c: error executing dg-final: no files matched glob pattern "tailcall-1.c.t??.tail2"
UNRESOLVED: gcc.dg/tree-ssa/tailcall-1.c: error executing dg-final: no files matched glob pattern "tailcall-1.c.t??.tail2"
FAIL: gcc.dg/tree-ssa/tailrecursion-1.c (test for excess errors)
ERROR: gcc.dg/tree-ssa/tailrecursion-1.c: error executing dg-final: no files matched glob pattern "tailrecursion-1.c.t??.tail1"
UNRESOLVED: gcc.dg/tree-ssa/tailrecursion-1.c: error executing dg-final: no files matched glob pattern "tailrecursion-1.c.t??.tail1"
FAIL: gcc.dg/tree-ssa/tailrecursion-2.c (test for excess errors)
ERROR: gcc.dg/tree-ssa/tailrecursion-2.c: error executing dg-final: no files matched glob pattern "tailrecursion-2.c.t??.tail1"
UNRESOLVED: gcc.dg/tree-ssa/tailrecursion-2.c: error executing dg-final: no files matched glob pattern "tailrecursion-2.c.t??.tail1"
FAIL: gcc.dg/tree-ssa/tailrecursion-3.c (test for excess errors)
ERROR: gcc.dg/tree-ssa/tailrecursion-3.c: error executing dg-final: no files matched glob pattern "tailrecursion-3.c.t??.tail1"
UNRESOLVED: gcc.dg/tree-ssa/tailrecursion-3.c: error executing dg-final: no files matched glob pattern "tailrecursion-3.c.t??.tail1"
FAIL: gcc.dg/tree-ssa/tailrecursion-4.c (test for excess errors)
ERROR: gcc.dg/tree-ssa/tailrecursion-4.c: error executing dg-final: no files matched glob pattern "tailrecursion-4.c.t??.tail1"
UNRESOLVED: gcc.dg/tree-ssa/tailrecursion-4.c: error executing dg-final: no files matched glob pattern "tailrecursion-4.c.t??.tail1"
FAIL: 209: expected branch percentages not found: 25
FAIL: gcc.misc-tests/gcov-4b.c gcov: 0 failures in line counts, 1 in branch percentages, 0 in return percentages
=== gcc Summary ===
# of expected passes 24677
# of unexpected failures 81
# of unexpected successes 10
# of expected failures 73
# of unresolved testcases 18
# of untested testcases 7
# of unsupported tests 257
/home/toon/compilers/tree-ssa/obj/gcc/xgcc version 3.5-tree-ssa 20031121 (merged 20031111)
=== gfortran tests ===
Running target unix
FAIL: gfortran.fortran-torture/execute/arrayarg.f90 compilation, -O2 -fomit-frame-pointer -finline-functions
FAIL: gfortran.fortran-torture/execute/arrayarg.f90 compilation, -O2 -fomit-frame-pointer -finline-functions -funroll-loops
FAIL: gfortran.fortran-torture/execute/arrayarg.f90 compilation, -O2 -fomit-frame-pointer -finline-functions -funroll-all-loops
FAIL: gfortran.fortran-torture/execute/arrayarg.f90 compilation, -O3 -g
FAIL: gfortran.fortran-torture/execute/forall_3.f90 execution, -O0
FAIL: gfortran.fortran-torture/execute/forall_3.f90 execution, -O1
FAIL: gfortran.fortran-torture/execute/forall_3.f90 execution, -O2
FAIL: gfortran.fortran-torture/execute/forall_3.f90 execution, -O2 -fomit-frame-pointer -finline-functions
FAIL: gfortran.fortran-torture/execute/forall_3.f90 execution, -O2 -fomit-frame-pointer -finline-functions -funroll-loops
FAIL: gfortran.fortran-torture/execute/forall_3.f90 execution, -O2 -fomit-frame-pointer -finline-functions -funroll-all-loops
FAIL: gfortran.fortran-torture/execute/forall_3.f90 execution, -O2 -fno-repack-arrays
FAIL: gfortran.fortran-torture/execute/forall_3.f90 execution, -O2 -fg77-calls
FAIL: gfortran.fortran-torture/execute/forall_3.f90 execution, -O3 -g
FAIL: gfortran.fortran-torture/execute/forall_3.f90 execution, -Os
FAIL: gfortran.fortran-torture/execute/specifics.f90 execution, -O0
FAIL: gfortran.fortran-torture/execute/specifics.f90 execution, -O1
FAIL: gfortran.fortran-torture/execute/specifics.f90 execution, -O2
FAIL: gfortran.fortran-torture/execute/specifics.f90 execution, -O2 -fomit-frame-pointer -finline-functions
FAIL: gfortran.fortran-torture/execute/specifics.f90 execution, -O2 -fomit-frame-pointer -finline-functions -funroll-loops
FAIL: gfortran.fortran-torture/execute/specifics.f90 execution, -O2 -fomit-frame-pointer -finline-functions -funroll-all-loops
FAIL: gfortran.fortran-torture/execute/specifics.f90 execution, -O2 -fno-repack-arrays
FAIL: gfortran.fortran-torture/execute/specifics.f90 execution, -O2 -fg77-calls
FAIL: gfortran.fortran-torture/execute/specifics.f90 execution, -O3 -g
FAIL: gfortran.fortran-torture/execute/specifics.f90 execution, -Os
FAIL: gfortran.fortran-torture/execute/stack_varsize.f90 compilation, -O2 -fomit-frame-pointer -finline-functions
FAIL: gfortran.fortran-torture/execute/stack_varsize.f90 compilation, -O2 -fomit-frame-pointer -finline-functions -funroll-loops
FAIL: gfortran.fortran-torture/execute/stack_varsize.f90 compilation, -O2 -fomit-frame-pointer -finline-functions -funroll-all-loops
FAIL: gfortran.fortran-torture/execute/stack_varsize.f90 compilation, -O3 -g
=== gfortran Summary ===
# of expected passes 2284
# of unexpected failures 28
# of untested testcases 8
/home/toon/compilers/tree-ssa/obj/gcc/testsuite/../gfortran version 3.5-tree-ssa 20031121 (merged 20031111)
=== objc tests ===
Running target unix
FAIL: objc/execute/bycopy-3.m compilation, -O0
UNRESOLVED: objc/execute/bycopy-3.m execution, -O0
FAIL: objc/execute/bycopy-3.m compilation, -O1
UNRESOLVED: objc/execute/bycopy-3.m execution, -O1
FAIL: objc/execute/bycopy-3.m compilation, -O2
UNRESOLVED: objc/execute/bycopy-3.m execution, -O2
FAIL: objc/execute/bycopy-3.m compilation, -O3 -fomit-frame-pointer
UNRESOLVED: objc/execute/bycopy-3.m execution, -O3 -fomit-frame-pointer
FAIL: objc/execute/bycopy-3.m compilation, -O3 -g
UNRESOLVED: objc/execute/bycopy-3.m execution, -O3 -g
FAIL: objc/execute/bycopy-3.m compilation, -Os
UNRESOLVED: objc/execute/bycopy-3.m execution, -Os
FAIL: objc/execute/formal_protocol-5.m compilation, -O0
UNRESOLVED: objc/execute/formal_protocol-5.m execution, -O0
FAIL: objc/execute/formal_protocol-5.m compilation, -O1
UNRESOLVED: objc/execute/formal_protocol-5.m execution, -O1
FAIL: objc/execute/formal_protocol-5.m compilation, -O2
UNRESOLVED: objc/execute/formal_protocol-5.m execution, -O2
FAIL: objc/execute/formal_protocol-5.m compilation, -O3 -fomit-frame-pointer
UNRESOLVED: objc/execute/formal_protocol-5.m execution, -O3 -fomit-frame-pointer
FAIL: objc/execute/formal_protocol-5.m compilation, -O3 -g
UNRESOLVED: objc/execute/formal_protocol-5.m execution, -O3 -g
FAIL: objc/execute/formal_protocol-5.m compilation, -Os
UNRESOLVED: objc/execute/formal_protocol-5.m execution, -Os
FAIL: objc/execute/formal_protocol-6.m compilation, -O0
UNRESOLVED: objc/execute/formal_protocol-6.m execution, -O0
FAIL: objc/execute/formal_protocol-6.m compilation, -O1
UNRESOLVED: objc/execute/formal_protocol-6.m execution, -O1
FAIL: objc/execute/formal_protocol-6.m compilation, -O2
UNRESOLVED: objc/execute/formal_protocol-6.m execution, -O2
FAIL: objc/execute/formal_protocol-6.m compilation, -O3 -fomit-frame-pointer
UNRESOLVED: objc/execute/formal_protocol-6.m execution, -O3 -fomit-frame-pointer
FAIL: objc/execute/formal_protocol-6.m compilation, -O3 -g
UNRESOLVED: objc/execute/formal_protocol-6.m execution, -O3 -g
FAIL: objc/execute/formal_protocol-6.m compilation, -Os
UNRESOLVED: objc/execute/formal_protocol-6.m execution, -Os
FAIL: objc.dg/encode-2.m execution test
FAIL: objc.dg/encode-3.m execution test
FAIL: objc.dg/encode-4.m execution test
=== objc Summary ===
# of expected passes 1298
# of unexpected failures 21
# of unresolved testcases 18
# of unsupported tests 7
/home/toon/compilers/tree-ssa/obj/gcc/xgcc version 3.5-tree-ssa 20031121 (merged 20031111)
=== libffi tests ===
Running target unix
=== libffi Summary ===
# of expected passes 164
# of unsupported tests 2
=== libjava tests ===
Running target unix
FAIL: linking simple
FAIL: /home/toon/compilers/tree-ssa/gcc/libjava/testsuite/libjava.jar/simple.jar execution - gij test
FAIL: bytecompile /home/toon/compilers/tree-ssa/gcc/libjava/testsuite/libjava.jni/calls.java
FAIL: bytecompile /home/toon/compilers/tree-ssa/gcc/libjava/testsuite/libjava.jni/cxxtest.java
FAIL: bytecompile /home/toon/compilers/tree-ssa/gcc/libjava/testsuite/libjava.jni/field.java
FAIL: bytecompile /home/toon/compilers/tree-ssa/gcc/libjava/testsuite/libjava.jni/final_method.java
FAIL: bytecompile /home/toon/compilers/tree-ssa/gcc/libjava/testsuite/libjava.jni/findclass.java
FAIL: bytecompile /home/toon/compilers/tree-ssa/gcc/libjava/testsuite/libjava.jni/invoke.java
FAIL: bytecompile /home/toon/compilers/tree-ssa/gcc/libjava/testsuite/libjava.jni/martin.java
FAIL: bytecompile /home/toon/compilers/tree-ssa/gcc/libjava/testsuite/libjava.jni/noclass.java
FAIL: bytecompile /home/toon/compilers/tree-ssa/gcc/libjava/testsuite/libjava.jni/overload.java
FAIL: bytecompile /home/toon/compilers/tree-ssa/gcc/libjava/testsuite/libjava.jni/pr11951.java
FAIL: bytecompile /home/toon/compilers/tree-ssa/gcc/libjava/testsuite/libjava.jni/register.java
FAIL: bytecompile /home/toon/compilers/tree-ssa/gcc/libjava/testsuite/libjava.jni/simple_int.java
FAIL: bytecompile /home/toon/compilers/tree-ssa/gcc/libjava/testsuite/libjava.jni/throwit.java
FAIL: bytecompile /home/toon/compilers/tree-ssa/gcc/libjava/testsuite/libjava.jni/virtual.java
FAIL: Array_3 execution - source compiled test
FAIL: Array_3 execution - gij test
FAIL: Array_3 execution - bytecode->native test
FAIL: Array_3 -O3 execution - source compiled test
FAIL: Array_3 execution - gij test
FAIL: Array_3 -O3 execution - bytecode->native test
FAIL: InterfaceDispatch -O3 output - bytecode->native test
FAIL: Invoke_1 execution - source compiled test
FAIL: Invoke_1 execution - bytecode->native test
FAIL: Invoke_1 -O3 execution - source compiled test
FAIL: Invoke_1 -O3 execution - bytecode->native test
FAIL: N19990310_02 -O3 execution - bytecode->native test
FAIL: PR160 -O3 execution - bytecode->native test
FAIL: PR6729 -O3 output - bytecode->native test
FAIL: String_overflow -O3 compilation from source
FAIL: SyncGlobal -O3 execution - bytecode->native test
FAIL: TLtest -O3 compilation from source
FAIL: Thread_Alive -O3 execution - bytecode->native test
FAIL: Thread_Wait -O3 execution - bytecode->native test
FAIL: Thread_Wait_2 -O3 execution - bytecode->native test
FAIL: Thread_Wait_Interrupt -O3 execution - bytecode->native test
FAIL: anfi -O3 compilation from source
FAIL: anon -O3 compilation from source
FAIL: anon2 -O3 compilation from source
FAIL: anon3 -O3 compilation from source
FAIL: anon4 -O3 compilation from source
FAIL: anon_ctor_itf_arg -O3 compilation from source
FAIL: anonarray3 -O3 compilation from source
FAIL: err11 -O3 output - bytecode->native test
FAIL: err3 output - source compiled test
FAIL: err3 -O3 output - source compiled test
=== libjava Summary ===
# of expected passes 3075
# of unexpected failures 47
# of expected failures 11
# of untested testcases 44
=== libmudflap tests ===
Running target unix
FAIL: libmudflap.c/pass26-frag.c execution test
FAIL: libmudflap.c/pass26-frag.c (-static) execution test
FAIL: libmudflap.c/fail21-frag.c (-O2) crash test
FAIL: libmudflap.c/fail21-frag.c (-O2) output pattern test
FAIL: libmudflap.c/pass26-frag.c (-O2) execution test
FAIL: libmudflap.c/fail21-frag.c (-O3) crash test
FAIL: libmudflap.c/fail21-frag.c (-O3) output pattern test
FAIL: libmudflap.c/fail27-frag.c (-O3) output pattern test
FAIL: libmudflap.c/pass26-frag.c (-O3) execution test
FAIL: libmudflap.c++/pass41-frag.cxx (test for excess errors)
WARNING: libmudflap.c++/pass41-frag.cxx compilation failed to produce executable
FAIL: libmudflap.c++/pass41-frag.cxx (-static) (test for excess errors)
WARNING: libmudflap.c++/pass41-frag.cxx (-static) compilation failed to produce executable
FAIL: libmudflap.c++/pass27-frag.cxx (-O2) execution test
FAIL: libmudflap.c++/pass41-frag.cxx (-O2) (test for excess errors)
WARNING: libmudflap.c++/pass41-frag.cxx (-O2) compilation failed to produce executable
FAIL: libmudflap.c++/pass27-frag.cxx (-O3) execution test
FAIL: libmudflap.c++/pass41-frag.cxx (-O3) (test for excess errors)
WARNING: libmudflap.c++/pass41-frag.cxx (-O3) compilation failed to produce executable
=== libmudflap Summary ===
# of expected passes 977
# of unexpected failures 15
=== libstdc++ tests ===
Running target unix
FAIL: 20_util/auto_ptr.cc (test for excess errors)
WARNING: 20_util/auto_ptr.cc compilation failed to produce executable
FAIL: 24_iterators/iterator.cc execution test
XPASS: 26_numerics/c99_classification_macros_c.cc (test for excess errors)
FAIL: ext/stdio_sync_filebuf_wchar_t.cc execution test
=== libstdc++ Summary ===
# of expected passes 2279
# of unexpected failures 3
# of unexpected successes 1
# of expected failures 11
Compiler version: 3.5-tree-ssa 20031121 (merged 20031111)
Platform: powerpc-unknown-linux-gnu
configure flags: --prefix=/usr/tsa --disable-nls --disable-multilib --with-libbanshee
More information about the Gcc-testresults
mailing list