Results for 3.4 20031119 (experimental) testsuite on sh-unknown-elf
Joern Rennecke
joern.rennecke@superh.com
Thu Nov 20 03:05:00 GMT 2003
LAST_UPDATED: 2003-11-19 23:00 UTC
Target is sh-unknown-elf
Host is i686-pc-linux-gnu
=== g++ tests ===
Running target sh-hms-sim
XPASS: g++.dg/ext/lvalue1.C not an lvalue (test for errors, line 7)
FAIL: g++.dg/ext/stmtexpr1.C (test for excess errors)
WARNING: g++.dg/ext/stmtexpr1.C compilation failed to produce executable
FAIL: g++.dg/lookup/using9.C (test for errors, line 7)
FAIL: g++.dg/lookup/using9.C (test for errors, line 8)
FAIL: g++.dg/lookup/using9.C (test for errors, line 12)
FAIL: g++.dg/lookup/using9.C (test for errors, line 13)
FAIL: g++.dg/lookup/using9.C (test for errors, line 14)
FAIL: g++.dg/lookup/using9.C (test for errors, line 22)
FAIL: g++.dg/lookup/using9.C (test for errors, line 23)
FAIL: g++.dg/lookup/using9.C (test for excess errors)
FAIL: g++.dg/template/ptrmem7.C (test for errors, line 38)
FAIL: g++.dg/template/ptrmem7.C (test for errors, line 39)
FAIL: g++.dg/template/ptrmem7.C (test for errors, line 43)
FAIL: g++.dg/template/ptrmem7.C (test for excess errors)
XPASS: g++.dg/warn/Wunused-2.C (test for warnings, line 5)
XPASS: g++.old-deja/g++.jason/thunk3.C execution test
WARNING: g++.old-deja/g++.mike/p10769a.C compilation failed to produce executable
WARNING: g++.old-deja/g++.other/enum5.C compilation failed to produce executable
WARNING: g++.old-deja/g++.pt/friend44.C compilation failed to produce executable
=== g++ Summary for sh-hms-sim ===
# of expected passes 9041
# of unexpected failures 13
# of unexpected successes 3
# of expected failures 61
# of unsupported tests 69
Running target sh-hms-sim/-m4/-ml
XPASS: g++.dg/ext/lvalue1.C not an lvalue (test for errors, line 7)
FAIL: g++.dg/ext/stmtexpr1.C (test for excess errors)
WARNING: g++.dg/ext/stmtexpr1.C compilation failed to produce executable
FAIL: g++.dg/lookup/using9.C (test for errors, line 7)
FAIL: g++.dg/lookup/using9.C (test for errors, line 8)
FAIL: g++.dg/lookup/using9.C (test for errors, line 12)
FAIL: g++.dg/lookup/using9.C (test for errors, line 13)
FAIL: g++.dg/lookup/using9.C (test for errors, line 14)
FAIL: g++.dg/lookup/using9.C (test for errors, line 22)
FAIL: g++.dg/lookup/using9.C (test for errors, line 23)
FAIL: g++.dg/lookup/using9.C (test for excess errors)
FAIL: g++.dg/opt/cfg3.C (test for excess errors)
FAIL: g++.dg/template/ptrmem7.C (test for errors, line 38)
FAIL: g++.dg/template/ptrmem7.C (test for errors, line 39)
FAIL: g++.dg/template/ptrmem7.C (test for errors, line 43)
FAIL: g++.dg/template/ptrmem7.C (test for excess errors)
XPASS: g++.dg/warn/Wunused-2.C (test for warnings, line 5)
XPASS: g++.old-deja/g++.jason/thunk3.C execution test
WARNING: g++.old-deja/g++.mike/p10769a.C compilation failed to produce executable
WARNING: g++.old-deja/g++.other/enum5.C compilation failed to produce executable
WARNING: g++.old-deja/g++.pt/friend44.C compilation failed to produce executable
=== g++ Summary for sh-hms-sim/-m4/-ml ===
# of expected passes 9040
# of unexpected failures 14
# of unexpected successes 3
# of expected failures 61
# of unsupported tests 69
=== g++ Summary ===
# of expected passes 18081
# of unexpected failures 27
# of unexpected successes 6
# of expected failures 122
# of unsupported tests 138
/swbuild/nightly/2003-11-19/sh-elf/gcc/testsuite/../g++ version 3.4 20031119 (experimental)
Host is i686-pc-linux-gnu
=== gcc tests ===
Running target sh-hms-sim
WARNING: program timed out.
FAIL: gcc.c-torture/compile/20001226-1.c -O3 -g (test for excess errors)
UNRESOLVED: gcc.c-torture/execute/20020720-1.c execution, -O1
UNRESOLVED: gcc.c-torture/execute/20020720-1.c execution, -O2
UNRESOLVED: gcc.c-torture/execute/20020720-1.c execution, -O3 -fomit-frame-pointer
UNRESOLVED: gcc.c-torture/execute/20020720-1.c execution, -O3 -g
UNRESOLVED: gcc.c-torture/execute/20020720-1.c execution, -Os
UNRESOLVED: gcc.c-torture/execute/wchar_t-1.c execution, -O0
UNRESOLVED: gcc.c-torture/execute/wchar_t-1.c execution, -O1
UNRESOLVED: gcc.c-torture/execute/wchar_t-1.c execution, -O2
UNRESOLVED: gcc.c-torture/execute/wchar_t-1.c execution, -O3 -fomit-frame-pointer
UNRESOLVED: gcc.c-torture/execute/wchar_t-1.c execution, -O3 -g
UNRESOLVED: gcc.c-torture/execute/wchar_t-1.c execution, -Os
FAIL: gcc.dg/20031111-1.c (test for errors, line 8)
FAIL: gcc.dg/20031111-1.c (test for errors, line 12)
FAIL: gcc.dg/builtins-18.c (test for excess errors)
FAIL: gcc.dg/builtins-20.c (test for excess errors)
FAIL: gcc.dg/nested-func-1.c break switch 1 (test for errors, line 10)
XPASS: gcc.dg/uninit-4.c uninitialized variable warning (test for bogus messages, line 26)
=== gcc Summary for sh-hms-sim ===
# of expected passes 24228
# of unexpected failures 6
# of unexpected successes 1
# of expected failures 82
# of unresolved testcases 11
# of untested testcases 7
# of unsupported tests 299
Running target sh-hms-sim/-m4/-ml
WARNING: program timed out.
FAIL: gcc.c-torture/compile/20001226-1.c -O2 (test for excess errors)
WARNING: program timed out.
FAIL: gcc.c-torture/compile/20001226-1.c -O3 -fomit-frame-pointer (test for excess errors)
WARNING: program timed out.
FAIL: gcc.c-torture/compile/20001226-1.c -O3 -g (test for excess errors)
UNRESOLVED: gcc.c-torture/execute/20020720-1.c execution, -O1
UNRESOLVED: gcc.c-torture/execute/20020720-1.c execution, -O2
UNRESOLVED: gcc.c-torture/execute/20020720-1.c execution, -O3 -fomit-frame-pointer
UNRESOLVED: gcc.c-torture/execute/20020720-1.c execution, -O3 -g
UNRESOLVED: gcc.c-torture/execute/20020720-1.c execution, -Os
UNRESOLVED: gcc.c-torture/execute/wchar_t-1.c execution, -O0
UNRESOLVED: gcc.c-torture/execute/wchar_t-1.c execution, -O1
UNRESOLVED: gcc.c-torture/execute/wchar_t-1.c execution, -O2
UNRESOLVED: gcc.c-torture/execute/wchar_t-1.c execution, -O3 -fomit-frame-pointer
UNRESOLVED: gcc.c-torture/execute/wchar_t-1.c execution, -O3 -g
UNRESOLVED: gcc.c-torture/execute/wchar_t-1.c execution, -Os
FAIL: gcc.dg/compat/struct-by-value-19 c_compat_x_tst.o-c_compat_y_tst.o execute
FAIL: gcc.dg/compat/struct-return-19 c_compat_x_tst.o-c_compat_y_tst.o execute
FAIL: gcc.dg/20031111-1.c (test for errors, line 8)
FAIL: gcc.dg/20031111-1.c (test for errors, line 12)
FAIL: gcc.dg/builtins-20.c (test for excess errors)
FAIL: gcc.dg/nested-func-1.c break switch 1 (test for errors, line 10)
XPASS: gcc.dg/uninit-4.c uninitialized variable warning (test for bogus messages, line 26)
=== gcc Summary for sh-hms-sim/-m4/-ml ===
# of expected passes 24225
# of unexpected failures 9
# of unexpected successes 1
# of expected failures 82
# of unresolved testcases 11
# of untested testcases 7
# of unsupported tests 299
=== gcc Summary ===
# of expected passes 48453
# of unexpected failures 15
# of unexpected successes 2
# of expected failures 164
# of unresolved testcases 22
# of untested testcases 14
# of unsupported tests 598
/swbuild/nightly/2003-11-19/sh-elf/gcc/xgcc version 3.4 20031119 (experimental)
Host is i686-pc-linux-gnu
=== objc tests ===
Running target sh-hms-sim
=== objc Summary for sh-hms-sim ===
# of expected passes 1337
# of unsupported tests 7
Running target sh-hms-sim/-m4/-ml
=== objc Summary for sh-hms-sim/-m4/-ml ===
# of expected passes 1337
# of unsupported tests 7
=== objc Summary ===
# of expected passes 2674
# of unsupported tests 14
/swbuild/nightly/2003-11-19/sh-elf/gcc/xgcc version 3.4 20031119 (experimental)
Compiler version: 3.4 20031119 (experimental)
Platform: sh-unknown-elf
configure flags: --cache-file=.././config.cache --build=i686-pc-linux-gnu --host=i686-pc-linux-gnu --target=sh-elf --with-gnu-as --with-gnu-ld --with-newlib --with-headers --with-newlib '--program-transform-name=s,^,sh-elf-,; ' --srcdir=../../srcw/gcc
More information about the Gcc-testresults
mailing list