Results for 3.4 20031116 (experimental) testsuite on i686-pc-linux-gnu
Steven Bosscher
s.bosscher@student.tudelft.nl
Mon Nov 17 00:29:00 GMT 2003
LAST_UPDATED: Thu Nov 16 11:25:31 UTC 2003
Native configuration is i686-pc-linux-gnu
=== gcc tests ===
Running target unix
FAIL: gcc.c-torture/execute/va-arg-25.c execution, -O0
FAIL: gcc.c-torture/execute/va-arg-25.c execution, -O1
FAIL: gcc.c-torture/execute/va-arg-25.c execution, -O2
FAIL: gcc.c-torture/execute/va-arg-25.c execution, -O3 -fomit-frame-pointer
FAIL: gcc.c-torture/execute/va-arg-25.c execution, -O3 -g
FAIL: gcc.c-torture/execute/va-arg-25.c execution, -Os
UNRESOLVED: gcc.c-torture/execute/wchar_t-1.c execution, -O0
UNRESOLVED: gcc.c-torture/execute/wchar_t-1.c execution, -O1
UNRESOLVED: gcc.c-torture/execute/wchar_t-1.c execution, -O2
UNRESOLVED: gcc.c-torture/execute/wchar_t-1.c execution, -O3
-fomit-frame-pointer
UNRESOLVED: gcc.c-torture/execute/wchar_t-1.c execution, -O3 -g
UNRESOLVED: gcc.c-torture/execute/wchar_t-1.c execution, -Os
FAIL: gcc.dg/20031111-1.c (test for errors, line 8)
FAIL: gcc.dg/20031111-1.c (test for errors, line 12)
FAIL: gcc.dg/attr-invalid.c (test for excess errors)
=== gcc Summary ===
# of expected passes 23932
# of unexpected failures 9
# of expected failures 79
# of unresolved testcases 6
# of untested testcases 7
# of unsupported tests 158
/home/steven/devel/trunkbuild/gcc/xgcc version 3.4 20031116 (experimental)
=== g++ tests ===
Running target unix
XPASS: g++.dg/ext/lvalue1.C not an lvalue (test for errors, line 7)
FAIL: g++.dg/lookup/using9.C (test for errors, line 7)
FAIL: g++.dg/lookup/using9.C (test for errors, line 8)
FAIL: g++.dg/lookup/using9.C (test for errors, line 12)
FAIL: g++.dg/lookup/using9.C (test for errors, line 13)
FAIL: g++.dg/lookup/using9.C (test for errors, line 14)
FAIL: g++.dg/lookup/using9.C (test for errors, line 22)
FAIL: g++.dg/lookup/using9.C (test for errors, line 23)
FAIL: g++.dg/lookup/using9.C (test for excess errors)
FAIL: g++.dg/template/ptrmem7.C (test for errors, line 38)
FAIL: g++.dg/template/ptrmem7.C (test for errors, line 39)
FAIL: g++.dg/template/ptrmem7.C (test for errors, line 43)
FAIL: g++.dg/template/ptrmem7.C (test for excess errors)
XPASS: g++.dg/warn/Wunused-2.C (test for warnings, line 5)
WARNING: g++.old-deja/g++.mike/p10769a.C compilation failed to produce
executable
WARNING: g++.old-deja/g++.other/enum5.C compilation failed to produce
executable
WARNING: g++.old-deja/g++.pt/friend44.C compilation failed to produce
executable
=== g++ Summary ===
# of expected passes 9116
# of unexpected failures 12
# of unexpected successes 2
# of expected failures 60
# of unsupported tests 29
/home/steven/devel/trunkbuild/gcc/testsuite/../g++ version 3.4 20031116
(experimental)
=== libstdc++-v3 check-abi Summary ===
# of added symbols: 215
# of missing symbols: 224
# of incompatible symbols: 231
=== libstdc++ tests ===
Running target unix
FAIL: 22_locale/locale/cons/12352.cc execution test
XPASS: 26_numerics/c99_classification_macros_c.cc (test for excess errors)
=== libstdc++ Summary ===
# of expected passes 2348
# of unexpected failures 1
# of unexpected successes 1
# of expected failures 11
Compiler version: 3.4 20031116 (experimental)
Platform: i686-pc-linux-gnu
configure flags: --enable-languages=c,c++ --prefix=/opt/experimental/
--program-suffix=-3.4
More information about the Gcc-testresults
mailing list