Results for 3.3.3 20031115 (prerelease) testsuite on i686-pc-linux-gnu
Joe Buck
jbuck@ursula.welsh-buck.org
Sun Nov 16 07:04:00 GMT 2003
Fedora Core 1 System
Mobile Pentium 4-M 1700 MHz
Dell Inspiron 8200
kernel: 2.4.18-2.4.22-1.2115.nptl
binutils: 2.14.90.0.6 20030820
glibc: 2.3.2-101
LAST_UPDATED: Sat Nov 15 12:13:39 UTC 2003
Native configuration is i686-pc-linux-gnu
=== g77 tests ===
Running target unix
=== g77 Summary ===
# of expected passes 1702
/home/jbuck/cvs/3_3_branch/gcc.build/gcc/testsuite/../g77 version 3.3.3 20031115 (prerelease)
=== gcc tests ===
Running target unix
FAIL: gcc.dg/duff-2.c (test for excess errors)
=== gcc Summary ===
# of expected passes 21234
# of unexpected failures 1
# of expected failures 69
# of unsupported tests 90
/home/jbuck/cvs/3_3_branch/gcc.build/gcc/xgcc version 3.3.3 20031115 (prerelease)
=== g++ tests ===
Running target unix
=== g++ Summary ===
# of expected passes 8170
# of expected failures 95
# of untested testcases 9
# of unsupported tests 14
/home/jbuck/cvs/3_3_branch/gcc.build/gcc/testsuite/../g++ version 3.3.3 20031115 (prerelease)
=== objc tests ===
Running target unix
=== objc Summary ===
# of expected passes 1153
/home/jbuck/cvs/3_3_branch/gcc.build/gcc/xgcc version 3.3.3 20031115 (prerelease)
=== libjava tests ===
Running target unix
WARNING: program timed out.
FAIL: SyncTest execution - gij test
WARNING: program timed out.
FAIL: SyncTest execution - gij test
=== libjava Summary ===
# of expected passes 2987
# of unexpected failures 2
# of expected failures 16
# of untested testcases 14
=== libstdc++-v3 check-abi Summary ===
# of added symbols: 0
# of missing symbols: 0
# of incompatible symbols: 0
=== libstdc++-v3 tests ===
Running target unix
XPASS: 22_locale/collate_byname.cc execution test
XPASS: 22_locale/collate_members_char.cc execution test
XPASS: 22_locale/collate_members_wchar_t.cc execution test
XPASS: 22_locale/ctype_is_char.cc execution test
XPASS: 22_locale/ctype_is_wchar_t.cc execution test
XPASS: 22_locale/members.cc execution test
XPASS: 22_locale/messages_byname.cc execution test
XPASS: 22_locale/messages_members_char.cc execution test
XPASS: 22_locale/money_get_members_char.cc execution test
XPASS: 22_locale/money_get_members_wchar_t.cc execution test
XPASS: 22_locale/money_put_members_char.cc execution test
XPASS: 22_locale/money_put_members_wchar_t.cc execution test
XPASS: 22_locale/moneypunct_byname.cc execution test
XPASS: 22_locale/moneypunct_members_char.cc execution test
XPASS: 22_locale/moneypunct_members_wchar_t.cc execution test
XPASS: 22_locale/num_get_members_char.cc execution test
XPASS: 22_locale/num_get_members_wchar_t.cc execution test
XPASS: 22_locale/num_put_members_char.cc execution test
XPASS: 22_locale/num_put_members_wchar_t.cc execution test
XPASS: 22_locale/numpunct_byname.cc execution test
XPASS: 22_locale/numpunct_members_char.cc execution test
XPASS: 22_locale/numpunct_members_wchar_t.cc execution test
XPASS: 22_locale/time_get_members_char.cc execution test
XPASS: 22_locale/time_get_members_wchar_t.cc execution test
=== libstdc++-v3 Summary ===
# of expected passes 453
# of unexpected successes 24
# of expected failures 4
Compiler version: 3.3.3 20031115 (prerelease)
Platform: i686-pc-linux-gnu
configure flags: --host=i686-pc-linux-gnu --prefix=/usr/local/gcc-cvs/3_3_branch
More information about the Gcc-testresults
mailing list