Results for 3.3.2 testsuite on i686-pc-linux-gnu
Martin
martin@muse06.ml1.co.uk
Fri Nov 14 00:41:00 GMT 2003
Using:
make CFLAGS='-march=athlon-4 -O' LIBCFLAGS='-march=athlon-4 -g -O2' LIBCXXFLAGS='-march=athlon-4 -g -O2 -fno-implicit-templates' bootstrap
(For comparison with the previous -march=athlon-xp results.)
On the following system:
[martin]\$ rpm -q glibc
glibc-2.3.1-10mdk
[martin]\$ uname -a
Linux muse06.ml1.co.uk 2.4.21-0.13mdk #1 Fri Mar 14 15:08:06 EST 2003 i686 unknown unknown GNU/Linux
[martin]\$ config.guess
i686-pc-linux-gnu
LAST_UPDATED:
Native configuration is i686-pc-linux-gnu
=== g77 tests ===
Running target unix
=== g77 Summary ===
# of expected passes 1702
/home/martin/Documents/Downloads/tar/gcc322obj-athlon4/gcc/testsuite/../g77 version 3.3.2
=== gcc tests ===
Running target unix
FAIL: gcc.dg/duff-2.c (test for excess errors)
FAIL: gcc.dg/special/gcsec-1.c (test for excess errors)
WARNING: gcc.dg/special/gcsec-1.c compilation failed to produce executable
=== gcc Summary ===
# of expected passes 21660
# of unexpected failures 2
# of expected failures 69
# of unsupported tests 87
/home/martin/Documents/Downloads/tar/gcc322obj-athlon4/gcc/xgcc version 3.3.2
=== g++ tests ===
Running target unix
FAIL: g++.abi/cxa_vec.C Execution test
FAIL: g++.law/weak.C (test for excess errors)
FAIL: g++.other/decl5.C caused compiler crash
=== g++ Summary ===
# of expected passes 8149
# of unexpected failures 3
# of expected failures 89
# of untested testcases 9
# of unsupported tests 14
/home/martin/Documents/Downloads/tar/gcc322obj-athlon4/gcc/testsuite/../g++ version 3.3.2
=== objc tests ===
Running target unix
=== objc Summary ===
# of expected passes 1153
/home/martin/Documents/Downloads/tar/gcc322obj-athlon4/gcc/xgcc version 3.3.2
=== libjava tests ===
Running target unix
WARNING: program timed out.
FAIL: SyncTest execution - gij test
WARNING: program timed out.
FAIL: SyncTest execution - bytecode->native test
WARNING: program timed out.
FAIL: SyncTest execution - gij test
WARNING: program timed out.
FAIL: SyncTest -O execution - bytecode->native test
=== libjava Summary ===
# of expected passes 2983
# of unexpected failures 4
# of expected failures 16
# of untested testcases 16
=== libstdc++-v3 tests ===
Running target unix
FAIL: 22_locale/ctype_scan_wchar_t.cc execution test
=== libstdc++-v3 Summary ===
# of expected passes 452
# of unexpected failures 1
# of expected failures 28
Compiler version: 3.3.2
Platform: i686-pc-linux-gnu
configure flags: --host=i686-pc-linux-gnu --prefix=/usr --program-suffix=-332 --infodir=/usr/share/info --mandir=/usr/share/man --enable-checking
More information about the Gcc-testresults
mailing list