Results for 3.4 20031112 (experimental) testsuite on i686-pc-linux-gnu
Diego Novillo
dnovillo@toribio.toronto.redhat.com
Thu Nov 13 07:00:00 GMT 2003
LAST_UPDATED:
Native configuration is i686-pc-linux-gnu
=== g77 tests ===
Running target unix
=== g77 Summary ===
# of expected passes 1764
# of expected failures 1
# of untested testcases 1
/notnfs/dnovillo/sbox/gcc/bld.toribio/gcc/testsuite/../g77 version 3.4 20031112 (experimental)
=== gcc tests ===
Running target unix
WARNING: program timed out.
FAIL: gcc.c-torture/compile/20001226-1.c (test for excess errors)
WARNING: program timed out.
FAIL: gcc.c-torture/compile/20001226-1.c (test for excess errors)
FAIL: gcc.c-torture/execute/va-arg-25.c execution, -O0
FAIL: gcc.c-torture/execute/va-arg-25.c execution, -O1
FAIL: gcc.c-torture/execute/va-arg-25.c execution, -O2
FAIL: gcc.c-torture/execute/va-arg-25.c execution, -O3 -fomit-frame-pointer
FAIL: gcc.c-torture/execute/va-arg-25.c execution, -O3 -g
FAIL: gcc.c-torture/execute/va-arg-25.c execution, -Os
UNRESOLVED: gcc.c-torture/execute/wchar_t-1.c execution, -O0
UNRESOLVED: gcc.c-torture/execute/wchar_t-1.c execution, -O1
UNRESOLVED: gcc.c-torture/execute/wchar_t-1.c execution, -O2
UNRESOLVED: gcc.c-torture/execute/wchar_t-1.c execution, -O3 -fomit-frame-pointer
UNRESOLVED: gcc.c-torture/execute/wchar_t-1.c execution, -O3 -g
UNRESOLVED: gcc.c-torture/execute/wchar_t-1.c execution, -Os
FAIL: gcc.dg/20031111-1.c (test for errors, line 8)
FAIL: gcc.dg/20031111-1.c (test for errors, line 12)
=== gcc Summary ===
# of expected passes 23920
# of unexpected failures 10
# of expected failures 79
# of unresolved testcases 6
# of untested testcases 7
# of unsupported tests 158
/notnfs/dnovillo/sbox/gcc/bld.toribio/gcc/xgcc version 3.4 20031112 (experimental)
=== g++ tests ===
Running target unix
XPASS: g++.dg/ext/lvalue1.C not an lvalue (test for errors, line 7)
FAIL: g++.dg/ext/pretty1.C scan-assembler top level
FAIL: g++.dg/ext/pretty2.C (test for excess errors)
WARNING: g++.dg/ext/pretty2.C compilation failed to produce executable
FAIL: g++.dg/parse/crash10.C (test for errors, line 14)
XPASS: g++.dg/warn/Wunused-2.C (test for warnings, line 5)
WARNING: g++.old-deja/g++.mike/p10769a.C compilation failed to produce executable
WARNING: g++.old-deja/g++.other/enum5.C compilation failed to produce executable
WARNING: g++.old-deja/g++.pt/friend44.C compilation failed to produce executable
FAIL: g++.old-deja/g++.pt/vaarg3.C (test for excess errors)
=== g++ Summary ===
# of expected passes 9101
# of unexpected failures 4
# of unexpected successes 2
# of expected failures 60
# of unsupported tests 29
/notnfs/dnovillo/sbox/gcc/bld.toribio/gcc/testsuite/../g++ version 3.4 20031112 (experimental)
=== objc tests ===
Running target unix
=== objc Summary ===
# of expected passes 1337
# of unsupported tests 7
/notnfs/dnovillo/sbox/gcc/bld.toribio/gcc/xgcc version 3.4 20031112 (experimental)
=== libffi tests ===
Running target unix
FAIL: libffi.call/cls_1_1byte.c output pattern test, is 12 178: 190
FAIL: libffi.call/cls_2byte.c output pattern test, is 12 127 1 13: 13 140
FAIL: libffi.call/cls_3_1byte.c output pattern test, is 12 13 14 178 179 180: 190 192 194
FAIL: libffi.call/cls_5byte.c output pattern test, is 127 120 1 128 43017 112: 255 43137 113
FAIL: libffi.call/cls_6byte.c output pattern test, is 127 120 1 128 128 32521 112 160: 255 32641 113 32
=== libffi Summary ===
# of expected passes 159
# of unexpected failures 5
# of unsupported tests 2
=== libjava tests ===
Running target unix
FAIL: linking simple
FAIL: /home/cygnus/dnovillo/perf/sbox/gcc/local.i686/src/libjava/testsuite/libjava.jar/simple.jar execution - gij test
FAIL: bytecompile /home/cygnus/dnovillo/perf/sbox/gcc/local.i686/src/libjava/testsuite/libjava.jni/calls.java
FAIL: bytecompile /home/cygnus/dnovillo/perf/sbox/gcc/local.i686/src/libjava/testsuite/libjava.jni/cxxtest.java
FAIL: bytecompile /home/cygnus/dnovillo/perf/sbox/gcc/local.i686/src/libjava/testsuite/libjava.jni/field.java
FAIL: bytecompile /home/cygnus/dnovillo/perf/sbox/gcc/local.i686/src/libjava/testsuite/libjava.jni/final_method.java
FAIL: bytecompile /home/cygnus/dnovillo/perf/sbox/gcc/local.i686/src/libjava/testsuite/libjava.jni/findclass.java
FAIL: bytecompile /home/cygnus/dnovillo/perf/sbox/gcc/local.i686/src/libjava/testsuite/libjava.jni/invoke.java
FAIL: bytecompile /home/cygnus/dnovillo/perf/sbox/gcc/local.i686/src/libjava/testsuite/libjava.jni/martin.java
FAIL: bytecompile /home/cygnus/dnovillo/perf/sbox/gcc/local.i686/src/libjava/testsuite/libjava.jni/noclass.java
FAIL: bytecompile /home/cygnus/dnovillo/perf/sbox/gcc/local.i686/src/libjava/testsuite/libjava.jni/overload.java
FAIL: bytecompile /home/cygnus/dnovillo/perf/sbox/gcc/local.i686/src/libjava/testsuite/libjava.jni/pr11951.java
FAIL: bytecompile /home/cygnus/dnovillo/perf/sbox/gcc/local.i686/src/libjava/testsuite/libjava.jni/register.java
FAIL: bytecompile /home/cygnus/dnovillo/perf/sbox/gcc/local.i686/src/libjava/testsuite/libjava.jni/simple_int.java
FAIL: bytecompile /home/cygnus/dnovillo/perf/sbox/gcc/local.i686/src/libjava/testsuite/libjava.jni/throwit.java
FAIL: bytecompile /home/cygnus/dnovillo/perf/sbox/gcc/local.i686/src/libjava/testsuite/libjava.jni/virtual.java
=== libjava Summary ===
# of expected passes 3159
# of unexpected failures 16
# of expected failures 11
# of untested testcases 9
=== libstdc++-v3 check-abi Summary ===
# of added symbols: 215
# of missing symbols: 224
# of incompatible symbols: 231
=== libstdc++ tests ===
Running target unix
XPASS: 26_numerics/c99_classification_macros_c.cc (test for excess errors)
=== libstdc++ Summary ===
# of expected passes 2329
# of unexpected successes 1
# of expected failures 11
Compiler version: 3.4 20031112 (experimental)
Platform: i686-pc-linux-gnu
configure flags: --prefix=/home/cygnus/dnovillo/perf/sbox/gcc/local.i686/inst.toribio --srcdir=/home/cygnus/dnovillo/perf/sbox/gcc/local.i686/src --disable-multilib --enable-threads --disable-checking
More information about the Gcc-testresults
mailing list