Results for 3.4 20031111 (experimental) testsuite on powerpc-unknown-linux-gnu
Olaf Hering
olh@suse.de
Wed Nov 12 13:37:00 GMT 2003
LAST_UPDATED: Wed Nov 12 00:00:58 UTC 2003
=== acats tests ===
FAIL: c34005a
FAIL: c34005d
FAIL: c34005g
FAIL: c34005j
FAIL: c37213f
FAIL: c37215f
FAIL: cxb3010
FAIL: cxb3014
FAIL: cxb3015
=== acats Summary ===
# of expected passes 1956
# of unexpected failures 9
# of unsupported tests 357
Native configuration is powerpc-unknown-linux-gnu
=== g++ tests ===
Running target unix
XPASS: g++.dg/ext/lvalue1.C not an lvalue (test for errors, line 7)
FAIL: g++.dg/ext/pretty1.C scan-assembler top level
FAIL: g++.dg/ext/pretty2.C (test for excess errors)
WARNING: g++.dg/ext/pretty2.C compilation failed to produce executable
XPASS: g++.dg/other/packed1.C execution test
FAIL: g++.dg/parse/crash10.C (test for errors, line 14)
FAIL: g++.dg/parse/dce1.C (test for errors, line 8)
FAIL: g++.dg/parse/dce1.C (test for errors, line 12)
XPASS: g++.dg/warn/Wunused-2.C (test for warnings, line 5)
WARNING: g++.old-deja/g++.mike/p10769a.C compilation failed to produce executable
WARNING: g++.old-deja/g++.other/enum5.C compilation failed to produce executable
XPASS: g++.old-deja/g++.other/init5.C execution test
WARNING: g++.old-deja/g++.pt/friend44.C compilation failed to produce executable
FAIL: g++.old-deja/g++.pt/vaarg3.C (test for excess errors)
=== g++ Summary ===
# of expected passes 9038
# of unexpected failures 6
# of unexpected successes 4
# of expected failures 59
# of unsupported tests 61
/abuild/gcc_cvs_build/obj/obj-gcc34/gcc/testsuite/../g++ version 3.4 20031111 (experimental)
=== g77 tests ===
Running target unix
FAIL: g77.f-torture/execute/labug1.f compilation, -O3 -fomit-frame-pointer
FAIL: g77.f-torture/execute/labug1.f compilation, -O3 -fomit-frame-pointer -funroll-loops
FAIL: g77.f-torture/execute/labug1.f compilation, -O3 -fomit-frame-pointer -funroll-all-loops -finline-functions
FAIL: g77.f-torture/execute/labug1.f compilation, -O3 -g
=== g77 Summary ===
# of expected passes 1744
# of unexpected failures 4
# of expected failures 1
# of untested testcases 5
# of unsupported tests 6
/abuild/gcc_cvs_build/obj/obj-gcc34/gcc/testsuite/../g77 version 3.4 20031111 (experimental)
=== gcc tests ===
Running target unix
WARNING: program timed out.
FAIL: gcc.c-torture/compile/20001226-1.c (test for excess errors)
FAIL: gcc.c-torture/execute/20030125-1.c execution, -O1
FAIL: gcc.c-torture/execute/20030125-1.c execution, -O2
FAIL: gcc.c-torture/execute/20030125-1.c execution, -O3 -fomit-frame-pointer
FAIL: gcc.c-torture/execute/20030125-1.c execution, -O3 -g
FAIL: gcc.c-torture/execute/20030125-1.c execution, -Os
FAIL: gcc.c-torture/execute/va-arg-25.c execution, -O0
FAIL: gcc.c-torture/execute/va-arg-25.c execution, -O1
FAIL: gcc.c-torture/execute/va-arg-25.c execution, -O2
FAIL: gcc.c-torture/execute/va-arg-25.c execution, -O3 -fomit-frame-pointer
FAIL: gcc.c-torture/execute/va-arg-25.c execution, -O3 -g
FAIL: gcc.c-torture/execute/va-arg-25.c execution, -Os
UNRESOLVED: gcc.c-torture/execute/wchar_t-1.c execution, -O0
UNRESOLVED: gcc.c-torture/execute/wchar_t-1.c execution, -O1
UNRESOLVED: gcc.c-torture/execute/wchar_t-1.c execution, -O2
UNRESOLVED: gcc.c-torture/execute/wchar_t-1.c execution, -O3 -fomit-frame-pointer
UNRESOLVED: gcc.c-torture/execute/wchar_t-1.c execution, -O3 -g
UNRESOLVED: gcc.c-torture/execute/wchar_t-1.c execution, -Os
FAIL: gcc.dg/compat/scalar-by-value-3 c_compat_x_tst.o-c_compat_y_tst.o execute
FAIL: gcc.dg/compat/scalar-return-3 c_compat_x_tst.o-c_compat_y_tst.o execute
FAIL: gcc.dg/20031111-1.c (test for errors, line 8)
FAIL: gcc.dg/20031111-1.c (test for errors, line 12)
FAIL: gcc.dg/altivec-5.c (test for excess errors)
FAIL: gcc.dg/builtins-18.c (test for excess errors)
FAIL: gcc.dg/builtins-20.c (test for excess errors)
FAIL: gcc.dg/complex-1.c execution test
FAIL: gcc.dg/ppc-sdata-1.c scan-assembler sdat@sdarel\\(13\\)
FAIL: gcc.dg/ppc-sdata-1.c scan-assembler sdat2@sda21\\(2\\)
=== gcc Summary ===
# of expected passes 24327
# of unexpected failures 22
# of expected failures 78
# of unresolved testcases 6
# of untested testcases 7
# of unsupported tests 256
/abuild/gcc_cvs_build/obj/obj-gcc34/gcc/xgcc version 3.4 20031111 (experimental)
=== objc tests ===
Running target unix
FAIL: objc.dg/encode-2.m execution test
FAIL: objc.dg/encode-3.m execution test
FAIL: objc.dg/encode-4.m execution test
=== objc Summary ===
# of expected passes 1334
# of unexpected failures 3
# of unsupported tests 7
/abuild/gcc_cvs_build/obj/obj-gcc34/gcc/xgcc version 3.4 20031111 (experimental)
=== libffi tests ===
Running target unix
=== libffi Summary ===
# of expected passes 164
# of unsupported tests 2
=== libjava tests ===
Running target unix
FAIL: linking simple
FAIL: /home/foo/src/gcc-head/libjava/testsuite/libjava.jar/simple.jar execution - gij test
FAIL: bytecompile /home/foo/src/gcc-head/libjava/testsuite/libjava.jni/calls.java
FAIL: bytecompile /home/foo/src/gcc-head/libjava/testsuite/libjava.jni/cxxtest.java
FAIL: bytecompile /home/foo/src/gcc-head/libjava/testsuite/libjava.jni/field.java
FAIL: bytecompile /home/foo/src/gcc-head/libjava/testsuite/libjava.jni/final_method.java
FAIL: bytecompile /home/foo/src/gcc-head/libjava/testsuite/libjava.jni/findclass.java
FAIL: bytecompile /home/foo/src/gcc-head/libjava/testsuite/libjava.jni/invoke.java
FAIL: bytecompile /home/foo/src/gcc-head/libjava/testsuite/libjava.jni/martin.java
FAIL: bytecompile /home/foo/src/gcc-head/libjava/testsuite/libjava.jni/noclass.java
FAIL: bytecompile /home/foo/src/gcc-head/libjava/testsuite/libjava.jni/overload.java
FAIL: bytecompile /home/foo/src/gcc-head/libjava/testsuite/libjava.jni/pr11951.java
FAIL: bytecompile /home/foo/src/gcc-head/libjava/testsuite/libjava.jni/register.java
FAIL: bytecompile /home/foo/src/gcc-head/libjava/testsuite/libjava.jni/simple_int.java
FAIL: bytecompile /home/foo/src/gcc-head/libjava/testsuite/libjava.jni/throwit.java
FAIL: bytecompile /home/foo/src/gcc-head/libjava/testsuite/libjava.jni/virtual.java
FAIL: Array_3 -O3 execution - source compiled test
FAIL: Thread_Interrupt output - gij test
=== libjava Summary ===
# of expected passes 3156
# of unexpected failures 18
# of expected failures 11
# of untested testcases 10
=== libstdc++ tests ===
Running target unix
FAIL: 23_containers/bitset/invalidation/1.cc (test for excess errors)
WARNING: 23_containers/bitset/invalidation/1.cc compilation failed to produce executable
FAIL: 23_containers/deque/invalidation/1.cc (test for excess errors)
WARNING: 23_containers/deque/invalidation/1.cc compilation failed to produce executable
FAIL: 23_containers/deque/invalidation/2.cc (test for excess errors)
WARNING: 23_containers/deque/invalidation/2.cc compilation failed to produce executable
FAIL: 23_containers/deque/invalidation/3.cc (test for excess errors)
WARNING: 23_containers/deque/invalidation/3.cc compilation failed to produce executable
FAIL: 23_containers/deque/invalidation/4.cc (test for excess errors)
WARNING: 23_containers/deque/invalidation/4.cc compilation failed to produce executable
FAIL: 23_containers/list/invalidation/1.cc (test for excess errors)
WARNING: 23_containers/list/invalidation/1.cc compilation failed to produce executable
FAIL: 23_containers/list/invalidation/2.cc (test for excess errors)
WARNING: 23_containers/list/invalidation/2.cc compilation failed to produce executable
FAIL: 23_containers/list/invalidation/3.cc (test for excess errors)
WARNING: 23_containers/list/invalidation/3.cc compilation failed to produce executable
FAIL: 23_containers/list/invalidation/4.cc (test for excess errors)
WARNING: 23_containers/list/invalidation/4.cc compilation failed to produce executable
FAIL: 23_containers/map/invalidation/1.cc (test for excess errors)
WARNING: 23_containers/map/invalidation/1.cc compilation failed to produce executable
FAIL: 23_containers/map/invalidation/2.cc (test for excess errors)
WARNING: 23_containers/map/invalidation/2.cc compilation failed to produce executable
FAIL: 23_containers/multimap/invalidation/1.cc (test for excess errors)
WARNING: 23_containers/multimap/invalidation/1.cc compilation failed to produce executable
FAIL: 23_containers/multimap/invalidation/2.cc (test for excess errors)
WARNING: 23_containers/multimap/invalidation/2.cc compilation failed to produce executable
FAIL: 23_containers/multiset/invalidation/1.cc (test for excess errors)
WARNING: 23_containers/multiset/invalidation/1.cc compilation failed to produce executable
FAIL: 23_containers/multiset/invalidation/2.cc (test for excess errors)
WARNING: 23_containers/multiset/invalidation/2.cc compilation failed to produce executable
FAIL: 23_containers/set/invalidation/1.cc (test for excess errors)
WARNING: 23_containers/set/invalidation/1.cc compilation failed to produce executable
FAIL: 23_containers/set/invalidation/2.cc (test for excess errors)
WARNING: 23_containers/set/invalidation/2.cc compilation failed to produce executable
FAIL: 23_containers/vector/invalidation/1.cc (test for excess errors)
WARNING: 23_containers/vector/invalidation/1.cc compilation failed to produce executable
FAIL: 23_containers/vector/invalidation/2.cc (test for excess errors)
WARNING: 23_containers/vector/invalidation/2.cc compilation failed to produce executable
FAIL: 23_containers/vector/invalidation/3.cc (test for excess errors)
WARNING: 23_containers/vector/invalidation/3.cc compilation failed to produce executable
FAIL: 23_containers/vector/invalidation/4.cc (test for excess errors)
WARNING: 23_containers/vector/invalidation/4.cc compilation failed to produce executable
XPASS: 26_numerics/c99_classification_macros_c.cc (test for excess errors)
=== libstdc++ Summary ===
# of expected passes 2283
# of unexpected failures 21
# of unexpected successes 1
# of expected failures 11
Compiler version: 3.4 20031111 (experimental)
Platform: powerpc-unknown-linux-gnu
configure flags: --enable-checking --enable-libgcj --enable-shared --enable-__cxa_atexit --enable-threads --enable-languages=c,c++,f77,java,objc,ada --prefix=/abuild/gcc_cvs_build/obj/install-gcc34 --with-system-zlib
GNU ld version 2.14.90 20030704 (SuSE Linux)
FAIL: gcc.dg/altivec-5.c (test for excess errors)
output is:
/home/foo/src/gcc-head/gcc/testsuite/gcc.dg/altivec-5.c: In function \`foo':
/home/foo/src/gcc-head/gcc/testsuite/gcc.dg/altivec-5.c:12: error: unrecognizable insn:
(insn:HI 5 19 6 0 (set (reg/v:V4SI 120 [ b ])
(mem/f:V4SI (plus:SI (reg/f:SI ap)
(const_int 8 [0x8])) [4 b+0 S16 A128])) -1 (nil)
(nil))
/home/foo/src/gcc-head/gcc/testsuite/gcc.dg/altivec-5.c:12: internal compiler error: in extract_insn, at recog.c:2061
Please submit a full bug report,
with preprocessed source if appropriate.
See <URL:http://gcc.gnu.org/bugs.html> for instructions.
FAIL: gcc.dg/builtins-18.c (test for excess errors)
output is:
/tmp/cckL4Bd5.o(.text+0x7c): In function \`main':
: undefined reference to \`link_error'
/tmp/cckL4Bd5.o(.text+0x84): In function \`main':
: undefined reference to \`link_error'
/tmp/cckL4Bd5.o(.text+0x9c): In function \`main':
: undefined reference to \`link_error'
/tmp/cckL4Bd5.o(.text+0xa4): In function \`main':
: undefined reference to \`link_error'
collect2: ld returned 1 exit status
FAIL: gcc.dg/builtins-20.c (test for excess errors)
output is:
/tmp/ccFnvXR9.o(.text+0xb4): In function \`test1l':
: undefined reference to \`link_error'
/tmp/ccFnvXR9.o(.text+0xcc): In function \`test1l':
: undefined reference to \`link_error'
/tmp/ccFnvXR9.o(.text+0xdc): In function \`test1l':
: undefined reference to \`link_error'
/tmp/ccFnvXR9.o(.text+0xe4): In function \`test1l':
: undefined reference to \`link_error'
/tmp/ccFnvXR9.o(.text+0x1c8): In function \`test1f':
: undefined reference to \`link_error'
/tmp/ccFnvXR9.o(.text+0x1e0): more undefined references to \`link_error' follow
collect2: ld returned 1 exit status
FAIL: g++.dg/ext/pretty2.C (test for excess errors)
output is:
/tmp/ccatZ1nY.o(.text+0x1de): In function \`__static_initialization_and_destruction_0(int, int)':
: undefined reference to \`__PRETTY_FUNCTION__'
/tmp/ccatZ1nY.o(.text+0x1e2): In function \`__static_initialization_and_destruction_0(int, int)':
: undefined reference to \`__PRETTY_FUNCTION__'
/tmp/ccatZ1nY.o(.text+0x242): In function \`__static_initialization_and_destruction_0(int, int)':
: undefined reference to \`__PRETTY_FUNCTION__'
/tmp/ccatZ1nY.o(.text+0x246): In function \`__static_initialization_and_destruction_0(int, int)':
: undefined reference to \`__PRETTY_FUNCTION__'
/tmp/ccatZ1nY.o(.text+0x2a6): In function \`__static_initialization_and_destruction_0(int, int)':
: undefined reference to \`__PRETTY_FUNCTION__'
/tmp/ccatZ1nY.o(.text+0x2aa): more undefined references to \`__PRETTY_FUNCTION__' follow
collect2: ld returned 1 exit status
FAIL: g++.dg/parse/crash10.C (test for errors, line 14)
output is:
/home/foo/src/gcc-head/gcc/testsuite/g++.dg/parse/crash10.C:12: error: using \`typename' outside of template
/home/foo/src/gcc-head/gcc/testsuite/g++.dg/parse/crash10.C:12: error: using \`typename' outside of template
/home/foo/src/gcc-head/gcc/testsuite/g++.dg/parse/crash10.C:13: error: expected nested-name-specifier
/home/foo/src/gcc-head/gcc/testsuite/g++.dg/parse/crash10.C:13: error: expected unqualified-id
/home/foo/src/gcc-head/gcc/testsuite/g++.dg/parse/crash10.C:13: error: expected \`}'
/home/foo/src/gcc-head/gcc/testsuite/g++.dg/parse/crash10.C:13: error: expected unqualified-id
/home/foo/src/gcc-head/gcc/testsuite/g++.dg/parse/crash10.C:13: error: expected \`,' or \`;'
FAIL: g77.f-torture/execute/labug1.f compilation, -O3 -fomit-frame-pointer
output is:
/home/foo/src/gcc-head/gcc/testsuite/g77.f-torture/execute/labug1.f: In program \`labug1':
In file included from /home/foo/src/gcc-head/gcc/testsuite/g77.f-torture/execute/labug1.f:0:
/home/foo/src/gcc-head/gcc/testsuite/g77.f-torture/execute/labug1.f:42: internal compiler error: Segmentation fault
Please submit a full bug report,
with preprocessed source if appropriate.
See <URL:http://gcc.gnu.org/bugs.html> for instructions.
FAIL: g77.f-torture/execute/labug1.f compilation, -O3 -fomit-frame-pointer -funroll-loops
output is:
/home/foo/src/gcc-head/gcc/testsuite/g77.f-torture/execute/labug1.f: In program \`labug1':
In file included from /home/foo/src/gcc-head/gcc/testsuite/g77.f-torture/execute/labug1.f:0:
/home/foo/src/gcc-head/gcc/testsuite/g77.f-torture/execute/labug1.f:42: internal compiler error: Segmentation fault
Please submit a full bug report,
with preprocessed source if appropriate.
See <URL:http://gcc.gnu.org/bugs.html> for instructions.
FAIL: g77.f-torture/execute/labug1.f compilation, -O3 -fomit-frame-pointer -funroll-all-loops -finline-functions
output is:
/home/foo/src/gcc-head/gcc/testsuite/g77.f-torture/execute/labug1.f: In program \`labug1':
In file included from /home/foo/src/gcc-head/gcc/testsuite/g77.f-torture/execute/labug1.f:0:
/home/foo/src/gcc-head/gcc/testsuite/g77.f-torture/execute/labug1.f:42: internal compiler error: Segmentation fault
Please submit a full bug report,
with preprocessed source if appropriate.
See <URL:http://gcc.gnu.org/bugs.html> for instructions.
FAIL: g77.f-torture/execute/labug1.f compilation, -O3 -g
output is:
/home/foo/src/gcc-head/gcc/testsuite/g77.f-torture/execute/labug1.f: In program \`labug1':
In file included from /home/foo/src/gcc-head/gcc/testsuite/g77.f-torture/execute/labug1.f:0:
/home/foo/src/gcc-head/gcc/testsuite/g77.f-torture/execute/labug1.f:42: internal compiler error: Segmentation fault
Please submit a full bug report,
with preprocessed source if appropriate.
See <URL:http://gcc.gnu.org/bugs.html> for instructions.
FAIL: 23_containers/bitset/invalidation/1.cc (test for excess errors)
output is:
/home/foo/src/gcc-head/libstdc++-v3/testsuite/23_containers/bitset/invalidation/1.cc:24: error: use of \`bitset' is ambiguous
/abuild/gcc_cvs_build/obj/obj-gcc34/powerpc-unknown-linux-gnu/libstdc++-v3/include/bitset:604: error: first declared as \`template<unsigned int _Nb> class __gnu_norm::bitset' here
/abuild/gcc_cvs_build/obj/obj-gcc34/powerpc-unknown-linux-gnu/libstdc++-v3/include/debug/bitset:42: error: also declared as \`template<unsigned int _Nb> class __gnu_debug_def::bitset' here
/home/foo/src/gcc-head/libstdc++-v3/testsuite/23_containers/bitset/invalidation/1.cc:24: error: \`__gnu_debug::bitset' has not been declared
/home/foo/src/gcc-head/libstdc++-v3/testsuite/23_containers/bitset/invalidation/1.cc: In function \`void test01()':
/home/foo/src/gcc-head/libstdc++-v3/testsuite/23_containers/bitset/invalidation/1.cc:31: error: \`bitset' undeclared (first use this function)
/home/foo/src/gcc-head/libstdc++-v3/testsuite/23_containers/bitset/invalidation/1.cc:31: error: (Each undeclared identifier is reported only once for each function it appears in.)
/home/foo/src/gcc-head/libstdc++-v3/testsuite/23_containers/bitset/invalidation/1.cc:31: error: \`::reference' has not been declared
/home/foo/src/gcc-head/libstdc++-v3/testsuite/23_containers/bitset/invalidation/1.cc:31: error: \`i' undeclared (first use this function)
/home/foo/src/gcc-head/libstdc++-v3/testsuite/23_containers/bitset/invalidation/1.cc:33: error: \`bs' undeclared (first use this function)
/home/foo/src/gcc-head/libstdc++-v3/testsuite/23_containers/bitset/invalidation/1.cc:35: error: expected type-name
/home/foo/src/gcc-head/libstdc++-v3/testsuite/23_containers/bitset/invalidation/1.cc:35: error: expected type-name
/home/foo/src/gcc-head/libstdc++-v3/testsuite/23_containers/bitset/invalidation/1.cc:35: error: \`::reference' has not been declared
FAIL: 23_containers/deque/invalidation/1.cc (test for excess errors)
output is:
/home/foo/src/gcc-head/libstdc++-v3/testsuite/23_containers/deque/invalidation/1.cc:24: error: use of \`deque' is ambiguous
/abuild/gcc_cvs_build/obj/obj-gcc34/powerpc-unknown-linux-gnu/libstdc++-v3/include/bits/stl_deque.h:638: error: first declared as \`template<class _Tp, class _Alloc> class __gnu_norm::deque' here
/abuild/gcc_cvs_build/obj/obj-gcc34/powerpc-unknown-linux-gnu/libstdc++-v3/include/debug/deque:42: error: also declared as \`template<class _Tp, class _Allocator> class __gnu_debug_def::deque' here
/home/foo/src/gcc-head/libstdc++-v3/testsuite/23_containers/deque/invalidation/1.cc:24: error: \`__gnu_debug::deque' has not been declared
/home/foo/src/gcc-head/libstdc++-v3/testsuite/23_containers/deque/invalidation/1.cc: In function \`void test01()':
/home/foo/src/gcc-head/libstdc++-v3/testsuite/23_containers/deque/invalidation/1.cc:31: error: \`deque' undeclared (first use this function)
/home/foo/src/gcc-head/libstdc++-v3/testsuite/23_containers/deque/invalidation/1.cc:31: error: (Each undeclared identifier is reported only once for each function it appears in.)
/home/foo/src/gcc-head/libstdc++-v3/testsuite/23_containers/deque/invalidation/1.cc:31: error: expected primary-expression
/home/foo/src/gcc-head/libstdc++-v3/testsuite/23_containers/deque/invalidation/1.cc:31: error: expected \`;'
/home/foo/src/gcc-head/libstdc++-v3/testsuite/23_containers/deque/invalidation/1.cc:32: error: expected primary-expression
/home/foo/src/gcc-head/libstdc++-v3/testsuite/23_containers/deque/invalidation/1.cc:32: error: expected \`;'
/home/foo/src/gcc-head/libstdc++-v3/testsuite/23_containers/deque/invalidation/1.cc:34: error: expected primary-expression
/home/foo/src/gcc-head/libstdc++-v3/testsuite/23_containers/deque/invalidation/1.cc:34: error: expected \`;'
/home/foo/src/gcc-head/libstdc++-v3/testsuite/23_containers/deque/invalidation/1.cc:35: error: \`i' undeclared (first use this function)
/home/foo/src/gcc-head/libstdc++-v3/testsuite/23_containers/deque/invalidation/1.cc:37: error: \`v1' undeclared (first use this function)
/home/foo/src/gcc-head/libstdc++-v3/testsuite/23_containers/deque/invalidation/1.cc:37: error: \`v2' undeclared (first use this function)
FAIL: 23_containers/deque/invalidation/2.cc (test for excess errors)
output is:
/home/foo/src/gcc-head/libstdc++-v3/testsuite/23_containers/deque/invalidation/2.cc:24: error: use of \`deque' is ambiguous
/abuild/gcc_cvs_build/obj/obj-gcc34/powerpc-unknown-linux-gnu/libstdc++-v3/include/bits/stl_deque.h:638: error: first declared as \`template<class _Tp, class _Alloc> class __gnu_norm::deque' here
/abuild/gcc_cvs_build/obj/obj-gcc34/powerpc-unknown-linux-gnu/libstdc++-v3/include/debug/deque:42: error: also declared as \`template<class _Tp, class _Allocator> class __gnu_debug_def::deque' here
/home/foo/src/gcc-head/libstdc++-v3/testsuite/23_containers/deque/invalidation/2.cc:24: error: \`__gnu_debug::deque' has not been declared
/home/foo/src/gcc-head/libstdc++-v3/testsuite/23_containers/deque/invalidation/2.cc: In function \`void test02()':
/home/foo/src/gcc-head/libstdc++-v3/testsuite/23_containers/deque/invalidation/2.cc:31: error: \`deque' undeclared (first use this function)
/home/foo/src/gcc-head/libstdc++-v3/testsuite/23_containers/deque/invalidation/2.cc:31: error: (Each undeclared identifier is reported only once for each function it appears in.)
/home/foo/src/gcc-head/libstdc++-v3/testsuite/23_containers/deque/invalidation/2.cc:31: error: expected primary-expression
/home/foo/src/gcc-head/libstdc++-v3/testsuite/23_containers/deque/invalidation/2.cc:31: error: expected \`;'
/home/foo/src/gcc-head/libstdc++-v3/testsuite/23_containers/deque/invalidation/2.cc:33: error: expected primary-expression
/home/foo/src/gcc-head/libstdc++-v3/testsuite/23_containers/deque/invalidation/2.cc:33: error: expected \`;'
/home/foo/src/gcc-head/libstdc++-v3/testsuite/23_containers/deque/invalidation/2.cc:34: error: expected primary-expression
/home/foo/src/gcc-head/libstdc++-v3/testsuite/23_containers/deque/invalidation/2.cc:34: error: expected \`;'
/home/foo/src/gcc-head/libstdc++-v3/testsuite/23_containers/deque/invalidation/2.cc:35: error: expected primary-expression
/home/foo/src/gcc-head/libstdc++-v3/testsuite/23_containers/deque/invalidation/2.cc:35: error: expected \`;'
/home/foo/src/gcc-head/libstdc++-v3/testsuite/23_containers/deque/invalidation/2.cc:38: error: \`v' undeclared (first use this function)
/home/foo/src/gcc-head/libstdc++-v3/testsuite/23_containers/deque/invalidation/2.cc:39: error: \`before' undeclared (first use this function)
/home/foo/src/gcc-head/libstdc++-v3/testsuite/23_containers/deque/invalidation/2.cc:40: error: \`at' undeclared (first use this function)
/home/foo/src/gcc-head/libstdc++-v3/testsuite/23_containers/deque/invalidation/2.cc:41: error: \`after' undeclared (first use this function)
FAIL: 23_containers/deque/invalidation/3.cc (test for excess errors)
output is:
/home/foo/src/gcc-head/libstdc++-v3/testsuite/23_containers/deque/invalidation/3.cc:24: error: use of \`deque' is ambiguous
/abuild/gcc_cvs_build/obj/obj-gcc34/powerpc-unknown-linux-gnu/libstdc++-v3/include/bits/stl_deque.h:638: error: first declared as \`template<class _Tp, class _Alloc> class __gnu_norm::deque' here
/abuild/gcc_cvs_build/obj/obj-gcc34/powerpc-unknown-linux-gnu/libstdc++-v3/include/debug/deque:42: error: also declared as \`template<class _Tp, class _Allocator> class __gnu_debug_def::deque' here
/home/foo/src/gcc-head/libstdc++-v3/testsuite/23_containers/deque/invalidation/3.cc:24: error: \`__gnu_debug::deque' has not been declared
/home/foo/src/gcc-head/libstdc++-v3/testsuite/23_containers/deque/invalidation/3.cc: In function \`void test03()':
/home/foo/src/gcc-head/libstdc++-v3/testsuite/23_containers/deque/invalidation/3.cc:31: error: \`deque' undeclared (first use this function)
/home/foo/src/gcc-head/libstdc++-v3/testsuite/23_containers/deque/invalidation/3.cc:31: error: (Each undeclared identifier is reported only once for each function it appears in.)
/home/foo/src/gcc-head/libstdc++-v3/testsuite/23_containers/deque/invalidation/3.cc:31: error: expected primary-expression
/home/foo/src/gcc-head/libstdc++-v3/testsuite/23_containers/deque/invalidation/3.cc:31: error: expected \`;'
/home/foo/src/gcc-head/libstdc++-v3/testsuite/23_containers/deque/invalidation/3.cc:34: error: expected primary-expression
/home/foo/src/gcc-head/libstdc++-v3/testsuite/23_containers/deque/invalidation/3.cc:34: error: expected \`;'
/home/foo/src/gcc-head/libstdc++-v3/testsuite/23_containers/deque/invalidation/3.cc:35: error: expected primary-expression
/home/foo/src/gcc-head/libstdc++-v3/testsuite/23_containers/deque/invalidation/3.cc:35: error: expected \`;'
/home/foo/src/gcc-head/libstdc++-v3/testsuite/23_containers/deque/invalidation/3.cc:36: error: expected primary-expression
/home/foo/src/gcc-head/libstdc++-v3/testsuite/23_containers/deque/invalidation/3.cc:36: error: expected \`;'
/home/foo/src/gcc-head/libstdc++-v3/testsuite/23_containers/deque/invalidation/3.cc:37: error: \`at' undeclared (first use this function)
/home/foo/src/gcc-head/libstdc++-v3/testsuite/23_containers/deque/invalidation/3.cc:37: error: \`v' undeclared (first use this function)
/home/foo/src/gcc-head/libstdc++-v3/testsuite/23_containers/deque/invalidation/3.cc:38: error: \`before' undeclared (first use this function)
/home/foo/src/gcc-head/libstdc++-v3/testsuite/23_containers/deque/invalidation/3.cc:40: error: \`after' undeclared (first use this function)
FAIL: 23_containers/deque/invalidation/4.cc (test for excess errors)
output is:
/home/foo/src/gcc-head/libstdc++-v3/testsuite/23_containers/deque/invalidation/4.cc:24: error: use of \`deque' is ambiguous
/abuild/gcc_cvs_build/obj/obj-gcc34/powerpc-unknown-linux-gnu/libstdc++-v3/include/bits/stl_deque.h:638: error: first declared as \`template<class _Tp, class _Alloc> class __gnu_norm::deque' here
/abuild/gcc_cvs_build/obj/obj-gcc34/powerpc-unknown-linux-gnu/libstdc++-v3/include/debug/deque:42: error: also declared as \`template<class _Tp, class _Allocator> class __gnu_debug_def::deque' here
/home/foo/src/gcc-head/libstdc++-v3/testsuite/23_containers/deque/invalidation/4.cc:24: error: \`__gnu_debug::deque' has not been declared
/home/foo/src/gcc-head/libstdc++-v3/testsuite/23_containers/deque/invalidation/4.cc: In function \`void test04()':
/home/foo/src/gcc-head/libstdc++-v3/testsuite/23_containers/deque/invalidation/4.cc:31: error: \`deque' undeclared (first use this function)
/home/foo/src/gcc-head/libstdc++-v3/testsuite/23_containers/deque/invalidation/4.cc:31: error: (Each undeclared identifier is reported only once for each function it appears in.)
/home/foo/src/gcc-head/libstdc++-v3/testsuite/23_containers/deque/invalidation/4.cc:31: error: expected primary-expression
/home/foo/src/gcc-head/libstdc++-v3/testsuite/23_containers/deque/invalidation/4.cc:31: error: expected \`;'
/home/foo/src/gcc-head/libstdc++-v3/testsuite/23_containers/deque/invalidation/4.cc:34: error: expected primary-expression
/home/foo/src/gcc-head/libstdc++-v3/testsuite/23_containers/deque/invalidation/4.cc:34: error: expected \`;'
/home/foo/src/gcc-head/libstdc++-v3/testsuite/23_containers/deque/invalidation/4.cc:35: error: expected primary-expression
/home/foo/src/gcc-head/libstdc++-v3/testsuite/23_containers/deque/invalidation/4.cc:35: error: expected \`;'
/home/foo/src/gcc-head/libstdc++-v3/testsuite/23_containers/deque/invalidation/4.cc:36: error: expected primary-expression
/home/foo/src/gcc-head/libstdc++-v3/testsuite/23_containers/deque/invalidation/4.cc:36: error: expected \`;'
/home/foo/src/gcc-head/libstdc++-v3/testsuite/23_containers/deque/invalidation/4.cc:37: error: \`at' undeclared (first use this function)
/home/foo/src/gcc-head/libstdc++-v3/testsuite/23_containers/deque/invalidation/4.cc:37: error: \`v' undeclared (first use this function)
/home/foo/src/gcc-head/libstdc++-v3/testsuite/23_containers/deque/invalidation/4.cc:38: error: \`before' undeclared (first use this function)
/home/foo/src/gcc-head/libstdc++-v3/testsuite/23_containers/deque/invalidation/4.cc:40: error: \`after' undeclared (first use this function)
FAIL: 23_containers/list/invalidation/1.cc (test for excess errors)
output is:
/home/foo/src/gcc-head/libstdc++-v3/testsuite/23_containers/list/invalidation/1.cc:25: error: use of \`list' is ambiguous
/abuild/gcc_cvs_build/obj/obj-gcc34/powerpc-unknown-linux-gnu/libstdc++-v3/include/bits/stl_list.h:368: error: first declared as \`template<class _Tp, class _Alloc> class __gnu_norm::list' here
/abuild/gcc_cvs_build/obj/obj-gcc34/powerpc-unknown-linux-gnu/libstdc++-v3/include/debug/list:43: error: also declared as \`template<class _Tp, class _Allocator> class __gnu_debug_def::list' here
/home/foo/src/gcc-head/libstdc++-v3/testsuite/23_containers/list/invalidation/1.cc:25: error: \`__gnu_debug::list' has not been declared
/home/foo/src/gcc-head/libstdc++-v3/testsuite/23_containers/list/invalidation/1.cc: In function \`void test01()':
/home/foo/src/gcc-head/libstdc++-v3/testsuite/23_containers/list/invalidation/1.cc:33: error: \`list' undeclared (first use this function)
/home/foo/src/gcc-head/libstdc++-v3/testsuite/23_containers/list/invalidation/1.cc:33: error: (Each undeclared identifier is reported only once for each function it appears in.)
/home/foo/src/gcc-head/libstdc++-v3/testsuite/23_containers/list/invalidation/1.cc:33: error: expected primary-expression
/home/foo/src/gcc-head/libstdc++-v3/testsuite/23_containers/list/invalidation/1.cc:33: error: expected \`;'
/home/foo/src/gcc-head/libstdc++-v3/testsuite/23_containers/list/invalidation/1.cc:34: error: expected primary-expression
/home/foo/src/gcc-head/libstdc++-v3/testsuite/23_containers/list/invalidation/1.cc:34: error: expected \`;'
/home/foo/src/gcc-head/libstdc++-v3/testsuite/23_containers/list/invalidation/1.cc:36: error: \`v1' undeclared (first use this function)
/home/foo/src/gcc-head/libstdc++-v3/testsuite/23_containers/list/invalidation/1.cc:38: error: expected primary-expression
/home/foo/src/gcc-head/libstdc++-v3/testsuite/23_containers/list/invalidation/1.cc:38: error: expected \`;'
/home/foo/src/gcc-head/libstdc++-v3/testsuite/23_containers/list/invalidation/1.cc:39: error: expected primary-expression
/home/foo/src/gcc-head/libstdc++-v3/testsuite/23_containers/list/invalidation/1.cc:39: error: expected \`;'
/home/foo/src/gcc-head/libstdc++-v3/testsuite/23_containers/list/invalidation/1.cc:40: error: \`start' undeclared (first use this function)
/home/foo/src/gcc-head/libstdc++-v3/testsuite/23_containers/list/invalidation/1.cc:41: error: \`finish' undeclared (first use this function)
/home/foo/src/gcc-head/libstdc++-v3/testsuite/23_containers/list/invalidation/1.cc:43: error: \`v2' undeclared (first use this function)
FAIL: 23_containers/list/invalidation/2.cc (test for excess errors)
output is:
/home/foo/src/gcc-head/libstdc++-v3/testsuite/23_containers/list/invalidation/2.cc:25: error: use of \`list' is ambiguous
/abuild/gcc_cvs_build/obj/obj-gcc34/powerpc-unknown-linux-gnu/libstdc++-v3/include/bits/stl_list.h:368: error: first declared as \`template<class _Tp, class _Alloc> class __gnu_norm::list' here
/abuild/gcc_cvs_build/obj/obj-gcc34/powerpc-unknown-linux-gnu/libstdc++-v3/include/debug/list:43: error: also declared as \`template<class _Tp, class _Allocator> class __gnu_debug_def::list' here
/home/foo/src/gcc-head/libstdc++-v3/testsuite/23_containers/list/invalidation/2.cc:25: error: \`__gnu_debug::list' has not been declared
/home/foo/src/gcc-head/libstdc++-v3/testsuite/23_containers/list/invalidation/2.cc: In function \`void test02()':
/home/foo/src/gcc-head/libstdc++-v3/testsuite/23_containers/list/invalidation/2.cc:33: error: \`list' undeclared (first use this function)
/home/foo/src/gcc-head/libstdc++-v3/testsuite/23_containers/list/invalidation/2.cc:33: error: (Each undeclared identifier is reported only once for each function it appears in.)
/home/foo/src/gcc-head/libstdc++-v3/testsuite/23_containers/list/invalidation/2.cc:33: error: expected primary-expression
/home/foo/src/gcc-head/libstdc++-v3/testsuite/23_containers/list/invalidation/2.cc:33: error: expected \`;'
/home/foo/src/gcc-head/libstdc++-v3/testsuite/23_containers/list/invalidation/2.cc:35: error: expected primary-expression
/home/foo/src/gcc-head/libstdc++-v3/testsuite/23_containers/list/invalidation/2.cc:35: error: expected \`;'
/home/foo/src/gcc-head/libstdc++-v3/testsuite/23_containers/list/invalidation/2.cc:36: error: \`before' undeclared (first use this function)
/home/foo/src/gcc-head/libstdc++-v3/testsuite/23_containers/list/invalidation/2.cc:37: error: expected primary-expression
/home/foo/src/gcc-head/libstdc++-v3/testsuite/23_containers/list/invalidation/2.cc:37: error: expected \`;'
/home/foo/src/gcc-head/libstdc++-v3/testsuite/23_containers/list/invalidation/2.cc:38: error: \`at' undeclared (first use this function)
/home/foo/src/gcc-head/libstdc++-v3/testsuite/23_containers/list/invalidation/2.cc:39: error: expected primary-expression
/home/foo/src/gcc-head/libstdc++-v3/testsuite/23_containers/list/invalidation/2.cc:39: error: expected \`;'
/home/foo/src/gcc-head/libstdc++-v3/testsuite/23_containers/list/invalidation/2.cc:40: error: \`after' undeclared (first use this function)
/home/foo/src/gcc-head/libstdc++-v3/testsuite/23_containers/list/invalidation/2.cc:41: error: expected primary-expression
/home/foo/src/gcc-head/libstdc++-v3/testsuite/23_containers/list/invalidation/2.cc:41: error: expected \`;'
/home/foo/src/gcc-head/libstdc++-v3/testsuite/23_containers/list/invalidation/2.cc:44: error: \`v' undeclared (first use this function)
/home/foo/src/gcc-head/libstdc++-v3/testsuite/23_containers/list/invalidation/2.cc:48: error: \`finish' undeclared (first use this function)
FAIL: 23_containers/list/invalidation/3.cc (test for excess errors)
output is:
/home/foo/src/gcc-head/libstdc++-v3/testsuite/23_containers/list/invalidation/3.cc:25: error: use of \`list' is ambiguous
/abuild/gcc_cvs_build/obj/obj-gcc34/powerpc-unknown-linux-gnu/libstdc++-v3/include/bits/stl_list.h:368: error: first declared as \`template<class _Tp, class _Alloc> class __gnu_norm::list' here
/abuild/gcc_cvs_build/obj/obj-gcc34/powerpc-unknown-linux-gnu/libstdc++-v3/include/debug/list:43: error: also declared as \`template<class _Tp, class _Allocator> class __gnu_debug_def::list' here
/home/foo/src/gcc-head/libstdc++-v3/testsuite/23_containers/list/invalidation/3.cc:25: error: \`__gnu_debug::list' has not been declared
/home/foo/src/gcc-head/libstdc++-v3/testsuite/23_containers/list/invalidation/3.cc: In function \`void test03()':
/home/foo/src/gcc-head/libstdc++-v3/testsuite/23_containers/list/invalidation/3.cc:33: error: \`list' undeclared (first use this function)
/home/foo/src/gcc-head/libstdc++-v3/testsuite/23_containers/list/invalidation/3.cc:33: error: (Each undeclared identifier is reported only once for each function it appears in.)
/home/foo/src/gcc-head/libstdc++-v3/testsuite/23_containers/list/invalidation/3.cc:33: error: expected primary-expression
/home/foo/src/gcc-head/libstdc++-v3/testsuite/23_containers/list/invalidation/3.cc:33: error: expected \`;'
/home/foo/src/gcc-head/libstdc++-v3/testsuite/23_containers/list/invalidation/3.cc:36: error: expected primary-expression
/home/foo/src/gcc-head/libstdc++-v3/testsuite/23_containers/list/invalidation/3.cc:36: error: expected \`;'
/home/foo/src/gcc-head/libstdc++-v3/testsuite/23_containers/list/invalidation/3.cc:37: error: expected primary-expression
/home/foo/src/gcc-head/libstdc++-v3/testsuite/23_containers/list/invalidation/3.cc:37: error: expected \`;'
/home/foo/src/gcc-head/libstdc++-v3/testsuite/23_containers/list/invalidation/3.cc:38: error: \`at' undeclared (first use this function)
/home/foo/src/gcc-head/libstdc++-v3/testsuite/23_containers/list/invalidation/3.cc:39: error: expected primary-expression
/home/foo/src/gcc-head/libstdc++-v3/testsuite/23_containers/list/invalidation/3.cc:39: error: expected \`;'
/home/foo/src/gcc-head/libstdc++-v3/testsuite/23_containers/list/invalidation/3.cc:40: error: \`v' undeclared (first use this function)
/home/foo/src/gcc-head/libstdc++-v3/testsuite/23_containers/list/invalidation/3.cc:41: error: \`before' undeclared (first use this function)
/home/foo/src/gcc-head/libstdc++-v3/testsuite/23_containers/list/invalidation/3.cc:43: error: \`after' undeclared (first use this function)
/home/foo/src/gcc-head/libstdc++-v3/testsuite/23_containers/list/invalidation/3.cc:67: error: expected primary-expression
/home/foo/src/gcc-head/libstdc++-v3/testsuite/23_containers/list/invalidation/3.cc:67: error: expected \`;'
/home/foo/src/gcc-head/libstdc++-v3/testsuite/23_containers/list/invalidation/3.cc:71: error: \`finish' undeclared (first use this function)
FAIL: 23_containers/list/invalidation/4.cc (test for excess errors)
output is:
/home/foo/src/gcc-head/libstdc++-v3/testsuite/23_containers/list/invalidation/4.cc:25: error: use of \`list' is ambiguous
/abuild/gcc_cvs_build/obj/obj-gcc34/powerpc-unknown-linux-gnu/libstdc++-v3/include/bits/stl_list.h:368: error: first declared as \`template<class _Tp, class _Alloc> class __gnu_norm::list' here
/abuild/gcc_cvs_build/obj/obj-gcc34/powerpc-unknown-linux-gnu/libstdc++-v3/include/debug/list:43: error: also declared as \`template<class _Tp, class _Allocator> class __gnu_debug_def::list' here
/home/foo/src/gcc-head/libstdc++-v3/testsuite/23_containers/list/invalidation/4.cc:25: error: \`__gnu_debug::list' has not been declared
/home/foo/src/gcc-head/libstdc++-v3/testsuite/23_containers/list/invalidation/4.cc: In function \`void test04()':
/home/foo/src/gcc-head/libstdc++-v3/testsuite/23_containers/list/invalidation/4.cc:33: error: \`list' undeclared (first use this function)
/home/foo/src/gcc-head/libstdc++-v3/testsuite/23_containers/list/invalidation/4.cc:33: error: (Each undeclared identifier is reported only once for each function it appears in.)
/home/foo/src/gcc-head/libstdc++-v3/testsuite/23_containers/list/invalidation/4.cc:33: error: expected primary-expression
/home/foo/src/gcc-head/libstdc++-v3/testsuite/23_containers/list/invalidation/4.cc:33: error: expected \`;'
/home/foo/src/gcc-head/libstdc++-v3/testsuite/23_containers/list/invalidation/4.cc:34: error: expected primary-expression
/home/foo/src/gcc-head/libstdc++-v3/testsuite/23_containers/list/invalidation/4.cc:34: error: expected \`;'
/home/foo/src/gcc-head/libstdc++-v3/testsuite/23_containers/list/invalidation/4.cc:36: error: expected primary-expression
/home/foo/src/gcc-head/libstdc++-v3/testsuite/23_containers/list/invalidation/4.cc:36: error: expected \`;'
/home/foo/src/gcc-head/libstdc++-v3/testsuite/23_containers/list/invalidation/4.cc:37: error: expected primary-expression
/home/foo/src/gcc-head/libstdc++-v3/testsuite/23_containers/list/invalidation/4.cc:37: error: expected \`;'
/home/foo/src/gcc-head/libstdc++-v3/testsuite/23_containers/list/invalidation/4.cc:38: error: \`end2' undeclared (first use this function)
/home/foo/src/gcc-head/libstdc++-v3/testsuite/23_containers/list/invalidation/4.cc:39: error: expected primary-expression
/home/foo/src/gcc-head/libstdc++-v3/testsuite/23_containers/list/invalidation/4.cc:39: error: expected \`;'
/home/foo/src/gcc-head/libstdc++-v3/testsuite/23_containers/list/invalidation/4.cc:40: error: \`after2' undeclared (first use this function)
/home/foo/src/gcc-head/libstdc++-v3/testsuite/23_containers/list/invalidation/4.cc:42: error: \`l1' undeclared (first use this function)
/home/foo/src/gcc-head/libstdc++-v3/testsuite/23_containers/list/invalidation/4.cc:42: error: \`l2' undeclared (first use this function)
/home/foo/src/gcc-head/libstdc++-v3/testsuite/23_containers/list/invalidation/4.cc:42: error: \`start2' undeclared (first use this function)
FAIL: 23_containers/map/invalidation/1.cc (test for excess errors)
output is:
/home/foo/src/gcc-head/libstdc++-v3/testsuite/23_containers/map/invalidation/1.cc:25: error: use of \`map' is ambiguous
/abuild/gcc_cvs_build/obj/obj-gcc34/powerpc-unknown-linux-gnu/libstdc++-v3/include/bits/stl_map.h:92: error: first declared as \`template<class _Key, class _Tp, class _Compare, class _Alloc> class __gnu_norm::map' here
/abuild/gcc_cvs_build/obj/obj-gcc34/powerpc-unknown-linux-gnu/libstdc++-v3/include/debug/map.h:43: error: also declared as \`template<class _Key, class _Tp, class _Compare, class _Allocator> class __gnu_debug_def::map' here
/home/foo/src/gcc-head/libstdc++-v3/testsuite/23_containers/map/invalidation/1.cc:25: error: \`__gnu_debug::map' has not been declared
/home/foo/src/gcc-head/libstdc++-v3/testsuite/23_containers/map/invalidation/1.cc: In function \`void test01()':
/home/foo/src/gcc-head/libstdc++-v3/testsuite/23_containers/map/invalidation/1.cc:33: error: \`map' undeclared (first use this function)
/home/foo/src/gcc-head/libstdc++-v3/testsuite/23_containers/map/invalidation/1.cc:33: error: (Each undeclared identifier is reported only once for each function it appears in.)
/home/foo/src/gcc-head/libstdc++-v3/testsuite/23_containers/map/invalidation/1.cc:33: error: expected primary-expression
/home/foo/src/gcc-head/libstdc++-v3/testsuite/23_containers/map/invalidation/1.cc:33: error: expected \`;'
/home/foo/src/gcc-head/libstdc++-v3/testsuite/23_containers/map/invalidation/1.cc:34: error: expected primary-expression
/home/foo/src/gcc-head/libstdc++-v3/testsuite/23_containers/map/invalidation/1.cc:34: error: expected \`;'
/home/foo/src/gcc-head/libstdc++-v3/testsuite/23_containers/map/invalidation/1.cc:36: error: \`v1' undeclared (first use this function)
/home/foo/src/gcc-head/libstdc++-v3/testsuite/23_containers/map/invalidation/1.cc:38: error: expected primary-expression
/home/foo/src/gcc-head/libstdc++-v3/testsuite/23_containers/map/invalidation/1.cc:38: error: expected \`;'
/home/foo/src/gcc-head/libstdc++-v3/testsuite/23_containers/map/invalidation/1.cc:39: error: expected primary-expression
/home/foo/src/gcc-head/libstdc++-v3/testsuite/23_containers/map/invalidation/1.cc:39: error: expected \`;'
/home/foo/src/gcc-head/libstdc++-v3/testsuite/23_containers/map/invalidation/1.cc:40: error: \`start' undeclared (first use this function)
/home/foo/src/gcc-head/libstdc++-v3/testsuite/23_containers/map/invalidation/1.cc:41: error: \`finish' undeclared (first use this function)
/home/foo/src/gcc-head/libstdc++-v3/testsuite/23_containers/map/invalidation/1.cc:43: error: \`v2' undeclared (first use this function)
FAIL: 23_containers/map/invalidation/2.cc (test for excess errors)
output is:
/home/foo/src/gcc-head/libstdc++-v3/testsuite/23_containers/map/invalidation/2.cc:25: error: use of \`map' is ambiguous
/abuild/gcc_cvs_build/obj/obj-gcc34/powerpc-unknown-linux-gnu/libstdc++-v3/include/bits/stl_map.h:92: error: first declared as \`template<class _Key, class _Tp, class _Compare, class _Alloc> class __gnu_norm::map' here
/abuild/gcc_cvs_build/obj/obj-gcc34/powerpc-unknown-linux-gnu/libstdc++-v3/include/debug/map.h:43: error: also declared as \`template<class _Key, class _Tp, class _Compare, class _Allocator> class __gnu_debug_def::map' here
/home/foo/src/gcc-head/libstdc++-v3/testsuite/23_containers/map/invalidation/2.cc:25: error: \`__gnu_debug::map' has not been declared
/home/foo/src/gcc-head/libstdc++-v3/testsuite/23_containers/map/invalidation/2.cc: In function \`void test02()':
/home/foo/src/gcc-head/libstdc++-v3/testsuite/23_containers/map/invalidation/2.cc:33: error: \`map' undeclared (first use this function)
/home/foo/src/gcc-head/libstdc++-v3/testsuite/23_containers/map/invalidation/2.cc:33: error: (Each undeclared identifier is reported only once for each function it appears in.)
/home/foo/src/gcc-head/libstdc++-v3/testsuite/23_containers/map/invalidation/2.cc:33: error: expected primary-expression
/home/foo/src/gcc-head/libstdc++-v3/testsuite/23_containers/map/invalidation/2.cc:33: error: expected \`;'
/home/foo/src/gcc-head/libstdc++-v3/testsuite/23_containers/map/invalidation/2.cc:35: error: \`v' undeclared (first use this function)
/home/foo/src/gcc-head/libstdc++-v3/testsuite/23_containers/map/invalidation/2.cc:38: error: expected primary-expression
/home/foo/src/gcc-head/libstdc++-v3/testsuite/23_containers/map/invalidation/2.cc:38: error: expected \`;'
/home/foo/src/gcc-head/libstdc++-v3/testsuite/23_containers/map/invalidation/2.cc:39: error: expected primary-expression
/home/foo/src/gcc-head/libstdc++-v3/testsuite/23_containers/map/invalidation/2.cc:39: error: expected \`;'
/home/foo/src/gcc-head/libstdc++-v3/testsuite/23_containers/map/invalidation/2.cc:40: error: \`at' undeclared (first use this function)
/home/foo/src/gcc-head/libstdc++-v3/testsuite/23_containers/map/invalidation/2.cc:41: error: expected primary-expression
/home/foo/src/gcc-head/libstdc++-v3/testsuite/23_containers/map/invalidation/2.cc:41: error: expected \`;'
/home/foo/src/gcc-head/libstdc++-v3/testsuite/23_containers/map/invalidation/2.cc:42: error: \`after' undeclared (first use this function)
/home/foo/src/gcc-head/libstdc++-v3/testsuite/23_containers/map/invalidation/2.cc:44: error: \`before' undeclared (first use this function)
/home/foo/src/gcc-head/libstdc++-v3/testsuite/23_containers/map/invalidation/2.cc:60: error: expected primary-expression
/home/foo/src/gcc-head/libstdc++-v3/testsuite/23_containers/map/invalidation/2.cc:60: error: expected \`;'
/home/foo/src/gcc-head/libstdc++-v3/testsuite/23_containers/map/invalidation/2.cc:64: error: \`finish' undeclared (first use this function)
FAIL: 23_containers/multimap/invalidation/1.cc (test for excess errors)
output is:
/home/foo/src/gcc-head/libstdc++-v3/testsuite/23_containers/multimap/invalidation/1.cc:26: error: use of \`multimap' is ambiguous
/abuild/gcc_cvs_build/obj/obj-gcc34/powerpc-unknown-linux-gnu/libstdc++-v3/include/bits/stl_multimap.h:73: error: first declared as \`template<class _Key, class _Tp, class _Compare, class _Alloc> class __gnu_norm::multimap' here
/abuild/gcc_cvs_build/obj/obj-gcc34/powerpc-unknown-linux-gnu/libstdc++-v3/include/debug/multimap.h:43: error: also declared as \`template<class _Key, class _Tp, class _Compare, class _Allocator> class __gnu_debug_def::multimap' here
/home/foo/src/gcc-head/libstdc++-v3/testsuite/23_containers/multimap/invalidation/1.cc:26: error: \`__gnu_debug::multimap' has not been declared
/home/foo/src/gcc-head/libstdc++-v3/testsuite/23_containers/multimap/invalidation/1.cc: In function \`void test01()':
/home/foo/src/gcc-head/libstdc++-v3/testsuite/23_containers/multimap/invalidation/1.cc:34: error: \`multimap' undeclared (first use this function)
/home/foo/src/gcc-head/libstdc++-v3/testsuite/23_containers/multimap/invalidation/1.cc:34: error: (Each undeclared identifier is reported only once for each function it appears in.)
/home/foo/src/gcc-head/libstdc++-v3/testsuite/23_containers/multimap/invalidation/1.cc:34: error: expected primary-expression
/home/foo/src/gcc-head/libstdc++-v3/testsuite/23_containers/multimap/invalidation/1.cc:34: error: expected \`;'
/home/foo/src/gcc-head/libstdc++-v3/testsuite/23_containers/multimap/invalidation/1.cc:35: error: expected primary-expression
/home/foo/src/gcc-head/libstdc++-v3/testsuite/23_containers/multimap/invalidation/1.cc:35: error: expected \`;'
/home/foo/src/gcc-head/libstdc++-v3/testsuite/23_containers/multimap/invalidation/1.cc:37: error: \`v1' undeclared (first use this function)
/home/foo/src/gcc-head/libstdc++-v3/testsuite/23_containers/multimap/invalidation/1.cc:39: error: expected primary-expression
/home/foo/src/gcc-head/libstdc++-v3/testsuite/23_containers/multimap/invalidation/1.cc:39: error: expected \`;'
/home/foo/src/gcc-head/libstdc++-v3/testsuite/23_containers/multimap/invalidation/1.cc:40: error: expected primary-expression
/home/foo/src/gcc-head/libstdc++-v3/testsuite/23_containers/multimap/invalidation/1.cc:40: error: expected \`;'
/home/foo/src/gcc-head/libstdc++-v3/testsuite/23_containers/multimap/invalidation/1.cc:41: error: \`start' undeclared (first use this function)
/home/foo/src/gcc-head/libstdc++-v3/testsuite/23_containers/multimap/invalidation/1.cc:42: error: \`finish' undeclared (first use this function)
/home/foo/src/gcc-head/libstdc++-v3/testsuite/23_containers/multimap/invalidation/1.cc:44: error: \`v2' undeclared (first use this function)
FAIL: 23_containers/multimap/invalidation/2.cc (test for excess errors)
output is:
/home/foo/src/gcc-head/libstdc++-v3/testsuite/23_containers/multimap/invalidation/2.cc:26: error: use of \`multimap' is ambiguous
/abuild/gcc_cvs_build/obj/obj-gcc34/powerpc-unknown-linux-gnu/libstdc++-v3/include/bits/stl_multimap.h:73: error: first declared as \`template<class _Key, class _Tp, class _Compare, class _Alloc> class __gnu_norm::multimap' here
/abuild/gcc_cvs_build/obj/obj-gcc34/powerpc-unknown-linux-gnu/libstdc++-v3/include/debug/multimap.h:43: error: also declared as \`template<class _Key, class _Tp, class _Compare, class _Allocator> class __gnu_debug_def::multimap' here
/home/foo/src/gcc-head/libstdc++-v3/testsuite/23_containers/multimap/invalidation/2.cc:26: error: \`__gnu_debug::multimap' has not been declared
/home/foo/src/gcc-head/libstdc++-v3/testsuite/23_containers/multimap/invalidation/2.cc: In function \`void test02()':
/home/foo/src/gcc-head/libstdc++-v3/testsuite/23_containers/multimap/invalidation/2.cc:34: error: \`multimap' undeclared (first use this function)
/home/foo/src/gcc-head/libstdc++-v3/testsuite/23_containers/multimap/invalidation/2.cc:34: error: (Each undeclared identifier is reported only once for each function it appears in.)
/home/foo/src/gcc-head/libstdc++-v3/testsuite/23_containers/multimap/invalidation/2.cc:34: error: expected primary-expression
/home/foo/src/gcc-head/libstdc++-v3/testsuite/23_containers/multimap/invalidation/2.cc:34: error: expected \`;'
/home/foo/src/gcc-head/libstdc++-v3/testsuite/23_containers/multimap/invalidation/2.cc:36: error: \`v' undeclared (first use this function)
/home/foo/src/gcc-head/libstdc++-v3/testsuite/23_containers/multimap/invalidation/2.cc:39: error: expected primary-expression
/home/foo/src/gcc-head/libstdc++-v3/testsuite/23_containers/multimap/invalidation/2.cc:39: error: expected \`;'
/home/foo/src/gcc-head/libstdc++-v3/testsuite/23_containers/multimap/invalidation/2.cc:40: error: expected primary-expression
/home/foo/src/gcc-head/libstdc++-v3/testsuite/23_containers/multimap/invalidation/2.cc:40: error: expected \`;'
/home/foo/src/gcc-head/libstdc++-v3/testsuite/23_containers/multimap/invalidation/2.cc:41: error: \`at' undeclared (first use this function)
/home/foo/src/gcc-head/libstdc++-v3/testsuite/23_containers/multimap/invalidation/2.cc:42: error: expected primary-expression
/home/foo/src/gcc-head/libstdc++-v3/testsuite/23_containers/multimap/invalidation/2.cc:42: error: expected \`;'
/home/foo/src/gcc-head/libstdc++-v3/testsuite/23_containers/multimap/invalidation/2.cc:43: error: \`after' undeclared (first use this function)
/home/foo/src/gcc-head/libstdc++-v3/testsuite/23_containers/multimap/invalidation/2.cc:45: error: \`before' undeclared (first use this function)
/home/foo/src/gcc-head/libstdc++-v3/testsuite/23_containers/multimap/invalidation/2.cc:61: error: expected primary-expression
/home/foo/src/gcc-head/libstdc++-v3/testsuite/23_containers/multimap/invalidation/2.cc:61: error: expected \`;'
/home/foo/src/gcc-head/libstdc++-v3/testsuite/23_containers/multimap/invalidation/2.cc:65: error: \`finish' undeclared (first use this function)
FAIL: 23_containers/multiset/invalidation/1.cc (test for excess errors)
output is:
/home/foo/src/gcc-head/libstdc++-v3/testsuite/23_containers/multiset/invalidation/1.cc:25: error: use of \`multiset' is ambiguous
/abuild/gcc_cvs_build/obj/obj-gcc34/powerpc-unknown-linux-gnu/libstdc++-v3/include/bits/stl_multiset.h:73: error: first declared as \`template<class _Key, class _Compare, class _Alloc> class __gnu_norm::multiset' here
/abuild/gcc_cvs_build/obj/obj-gcc34/powerpc-unknown-linux-gnu/libstdc++-v3/include/debug/multiset.h:43: error: also declared as \`template<class _Key, class _Compare, class _Allocator> class __gnu_debug_def::multiset' here
/home/foo/src/gcc-head/libstdc++-v3/testsuite/23_containers/multiset/invalidation/1.cc:25: error: \`__gnu_debug::multiset' has not been declared
/home/foo/src/gcc-head/libstdc++-v3/testsuite/23_containers/multiset/invalidation/1.cc: In function \`void test01()':
/home/foo/src/gcc-head/libstdc++-v3/testsuite/23_containers/multiset/invalidation/1.cc:33: error: \`multiset' undeclared (first use this function)
/home/foo/src/gcc-head/libstdc++-v3/testsuite/23_containers/multiset/invalidation/1.cc:33: error: (Each undeclared identifier is reported only once for each function it appears in.)
/home/foo/src/gcc-head/libstdc++-v3/testsuite/23_containers/multiset/invalidation/1.cc:33: error: expected primary-expression
/home/foo/src/gcc-head/libstdc++-v3/testsuite/23_containers/multiset/invalidation/1.cc:33: error: expected \`;'
/home/foo/src/gcc-head/libstdc++-v3/testsuite/23_containers/multiset/invalidation/1.cc:34: error: expected primary-expression
/home/foo/src/gcc-head/libstdc++-v3/testsuite/23_containers/multiset/invalidation/1.cc:34: error: expected \`;'
/home/foo/src/gcc-head/libstdc++-v3/testsuite/23_containers/multiset/invalidation/1.cc:36: error: \`v1' undeclared (first use this function)
/home/foo/src/gcc-head/libstdc++-v3/testsuite/23_containers/multiset/invalidation/1.cc:38: error: expected primary-expression
/home/foo/src/gcc-head/libstdc++-v3/testsuite/23_containers/multiset/invalidation/1.cc:38: error: expected \`;'
/home/foo/src/gcc-head/libstdc++-v3/testsuite/23_containers/multiset/invalidation/1.cc:39: error: expected primary-expression
/home/foo/src/gcc-head/libstdc++-v3/testsuite/23_containers/multiset/invalidation/1.cc:39: error: expected \`;'
/home/foo/src/gcc-head/libstdc++-v3/testsuite/23_containers/multiset/invalidation/1.cc:40: error: \`start' undeclared (first use this function)
/home/foo/src/gcc-head/libstdc++-v3/testsuite/23_containers/multiset/invalidation/1.cc:41: error: \`finish' undeclared (first use this function)
/home/foo/src/gcc-head/libstdc++-v3/testsuite/23_containers/multiset/invalidation/1.cc:43: error: \`v2' undeclared (first use this function)
FAIL: 23_containers/multiset/invalidation/2.cc (test for excess errors)
output is:
/home/foo/src/gcc-head/libstdc++-v3/testsuite/23_containers/multiset/invalidation/2.cc:25: error: use of \`multiset' is ambiguous
/abuild/gcc_cvs_build/obj/obj-gcc34/powerpc-unknown-linux-gnu/libstdc++-v3/include/bits/stl_multiset.h:73: error: first declared as \`template<class _Key, class _Compare, class _Alloc> class __gnu_norm::multiset' here
/abuild/gcc_cvs_build/obj/obj-gcc34/powerpc-unknown-linux-gnu/libstdc++-v3/include/debug/multiset.h:43: error: also declared as \`template<class _Key, class _Compare, class _Allocator> class __gnu_debug_def::multiset' here
/home/foo/src/gcc-head/libstdc++-v3/testsuite/23_containers/multiset/invalidation/2.cc:25: error: \`__gnu_debug::multiset' has not been declared
/home/foo/src/gcc-head/libstdc++-v3/testsuite/23_containers/multiset/invalidation/2.cc: In function \`void test02()':
/home/foo/src/gcc-head/libstdc++-v3/testsuite/23_containers/multiset/invalidation/2.cc:33: error: \`multiset' undeclared (first use this function)
/home/foo/src/gcc-head/libstdc++-v3/testsuite/23_containers/multiset/invalidation/2.cc:33: error: (Each undeclared identifier is reported only once for each function it appears in.)
/home/foo/src/gcc-head/libstdc++-v3/testsuite/23_containers/multiset/invalidation/2.cc:33: error: expected primary-expression
/home/foo/src/gcc-head/libstdc++-v3/testsuite/23_containers/multiset/invalidation/2.cc:33: error: expected \`;'
/home/foo/src/gcc-head/libstdc++-v3/testsuite/23_containers/multiset/invalidation/2.cc:35: error: \`v' undeclared (first use this function)
/home/foo/src/gcc-head/libstdc++-v3/testsuite/23_containers/multiset/invalidation/2.cc:38: error: expected primary-expression
/home/foo/src/gcc-head/libstdc++-v3/testsuite/23_containers/multiset/invalidation/2.cc:38: error: expected \`;'
/home/foo/src/gcc-head/libstdc++-v3/testsuite/23_containers/multiset/invalidation/2.cc:39: error: expected primary-expression
/home/foo/src/gcc-head/libstdc++-v3/testsuite/23_containers/multiset/invalidation/2.cc:39: error: expected \`;'
/home/foo/src/gcc-head/libstdc++-v3/testsuite/23_containers/multiset/invalidation/2.cc:40: error: \`at' undeclared (first use this function)
/home/foo/src/gcc-head/libstdc++-v3/testsuite/23_containers/multiset/invalidation/2.cc:41: error: expected primary-expression
/home/foo/src/gcc-head/libstdc++-v3/testsuite/23_containers/multiset/invalidation/2.cc:41: error: expected \`;'
/home/foo/src/gcc-head/libstdc++-v3/testsuite/23_containers/multiset/invalidation/2.cc:42: error: \`after' undeclared (first use this function)
/home/foo/src/gcc-head/libstdc++-v3/testsuite/23_containers/multiset/invalidation/2.cc:44: error: \`before' undeclared (first use this function)
/home/foo/src/gcc-head/libstdc++-v3/testsuite/23_containers/multiset/invalidation/2.cc:60: error: expected primary-expression
/home/foo/src/gcc-head/libstdc++-v3/testsuite/23_containers/multiset/invalidation/2.cc:60: error: expected \`;'
/home/foo/src/gcc-head/libstdc++-v3/testsuite/23_containers/multiset/invalidation/2.cc:64: error: \`finish' undeclared (first use this function)
FAIL: 23_containers/set/invalidation/1.cc (test for excess errors)
output is:
/home/foo/src/gcc-head/libstdc++-v3/testsuite/23_containers/set/invalidation/1.cc:25: error: use of \`set' is ambiguous
/abuild/gcc_cvs_build/obj/obj-gcc34/powerpc-unknown-linux-gnu/libstdc++-v3/include/bits/stl_set.h:71: error: first declared as \`template<class _Key, class _Compare, class _Alloc> class __gnu_norm::set' here
/abuild/gcc_cvs_build/obj/obj-gcc34/powerpc-unknown-linux-gnu/libstdc++-v3/include/debug/set.h:43: error: also declared as \`template<class _Key, class _Compare, class _Allocator> class __gnu_debug_def::set' here
/home/foo/src/gcc-head/libstdc++-v3/testsuite/23_containers/set/invalidation/1.cc:25: error: \`__gnu_debug::set' has not been declared
/home/foo/src/gcc-head/libstdc++-v3/testsuite/23_containers/set/invalidation/1.cc: In function \`void test01()':
/home/foo/src/gcc-head/libstdc++-v3/testsuite/23_containers/set/invalidation/1.cc:33: error: \`set' undeclared (first use this function)
/home/foo/src/gcc-head/libstdc++-v3/testsuite/23_containers/set/invalidation/1.cc:33: error: (Each undeclared identifier is reported only once for each function it appears in.)
/home/foo/src/gcc-head/libstdc++-v3/testsuite/23_containers/set/invalidation/1.cc:33: error: expected primary-expression
/home/foo/src/gcc-head/libstdc++-v3/testsuite/23_containers/set/invalidation/1.cc:33: error: expected \`;'
/home/foo/src/gcc-head/libstdc++-v3/testsuite/23_containers/set/invalidation/1.cc:34: error: expected primary-expression
/home/foo/src/gcc-head/libstdc++-v3/testsuite/23_containers/set/invalidation/1.cc:34: error: expected \`;'
/home/foo/src/gcc-head/libstdc++-v3/testsuite/23_containers/set/invalidation/1.cc:36: error: \`v1' undeclared (first use this function)
/home/foo/src/gcc-head/libstdc++-v3/testsuite/23_containers/set/invalidation/1.cc:38: error: expected primary-expression
/home/foo/src/gcc-head/libstdc++-v3/testsuite/23_containers/set/invalidation/1.cc:38: error: expected \`;'
/home/foo/src/gcc-head/libstdc++-v3/testsuite/23_containers/set/invalidation/1.cc:39: error: expected primary-expression
/home/foo/src/gcc-head/libstdc++-v3/testsuite/23_containers/set/invalidation/1.cc:39: error: expected \`;'
/home/foo/src/gcc-head/libstdc++-v3/testsuite/23_containers/set/invalidation/1.cc:40: error: \`start' undeclared (first use this function)
/home/foo/src/gcc-head/libstdc++-v3/testsuite/23_containers/set/invalidation/1.cc:41: error: \`finish' undeclared (first use this function)
/home/foo/src/gcc-head/libstdc++-v3/testsuite/23_containers/set/invalidation/1.cc:43: error: \`v2' undeclared (first use this function)
FAIL: 23_containers/set/invalidation/2.cc (test for excess errors)
output is:
/home/foo/src/gcc-head/libstdc++-v3/testsuite/23_containers/set/invalidation/2.cc:25: error: use of \`set' is ambiguous
/abuild/gcc_cvs_build/obj/obj-gcc34/powerpc-unknown-linux-gnu/libstdc++-v3/include/bits/stl_set.h:71: error: first declared as \`template<class _Key, class _Compare, class _Alloc> class __gnu_norm::set' here
/abuild/gcc_cvs_build/obj/obj-gcc34/powerpc-unknown-linux-gnu/libstdc++-v3/include/debug/set.h:43: error: also declared as \`template<class _Key, class _Compare, class _Allocator> class __gnu_debug_def::set' here
/home/foo/src/gcc-head/libstdc++-v3/testsuite/23_containers/set/invalidation/2.cc:25: error: \`__gnu_debug::set' has not been declared
/home/foo/src/gcc-head/libstdc++-v3/testsuite/23_containers/set/invalidation/2.cc: In function \`void test02()':
/home/foo/src/gcc-head/libstdc++-v3/testsuite/23_containers/set/invalidation/2.cc:33: error: \`set' undeclared (first use this function)
/home/foo/src/gcc-head/libstdc++-v3/testsuite/23_containers/set/invalidation/2.cc:33: error: (Each undeclared identifier is reported only once for each function it appears in.)
/home/foo/src/gcc-head/libstdc++-v3/testsuite/23_containers/set/invalidation/2.cc:33: error: expected primary-expression
/home/foo/src/gcc-head/libstdc++-v3/testsuite/23_containers/set/invalidation/2.cc:33: error: expected \`;'
/home/foo/src/gcc-head/libstdc++-v3/testsuite/23_containers/set/invalidation/2.cc:35: error: \`v' undeclared (first use this function)
/home/foo/src/gcc-head/libstdc++-v3/testsuite/23_containers/set/invalidation/2.cc:38: error: expected primary-expression
/home/foo/src/gcc-head/libstdc++-v3/testsuite/23_containers/set/invalidation/2.cc:38: error: expected \`;'
/home/foo/src/gcc-head/libstdc++-v3/testsuite/23_containers/set/invalidation/2.cc:39: error: expected primary-expression
/home/foo/src/gcc-head/libstdc++-v3/testsuite/23_containers/set/invalidation/2.cc:39: error: expected \`;'
/home/foo/src/gcc-head/libstdc++-v3/testsuite/23_containers/set/invalidation/2.cc:40: error: \`at' undeclared (first use this function)
/home/foo/src/gcc-head/libstdc++-v3/testsuite/23_containers/set/invalidation/2.cc:41: error: expected primary-expression
/home/foo/src/gcc-head/libstdc++-v3/testsuite/23_containers/set/invalidation/2.cc:41: error: expected \`;'
/home/foo/src/gcc-head/libstdc++-v3/testsuite/23_containers/set/invalidation/2.cc:42: error: \`after' undeclared (first use this function)
/home/foo/src/gcc-head/libstdc++-v3/testsuite/23_containers/set/invalidation/2.cc:44: error: \`before' undeclared (first use this function)
/home/foo/src/gcc-head/libstdc++-v3/testsuite/23_containers/set/invalidation/2.cc:60: error: expected primary-expression
/home/foo/src/gcc-head/libstdc++-v3/testsuite/23_containers/set/invalidation/2.cc:60: error: expected \`;'
/home/foo/src/gcc-head/libstdc++-v3/testsuite/23_containers/set/invalidation/2.cc:64: error: \`finish' undeclared (first use this function)
FAIL: 23_containers/vector/invalidation/1.cc (test for excess errors)
output is:
/home/foo/src/gcc-head/libstdc++-v3/testsuite/23_containers/vector/invalidation/1.cc:31: error: use of \`vector' is ambiguous
/abuild/gcc_cvs_build/obj/obj-gcc34/powerpc-unknown-linux-gnu/libstdc++-v3/include/bits/stl_vector.h:186: error: first declared as \`template<class _Tp, class _Alloc> class __gnu_norm::vector' here
/abuild/gcc_cvs_build/obj/obj-gcc34/powerpc-unknown-linux-gnu/libstdc++-v3/include/debug/vector:43: error: also declared as \`template<class _Tp, class _Allocator> class __gnu_debug_def::vector' here
/home/foo/src/gcc-head/libstdc++-v3/testsuite/23_containers/vector/invalidation/1.cc:31: error: \`__gnu_debug::vector' has not been declared
/home/foo/src/gcc-head/libstdc++-v3/testsuite/23_containers/vector/invalidation/1.cc: In function \`void test01()':
/home/foo/src/gcc-head/libstdc++-v3/testsuite/23_containers/vector/invalidation/1.cc:38: error: \`vector' undeclared (first use this function)
/home/foo/src/gcc-head/libstdc++-v3/testsuite/23_containers/vector/invalidation/1.cc:38: error: (Each undeclared identifier is reported only once for each function it appears in.)
/home/foo/src/gcc-head/libstdc++-v3/testsuite/23_containers/vector/invalidation/1.cc:38: error: expected primary-expression
/home/foo/src/gcc-head/libstdc++-v3/testsuite/23_containers/vector/invalidation/1.cc:38: error: expected \`;'
/home/foo/src/gcc-head/libstdc++-v3/testsuite/23_containers/vector/invalidation/1.cc:39: error: expected primary-expression
/home/foo/src/gcc-head/libstdc++-v3/testsuite/23_containers/vector/invalidation/1.cc:39: error: expected \`;'
/home/foo/src/gcc-head/libstdc++-v3/testsuite/23_containers/vector/invalidation/1.cc:41: error: expected primary-expression
/home/foo/src/gcc-head/libstdc++-v3/testsuite/23_containers/vector/invalidation/1.cc:41: error: expected \`;'
/home/foo/src/gcc-head/libstdc++-v3/testsuite/23_containers/vector/invalidation/1.cc:42: error: \`i' undeclared (first use this function)
/home/foo/src/gcc-head/libstdc++-v3/testsuite/23_containers/vector/invalidation/1.cc:44: error: \`v1' undeclared (first use this function)
/home/foo/src/gcc-head/libstdc++-v3/testsuite/23_containers/vector/invalidation/1.cc:44: error: \`v2' undeclared (first use this function)
FAIL: 23_containers/vector/invalidation/2.cc (test for excess errors)
output is:
/home/foo/src/gcc-head/libstdc++-v3/testsuite/23_containers/vector/invalidation/2.cc:31: error: use of \`vector' is ambiguous
/abuild/gcc_cvs_build/obj/obj-gcc34/powerpc-unknown-linux-gnu/libstdc++-v3/include/bits/stl_vector.h:186: error: first declared as \`template<class _Tp, class _Alloc> class __gnu_norm::vector' here
/abuild/gcc_cvs_build/obj/obj-gcc34/powerpc-unknown-linux-gnu/libstdc++-v3/include/debug/vector:43: error: also declared as \`template<class _Tp, class _Allocator> class __gnu_debug_def::vector' here
/home/foo/src/gcc-head/libstdc++-v3/testsuite/23_containers/vector/invalidation/2.cc:31: error: \`__gnu_debug::vector' has not been declared
/home/foo/src/gcc-head/libstdc++-v3/testsuite/23_containers/vector/invalidation/2.cc: In function \`void test02()':
/home/foo/src/gcc-head/libstdc++-v3/testsuite/23_containers/vector/invalidation/2.cc:38: error: \`vector' undeclared (first use this function)
/home/foo/src/gcc-head/libstdc++-v3/testsuite/23_containers/vector/invalidation/2.cc:38: error: (Each undeclared identifier is reported only once for each function it appears in.)
/home/foo/src/gcc-head/libstdc++-v3/testsuite/23_containers/vector/invalidation/2.cc:38: error: expected primary-expression
/home/foo/src/gcc-head/libstdc++-v3/testsuite/23_containers/vector/invalidation/2.cc:38: error: expected \`;'
/home/foo/src/gcc-head/libstdc++-v3/testsuite/23_containers/vector/invalidation/2.cc:39: error: \`v' undeclared (first use this function)
/home/foo/src/gcc-head/libstdc++-v3/testsuite/23_containers/vector/invalidation/2.cc:41: error: expected primary-expression
/home/foo/src/gcc-head/libstdc++-v3/testsuite/23_containers/vector/invalidation/2.cc:41: error: expected \`;'
/home/foo/src/gcc-head/libstdc++-v3/testsuite/23_containers/vector/invalidation/2.cc:42: error: expected primary-expression
/home/foo/src/gcc-head/libstdc++-v3/testsuite/23_containers/vector/invalidation/2.cc:42: error: expected \`;'
/home/foo/src/gcc-head/libstdc++-v3/testsuite/23_containers/vector/invalidation/2.cc:43: error: expected primary-expression
/home/foo/src/gcc-head/libstdc++-v3/testsuite/23_containers/vector/invalidation/2.cc:43: error: expected \`;'
/home/foo/src/gcc-head/libstdc++-v3/testsuite/23_containers/vector/invalidation/2.cc:47: error: \`before' undeclared (first use this function)
/home/foo/src/gcc-head/libstdc++-v3/testsuite/23_containers/vector/invalidation/2.cc:48: error: \`at' undeclared (first use this function)
/home/foo/src/gcc-head/libstdc++-v3/testsuite/23_containers/vector/invalidation/2.cc:49: error: \`after' undeclared (first use this function)
FAIL: 23_containers/vector/invalidation/3.cc (test for excess errors)
output is:
/home/foo/src/gcc-head/libstdc++-v3/testsuite/23_containers/vector/invalidation/3.cc:31: error: use of \`vector' is ambiguous
/abuild/gcc_cvs_build/obj/obj-gcc34/powerpc-unknown-linux-gnu/libstdc++-v3/include/bits/stl_vector.h:186: error: first declared as \`template<class _Tp, class _Alloc> class __gnu_norm::vector' here
/abuild/gcc_cvs_build/obj/obj-gcc34/powerpc-unknown-linux-gnu/libstdc++-v3/include/debug/vector:43: error: also declared as \`template<class _Tp, class _Allocator> class __gnu_debug_def::vector' here
/home/foo/src/gcc-head/libstdc++-v3/testsuite/23_containers/vector/invalidation/3.cc:31: error: \`__gnu_debug::vector' has not been declared
/home/foo/src/gcc-head/libstdc++-v3/testsuite/23_containers/vector/invalidation/3.cc: In function \`void test03()':
/home/foo/src/gcc-head/libstdc++-v3/testsuite/23_containers/vector/invalidation/3.cc:38: error: \`vector' undeclared (first use this function)
/home/foo/src/gcc-head/libstdc++-v3/testsuite/23_containers/vector/invalidation/3.cc:38: error: (Each undeclared identifier is reported only once for each function it appears in.)
/home/foo/src/gcc-head/libstdc++-v3/testsuite/23_containers/vector/invalidation/3.cc:38: error: expected primary-expression
/home/foo/src/gcc-head/libstdc++-v3/testsuite/23_containers/vector/invalidation/3.cc:38: error: expected \`;'
/home/foo/src/gcc-head/libstdc++-v3/testsuite/23_containers/vector/invalidation/3.cc:39: error: \`v' undeclared (first use this function)
/home/foo/src/gcc-head/libstdc++-v3/testsuite/23_containers/vector/invalidation/3.cc:42: error: expected primary-expression
/home/foo/src/gcc-head/libstdc++-v3/testsuite/23_containers/vector/invalidation/3.cc:42: error: expected \`;'
/home/foo/src/gcc-head/libstdc++-v3/testsuite/23_containers/vector/invalidation/3.cc:43: error: expected primary-expression
/home/foo/src/gcc-head/libstdc++-v3/testsuite/23_containers/vector/invalidation/3.cc:43: error: expected \`;'
/home/foo/src/gcc-head/libstdc++-v3/testsuite/23_containers/vector/invalidation/3.cc:44: error: expected primary-expression
/home/foo/src/gcc-head/libstdc++-v3/testsuite/23_containers/vector/invalidation/3.cc:44: error: expected \`;'
/home/foo/src/gcc-head/libstdc++-v3/testsuite/23_containers/vector/invalidation/3.cc:45: error: \`at' undeclared (first use this function)
/home/foo/src/gcc-head/libstdc++-v3/testsuite/23_containers/vector/invalidation/3.cc:46: error: \`before' undeclared (first use this function)
/home/foo/src/gcc-head/libstdc++-v3/testsuite/23_containers/vector/invalidation/3.cc:48: error: \`after' undeclared (first use this function)
/home/foo/src/gcc-head/libstdc++-v3/testsuite/23_containers/vector/invalidation/3.cc:73: error: expected primary-expression
/home/foo/src/gcc-head/libstdc++-v3/testsuite/23_containers/vector/invalidation/3.cc:73: error: expected \`;'
/home/foo/src/gcc-head/libstdc++-v3/testsuite/23_containers/vector/invalidation/3.cc:74: error: \`v2' undeclared (first use this function)
FAIL: 23_containers/vector/invalidation/4.cc (test for excess errors)
output is:
/home/foo/src/gcc-head/libstdc++-v3/testsuite/23_containers/vector/invalidation/4.cc:31: error: use of \`vector' is ambiguous
/abuild/gcc_cvs_build/obj/obj-gcc34/powerpc-unknown-linux-gnu/libstdc++-v3/include/bits/stl_vector.h:186: error: first declared as \`template<class _Tp, class _Alloc> class __gnu_norm::vector' here
/abuild/gcc_cvs_build/obj/obj-gcc34/powerpc-unknown-linux-gnu/libstdc++-v3/include/debug/vector:43: error: also declared as \`template<class _Tp, class _Allocator> class __gnu_debug_def::vector' here
/home/foo/src/gcc-head/libstdc++-v3/testsuite/23_containers/vector/invalidation/4.cc:31: error: \`__gnu_debug::vector' has not been declared
/home/foo/src/gcc-head/libstdc++-v3/testsuite/23_containers/vector/invalidation/4.cc: In function \`void test04()':
/home/foo/src/gcc-head/libstdc++-v3/testsuite/23_containers/vector/invalidation/4.cc:38: error: \`vector' undeclared (first use this function)
/home/foo/src/gcc-head/libstdc++-v3/testsuite/23_containers/vector/invalidation/4.cc:38: error: (Each undeclared identifier is reported only once for each function it appears in.)
/home/foo/src/gcc-head/libstdc++-v3/testsuite/23_containers/vector/invalidation/4.cc:38: error: expected primary-expression
/home/foo/src/gcc-head/libstdc++-v3/testsuite/23_containers/vector/invalidation/4.cc:38: error: expected \`;'
/home/foo/src/gcc-head/libstdc++-v3/testsuite/23_containers/vector/invalidation/4.cc:41: error: expected primary-expression
/home/foo/src/gcc-head/libstdc++-v3/testsuite/23_containers/vector/invalidation/4.cc:41: error: expected \`;'
/home/foo/src/gcc-head/libstdc++-v3/testsuite/23_containers/vector/invalidation/4.cc:42: error: expected primary-expression
/home/foo/src/gcc-head/libstdc++-v3/testsuite/23_containers/vector/invalidation/4.cc:42: error: expected \`;'
/home/foo/src/gcc-head/libstdc++-v3/testsuite/23_containers/vector/invalidation/4.cc:43: error: expected primary-expression
/home/foo/src/gcc-head/libstdc++-v3/testsuite/23_containers/vector/invalidation/4.cc:43: error: expected \`;'
/home/foo/src/gcc-head/libstdc++-v3/testsuite/23_containers/vector/invalidation/4.cc:44: error: \`at' undeclared (first use this function)
/home/foo/src/gcc-head/libstdc++-v3/testsuite/23_containers/vector/invalidation/4.cc:44: error: \`v' undeclared (first use this function)
/home/foo/src/gcc-head/libstdc++-v3/testsuite/23_containers/vector/invalidation/4.cc:45: error: \`before' undeclared (first use this function)
/home/foo/src/gcc-head/libstdc++-v3/testsuite/23_containers/vector/invalidation/4.cc:47: error: \`after' undeclared (first use this function)
FAIL: linking simple
output is:
simple.java: In class \`simple':
simple.java: In method \`simple.main(java.lang.String[])':
simple.java:5: internal compiler error: Segmentation fault
Please submit a full bug report,
with preprocessed source if appropriate.
See <URL:http://gcc.gnu.org/bugs.html> for instructions.
More information about the Gcc-testresults
mailing list