Results for 3.2.3 20030502 (Red Hat Linux 3.2.3-14) testsuite on i686-pc-linux-gnu
H.J. Lu
hjl@gnu-7.sc.intel.com
Tue Nov 11 00:27:00 GMT 2003
LAST_UPDATED: Mon Nov 10 20:06:02 UTC 2003
Native configuration is i686-pc-linux-gnu
=== g++ tests ===
Running target unix
=== g++ Summary ===
# of expected passes 7482
# of expected failures 89
# of untested testcases 9
# of unsupported tests 3
/export/build/gnu/gcc-3.2-redhat/build-i686-linux/gcc/testsuite/../g++ version 3.2.3 20030502 (Red Hat Linux 3.2.3-14)
=== g77 tests ===
Running target unix
=== g77 Summary ===
# of expected passes 1474
/export/build/gnu/gcc-3.2-redhat/build-i686-linux/gcc/testsuite/../g77 version 3.2.3 20030502 (Red Hat Linux 3.2.3-14)
=== gcc tests ===
Running target unix
XPASS: gcc.c-torture/execute/loop-3c.c execution, -Os
FAIL: gcc.dg/20020531-1.c (test for excess errors)
=== gcc Summary ===
# of expected passes 19286
# of unexpected failures 1
# of unexpected successes 1
# of expected failures 68
# of unsupported tests 57
/export/build/gnu/gcc-3.2-redhat/build-i686-linux/gcc/xgcc version 3.2.3 20030502 (Red Hat Linux 3.2.3-14)
=== objc tests ===
Running target unix
=== objc Summary ===
# of expected passes 1047
# of expected failures 6
/export/build/gnu/gcc-3.2-redhat/build-i686-linux/gcc/xgcc version 3.2.3 20030502 (Red Hat Linux 3.2.3-14)
=== libjava tests ===
Running target unix
FAIL: Array_3 -O execution from source compiled test
=== libjava Summary ===
# of expected passes 2085
# of unexpected failures 1
# of expected failures 18
# of untested testcases 15
=== libstdc++-v3 tests ===
Running target unix
XPASS: 22_locale/collate_byname.cc execution test
XPASS: 22_locale/collate_members_char.cc execution test
XPASS: 22_locale/collate_members_wchar_t.cc execution test
XPASS: 22_locale/ctype_is_char.cc execution test
XPASS: 22_locale/ctype_is_wchar_t.cc execution test
XPASS: 22_locale/members.cc execution test
XPASS: 22_locale/messages_byname.cc execution test
XPASS: 22_locale/messages_members_char.cc execution test
XPASS: 22_locale/money_get_members_char.cc execution test
XPASS: 22_locale/money_get_members_wchar_t.cc execution test
XPASS: 22_locale/money_put_members_char.cc execution test
XPASS: 22_locale/money_put_members_wchar_t.cc execution test
XPASS: 22_locale/moneypunct_byname.cc execution test
XPASS: 22_locale/moneypunct_members_char.cc execution test
XPASS: 22_locale/moneypunct_members_wchar_t.cc execution test
XPASS: 22_locale/num_get_members_char.cc execution test
XPASS: 22_locale/num_get_members_wchar_t.cc execution test
XPASS: 22_locale/num_put_members_char.cc execution test
XPASS: 22_locale/num_put_members_wchar_t.cc execution test
XPASS: 22_locale/numpunct_byname.cc execution test
XPASS: 22_locale/numpunct_members_char.cc execution test
XPASS: 22_locale/numpunct_members_wchar_t.cc execution test
XPASS: 22_locale/time_get_members_char.cc execution test
XPASS: 22_locale/time_get_members_wchar_t.cc execution test
FAIL: 26_numerics/c99_classification_macros_c.cc (test for excess errors)
=== libstdc++-v3 Summary ===
# of expected passes 410
# of unexpected failures 1
# of unexpected successes 24
# of expected failures 2
Compiler version: 3.2.3 20030502 (Red Hat Linux 3.2.3-14)
Platform: i686-pc-linux-gnu
configure flags: --host=i686-pc-linux-gnu --enable-clocale=gnu --with-system-zlib --enable-shared --enable-threads=posix --enable-haifa --disable-checking --prefix=/usr/gcc-3.2-redhat --with-local-prefix=/usr/local
More information about the Gcc-testresults
mailing list