Results for 3.3.1 20030519 (prerelease) testsuite on alpha-dec-osf4.0f
rbrown64@csc.com.au
rbrown64@csc.com.au
Thu May 29 08:39:00 GMT 2003
LAST_UPDATED:
Native configuration is alpha-dec-osf4.0f
=== libjava tests ===
Running target unix
FAIL: PR295 compilation from source
FAIL: PR295 compilation from bytecode
FAIL: PR295 -O compilation from source
FAIL: PR295 -O compilation from bytecode
FAIL: Statics compilation from source
FAIL: Statics compilation from bytecode
FAIL: Statics -O compilation from source
FAIL: Statics -O compilation from bytecode
FAIL: cxxtest.c compilation
FAIL: ArrayStore execution - gij test
FAIL: ArrayStore execution - gij test
FAIL: Array_3 execution - gij test
FAIL: Array_3 execution - gij test
FAIL: Class_1 compilation from source
FAIL: Class_1 compilation from bytecode
FAIL: Class_1 -O compilation from source
FAIL: Class_1 -O compilation from bytecode
FAIL: PR218 execution - gij test
FAIL: PR218 execution - gij test
FAIL: StringBuffer_1 execution - gij test
FAIL: StringBuffer_1 execution - gij test
FAIL: Throw_2 execution - source compiled test
FAIL: Throw_2 execution - gij test
FAIL: Throw_2 execution - bytecode->native test
FAIL: Throw_2 -O execution - source compiled test
FAIL: Throw_2 execution - gij test
FAIL: Throw_2 -O execution - bytecode->native test
FAIL: instinit2 execution - gij test
FAIL: instinit2 execution - gij test
FAIL: invokethrow execution - source compiled test
FAIL: invokethrow execution - gij test
FAIL: invokethrow execution - bytecode->native test
FAIL: invokethrow -O execution - source compiled test
FAIL: invokethrow execution - gij test
FAIL: invokethrow -O execution - bytecode->native test
FAIL: pr179 compilation from source
FAIL: pr179 compilation from bytecode
FAIL: pr179 -O compilation from source
FAIL: pr179 -O compilation from bytecode
FAIL: resource compilation dummy.class
=== libjava Summary ===
# of expected passes 2707
# of unexpected failures 40
# of expected failures 16
# of untested testcases 170
=== libstdc++-v3 tests ===
Running target unix
WARNING: program timed out.
FAIL: 22_locale/ctype_scan_char.cc (test for excess errors)
WARNING: 22_locale/ctype_scan_char.cc compilation failed to produce executable
FAIL: 27_io/istream_extractor_arith/12.cc execution test
=== libstdc++-v3 Summary ===
# of expected passes 415
# of unexpected failures 2
# of expected failures 17
# of unsupported tests 6
=== g++ tests ===
Running target unix
FAIL: g++.dg/parse/stack1.C (test for excess errors)
FAIL: g++.other/decl5.C caused compiler crash
=== g++ Summary ===
# of expected passes 7917
# of unexpected failures 2
# of expected failures 93
# of untested testcases 22
# of unsupported tests 17
/user/rand/rdb/src/gcc-20030519.chk/gcc/testsuite/../g++ version 3.3.1 20030519 (prerelease)
=== g77 tests ===
Running target unix
=== g77 Summary ===
# of expected passes 1686
# of unsupported tests 8
/user/rand/rdb/src/gcc-20030519.chk/gcc/testsuite/../g77 version 3.3.1 20030519 (prerelease)
=== gcc tests ===
Running target unix
WARNING: program timed out.
FAIL: gcc.c-torture/compile/20001226-1.c, -O1
WARNING: program timed out.
FAIL: gcc.c-torture/compile/20001226-1.c, -O2
FAIL: gcc.c-torture/compile/20001226-1.c, -O3 -fomit-frame-pointer
WARNING: program timed out.
FAIL: gcc.c-torture/compile/20001226-1.c, -O3 -g
FAIL: gcc.c-torture/compile/20001226-1.c, -Os
FAIL: gcc.c-torture/compile/labels-3.c, -O0
FAIL: gcc.c-torture/compile/labels-3.c, -O1
FAIL: gcc.c-torture/compile/labels-3.c, -O2
FAIL: gcc.c-torture/compile/labels-3.c, -O3 -fomit-frame-pointer
FAIL: gcc.c-torture/compile/labels-3.c, -O3 -g
FAIL: gcc.c-torture/compile/labels-3.c, -Os
FAIL: gcc.c-torture/execute/20020227-1.c compilation, -O0
UNRESOLVED: gcc.c-torture/execute/20020227-1.c execution, -O0
FAIL: gcc.c-torture/execute/20020227-1.c compilation, -O1
UNRESOLVED: gcc.c-torture/execute/20020227-1.c execution, -O1
FAIL: gcc.c-torture/execute/20020227-1.c compilation, -O2
UNRESOLVED: gcc.c-torture/execute/20020227-1.c execution, -O2
FAIL: gcc.c-torture/execute/20020227-1.c compilation, -O3 -fomit-frame-pointer
UNRESOLVED: gcc.c-torture/execute/20020227-1.c execution, -O3 -fomit-frame-pointer
FAIL: gcc.c-torture/execute/20020227-1.c compilation, -O3 -g
UNRESOLVED: gcc.c-torture/execute/20020227-1.c execution, -O3 -g
FAIL: gcc.c-torture/execute/20020227-1.c compilation, -Os
UNRESOLVED: gcc.c-torture/execute/20020227-1.c execution, -Os
FAIL: gcc.c-torture/execute/simd-2.c compilation, -O3 -fomit-frame-pointer
UNRESOLVED: gcc.c-torture/execute/simd-2.c execution, -O3 -fomit-frame-pointer
FAIL: gcc.c-torture/execute/simd-2.c compilation, -O3 -g
UNRESOLVED: gcc.c-torture/execute/simd-2.c execution, -O3 -g
FAIL: gcc.dg/20020607-2.c (test for excess errors)
WARNING: gcc.dg/20020607-2.c compilation failed to produce executable
WARNING: program timed out.
FAIL: gcc.dg/c99-intconst-1.c (test for excess errors)
FAIL: gcc.dg/duff-2.c (test for excess errors)
FAIL: gcc.dg/fastmath-1.c (test for excess errors)
WARNING: gcc.dg/fastmath-1.c compilation failed to produce executable
FAIL: gcc.dg/fnegate-1.c (test for excess errors)
WARNING: gcc.dg/fnegate-1.c compilation failed to produce executable
FAIL: gcc.dg/inline-2.c scan-assembler bsr
=== gcc Summary ===
# of expected passes 20734
# of unexpected failures 25
# of expected failures 72
# of unresolved testcases 8
# of unsupported tests 166
/user/rand/rdb/src/gcc-20030519.chk/gcc/xgcc version 3.3.1 20030519 (prerelease)
=== objc tests ===
Running target unix
=== objc Summary ===
# of expected passes 1153
/user/rand/rdb/src/gcc-20030519.chk/gcc/xgcc version 3.3.1 20030519 (prerelease)
Compiler version: 3.3.1 20030519 (prerelease)
Platform: alpha-dec-osf4.0f
configure flags: --host=alpha-dec-osf4.0f --enable-checking
Counting all warnings,
there are 43 warnings in stage3 of this bootstrap.
Number of warnings per file:
10 include/sys/types.h
10 gcc/cpphash.h
6 gcc/mips-tfile.c
2 gcc/gcc.c
2 gcc/f/sta.c
2 /usr/local/share/bison.simple
1 insn-conditions.c
1 gcc/unwind.inc
1 gcc/sdbout.c
1 gcc/regrename.c
1 gcc/ra-colorize.c
1 gcc/ra-build.c
1 gcc/objc/lang-specs.h
1 gcc/java/jvspec.c
1 gcc/java/jcf-io.c
1 gcc/config/alpha/crtfastmath.c
1 gcc/collect2.c
Number of warning types:
10 redefinition of \`???'
10 \`???' previously declared here
5 string length \`???' is greater than the length \`???' ISO C89 compilers are required to support
5 comparison between signed and unsigned
2 dereferencing type-punned pointer will break strict-aliasing rules
1 unused parameter \`???'
1 signed and unsigned type in conditional expression
1 passing arg ??? of \`???' discards qualifiers from pointer target type
1 no previous prototype for \`???'
1 missing initializer
1 function declaration isn't a prototype
1 assignment discards qualifiers from pointer target type
1 \`return' with a value, in function returning void
1 \`long' switch expression not converted to \`int' in ISO C
1 \`???' might be used uninitialized in this function
1 (near initialization for \`???')
More information about the Gcc-testresults
mailing list