Results for 3.4 20030528 (experimental) testsuite on i686-pc-linux-gnu
Brad Lucier
lucier@math.purdue.edu
Wed May 28 04:19:00 GMT 2003
LAST_UPDATED: Wed May 28 02:27:20 UTC 2003
Native configuration is i686-pc-linux-gnu
=== g77 tests ===
Running target unix
FAIL: g77.f-torture/execute/980520-1.f compilation, -O0
=== g77 Summary ===
# of expected passes 1752
# of unexpected failures 1
# of expected failures 6
# of untested testcases 1
/export/p12/lucier/programs/gcc/objdir-386/gcc/testsuite/../g77 version 3.4 20030528 (experimental)
=== gcc tests ===
Running target unix
WARNING: program timed out.
FAIL: gcc.c-torture/compile/20001226-1.c, -O1
WARNING: program timed out.
FAIL: gcc.c-torture/compile/20001226-1.c, -O3 -g
FAIL: gcc.dg/duff-2.c (test for excess errors)
FAIL: gcc.dg/uninit-C.c (test for excess errors)
=== gcc Summary ===
# of expected passes 22959
# of unexpected failures 4
# of expected failures 74
# of unsupported tests 101
/export/p12/lucier/programs/gcc/objdir-386/gcc/xgcc version 3.4 20030528 (experimental)
=== g++ tests ===
Running target unix
FAIL: g++.dg/eh/simd-2.C (test for excess errors)
WARNING: g++.dg/eh/simd-2.C compilation failed to produce executable
FAIL: g++.dg/ext/pretty1.C scan-assembler top level
FAIL: g++.dg/ext/pretty2.C (test for excess errors)
WARNING: g++.dg/ext/pretty2.C compilation failed to produce executable
WARNING: g++.old-deja/g++.mike/p10769a.C compilation failed to produce executable
WARNING: g++.old-deja/g++.other/enum5.C compilation failed to produce executable
WARNING: g++.old-deja/g++.pt/friend44.C compilation failed to produce executable
=== g++ Summary ===
# of expected passes 8576
# of unexpected failures 3
# of expected failures 69
# of unsupported tests 15
/export/p12/lucier/programs/gcc/objdir-386/gcc/testsuite/../g++ version 3.4 20030528 (experimental)
=== objc tests ===
Running target unix
=== objc Summary ===
# of expected passes 1156
/export/p12/lucier/programs/gcc/objdir-386/gcc/xgcc version 3.4 20030528 (experimental)
=== libjava tests ===
Running target unix
FAIL: Thread_Interrupt -O output - bytecode->native test
=== libjava Summary ===
# of expected passes 3018
# of unexpected failures 1
# of expected failures 16
# of untested testcases 12
=== libstdc++-v3 tests ===
Running target unix
XPASS: 26_numerics/c99_classification_macros_c.cc (test for excess errors)
=== libstdc++-v3 Summary ===
# of expected passes 1862
# of unexpected successes 1
Compiler version: 3.4 20030528 (experimental)
Platform: i686-pc-linux-gnu
configure flags: --disable-checking --prefix=/export/p12/lucier/local/gcc-3.4
Counting all warnings,
there are 27 warnings in stage3 of this bootstrap.
Number of warnings per file:
6 gcc/gthr-gnat.c
4 insn-conditions.c
3 gcc/gcc.c
2 /usr/share/bison/bison.simple
2 gcc/objc/lang-specs.h
2 gcc/gthr-gnat.h
2 gcc/f/sta.c
2 gcc/crtstuff.c
1 gcc/java/jvspec.c
1 gcc/config/i386/i386.md
1 gcc/ada/tracebak.c
1 ada/b_gnatb.c
Number of warning types:
10 string length \`???' is greater than the length \`???' ISO C89 compilers are required to support
6 function declaration isn't a prototype
2 passing arg ??? of \`???' discards qualifiers from pointer target type
2 no previous prototype for \`???'
2 label \`???' defined but not used
2 dereferencing type-punned pointer will break strict-aliasing rules
1 unused variable \`???'
1 operand 1 missing mode?
1 comparison of unsigned expression < 0 is always false
More information about the Gcc-testresults
mailing list