Results for 3.4 20030520 (experimental) testsuite on i686-pc-linux-gnu
Andris Pavenis
pavenis@latnet.lv
Tue May 20 09:48:00 GMT 2003
Last updated from CVS: 2003 May 20 07:57 +0300
System: Linux kernel 2.4.20-rthal5
glibc-2.3.1
binutils-2.13.90.0.18 20030121
LAST_UPDATED: Tue May 20 04:57:21 UTC 2003
Native configuration is i686-pc-linux-gnu
=== g++ tests ===
Running target unix
FAIL: g++.dg/eh/simd-2.C (test for excess errors)
WARNING: g++.dg/eh/simd-2.C compilation failed to produce executable
FAIL: g++.dg/ext/pretty1.C scan-assembler top level
FAIL: g++.dg/ext/pretty2.C (test for excess errors)
WARNING: g++.dg/ext/pretty2.C compilation failed to produce executable
WARNING: g++.old-deja/g++.mike/p10769a.C compilation failed to produce executable
FAIL: g++.old-deja/g++.oliva/template1.C (test for excess errors)
WARNING: g++.old-deja/g++.other/enum5.C compilation failed to produce executable
WARNING: g++.old-deja/g++.pt/friend44.C compilation failed to produce executable
FAIL: g++.old-deja/g++.robertl/eb42.C (test for excess errors)
=== g++ Summary ===
# of expected passes 8590
# of unexpected failures 5
# of expected failures 69
# of unsupported tests 13
/disk2/cvs/gcc/3.4/build/build.lnx/gcc/testsuite/../g++ version 3.4 20030520 (experimental)
=== g77 tests ===
Running target unix
FAIL: g77.f-torture/execute/980520-1.f compilation, -O0
=== g77 Summary ===
# of expected passes 1734
# of unexpected failures 1
# of untested testcases 1
/disk2/cvs/gcc/3.4/build/build.lnx/gcc/testsuite/../g77 version 3.4 20030520 (experimental)
=== gcc tests ===
Running target unix
FAIL: gcc.dg/duff-2.c (test for excess errors)
FAIL: gcc.dg/uninit-C.c (test for excess errors)
FAIL: gcc.dg/tls/opt-6.c (test for excess errors)
=== gcc Summary ===
# of expected passes 22352
# of unexpected failures 3
# of expected failures 75
# of unsupported tests 101
/disk2/cvs/gcc/3.4/build/build.lnx/gcc/xgcc version 3.4 20030520 (experimental)
=== objc tests ===
Running target unix
=== objc Summary ===
# of expected passes 1156
/disk2/cvs/gcc/3.4/build/build.lnx/gcc/xgcc version 3.4 20030520 (experimental)
=== libstdc++-v3 tests ===
Running target unix
XPASS: 26_numerics/c99_classification_macros_c.cc (test for excess errors)
=== libstdc++-v3 Summary ===
# of expected passes 1852
# of unexpected successes 1
Compiler version: 3.4 20030520 (experimental)
Platform: i686-pc-linux-gnu
configure flags: --prefix=/disk2/gcc34 --enable-shared --verbose --enable-languages=c,c++,f77,objc,ada --enable-threads=posix
Counting all warnings,
there are 25 warnings in stage3 of this bootstrap.
Number of warnings per file:
6 gcc/gthr-gnat.c
4 insn-conditions.c
2 gcc/objc/lang-specs.h
2 gcc/gthr-gnat.h
2 gcc/gcc.c
2 gcc/f/sta.c
2 gcc/crtstuff.c
2 /usr/share/bison/bison.simple
1 gcc/config/i386/i386.md
1 gcc/ada/tracebak.c
1 ada/b_gnatb.c
Number of warning types:
8 string length `???' is greater than the length `???' ISO C89 compilers are required to support
6 function declaration isn't a prototype
2 passing arg ??? of `???' discards qualifiers from pointer target type
2 no previous prototype for `???'
2 label `???' defined but not used
2 dereferencing type-punned pointer will break strict-aliasing rules
1 unused variable `???'
1 operand 1 missing mode?
1 comparison of unsigned expression < 0 is always false
More information about the Gcc-testresults
mailing list