Results for 3.4 20030513 (experimental) testsuite on i686-pc-linux-gnu
Kaveh R. Ghazi
ghazi@caip.rutgers.edu
Wed May 14 22:50:00 GMT 2003
LAST_UPDATED:
Native configuration is i686-pc-linux-gnu
=== gcc tests ===
Running target unix/-fPIC
FAIL: gcc.c-torture/compile/20000804-1.c, -O0
FAIL: gcc.c-torture/execute/ffs-2.c compilation, -O0
UNRESOLVED: gcc.c-torture/execute/ffs-2.c execution, -O0
FAIL: gcc.c-torture/execute/ffs-2.c compilation, -O1
UNRESOLVED: gcc.c-torture/execute/ffs-2.c execution, -O1
FAIL: gcc.c-torture/execute/ffs-2.c compilation, -O2
UNRESOLVED: gcc.c-torture/execute/ffs-2.c execution, -O2
FAIL: gcc.c-torture/execute/ffs-2.c compilation, -O3 -fomit-frame-pointer
UNRESOLVED: gcc.c-torture/execute/ffs-2.c execution, -O3 -fomit-frame-pointer
FAIL: gcc.c-torture/execute/ffs-2.c compilation, -O3 -fomit-frame-pointer -funroll-loops
UNRESOLVED: gcc.c-torture/execute/ffs-2.c execution, -O3 -fomit-frame-pointer -funroll-loops
FAIL: gcc.c-torture/execute/ffs-2.c compilation, -O3 -fomit-frame-pointer -funroll-all-loops -finline-functions
UNRESOLVED: gcc.c-torture/execute/ffs-2.c execution, -O3 -fomit-frame-pointer -funroll-all-loops -finline-functions
FAIL: gcc.c-torture/execute/ffs-2.c compilation, -O3 -g
UNRESOLVED: gcc.c-torture/execute/ffs-2.c execution, -O3 -g
FAIL: gcc.c-torture/execute/ffs-2.c compilation, -Os
UNRESOLVED: gcc.c-torture/execute/ffs-2.c execution, -Os
FAIL: gcc.dg/20011119-1.c (test for excess errors)
WARNING: gcc.dg/20011119-1.c compilation failed to produce executable
WARNING: program timed out.
FAIL: gcc.dg/20020616-1.c execution test
FAIL: gcc.dg/20020919-1.c (test for errors, line 132)
FAIL: gcc.dg/20020919-1.c (test for errors, line 177)
FAIL: gcc.dg/20020919-1.c (test for errors, line 231)
FAIL: gcc.dg/20020919-1.c (test for errors, line 244)
FAIL: gcc.dg/20020919-1.c (test for excess errors)
FAIL: gcc.dg/asm-names.c (test for excess errors)
FAIL: gcc.dg/clobbers.c (test for excess errors)
WARNING: gcc.dg/clobbers.c compilation failed to produce executable
FAIL: gcc.dg/duff-2.c (test for excess errors)
FAIL: gcc.dg/i386-387-3.c scan-assembler fldpi
FAIL: gcc.dg/i386-local2.c scan-assembler-not sub.*sp
FAIL: gcc.dg/sibcall-6.c execution test
FAIL: gcc.dg/uninit-C.c (test for excess errors)
=== gcc Summary for unix/-fPIC ===
# of expected passes 22789
# of unexpected failures 23
# of expected failures 74
# of unresolved testcases 8
# of unsupported tests 99
Running target unix/-fpic
FAIL: gcc.c-torture/compile/20000804-1.c, -O0
FAIL: gcc.c-torture/execute/ffs-2.c compilation, -O0
UNRESOLVED: gcc.c-torture/execute/ffs-2.c execution, -O0
FAIL: gcc.c-torture/execute/ffs-2.c compilation, -O1
UNRESOLVED: gcc.c-torture/execute/ffs-2.c execution, -O1
FAIL: gcc.c-torture/execute/ffs-2.c compilation, -O2
UNRESOLVED: gcc.c-torture/execute/ffs-2.c execution, -O2
FAIL: gcc.c-torture/execute/ffs-2.c compilation, -O3 -fomit-frame-pointer
UNRESOLVED: gcc.c-torture/execute/ffs-2.c execution, -O3 -fomit-frame-pointer
FAIL: gcc.c-torture/execute/ffs-2.c compilation, -O3 -fomit-frame-pointer -funroll-loops
UNRESOLVED: gcc.c-torture/execute/ffs-2.c execution, -O3 -fomit-frame-pointer -funroll-loops
FAIL: gcc.c-torture/execute/ffs-2.c compilation, -O3 -fomit-frame-pointer -funroll-all-loops -finline-functions
UNRESOLVED: gcc.c-torture/execute/ffs-2.c execution, -O3 -fomit-frame-pointer -funroll-all-loops -finline-functions
FAIL: gcc.c-torture/execute/ffs-2.c compilation, -O3 -g
UNRESOLVED: gcc.c-torture/execute/ffs-2.c execution, -O3 -g
FAIL: gcc.c-torture/execute/ffs-2.c compilation, -Os
UNRESOLVED: gcc.c-torture/execute/ffs-2.c execution, -Os
FAIL: gcc.dg/20011119-1.c (test for excess errors)
WARNING: gcc.dg/20011119-1.c compilation failed to produce executable
WARNING: program timed out.
FAIL: gcc.dg/20020616-1.c execution test
FAIL: gcc.dg/20020919-1.c (test for errors, line 132)
FAIL: gcc.dg/20020919-1.c (test for errors, line 177)
FAIL: gcc.dg/20020919-1.c (test for errors, line 231)
FAIL: gcc.dg/20020919-1.c (test for errors, line 244)
FAIL: gcc.dg/20020919-1.c (test for excess errors)
FAIL: gcc.dg/asm-names.c (test for excess errors)
FAIL: gcc.dg/clobbers.c (test for excess errors)
WARNING: gcc.dg/clobbers.c compilation failed to produce executable
FAIL: gcc.dg/duff-2.c (test for excess errors)
FAIL: gcc.dg/i386-387-3.c scan-assembler fldpi
FAIL: gcc.dg/i386-local2.c scan-assembler-not sub.*sp
FAIL: gcc.dg/sibcall-6.c execution test
FAIL: gcc.dg/uninit-C.c (test for excess errors)
=== gcc Summary for unix/-fpic ===
# of expected passes 22789
# of unexpected failures 23
# of expected failures 74
# of unresolved testcases 8
# of unsupported tests 99
Running target unix
FAIL: gcc.dg/duff-2.c (test for excess errors)
FAIL: gcc.dg/uninit-C.c (test for excess errors)
=== gcc Summary for unix ===
# of expected passes 22820
# of unexpected failures 2
# of expected failures 74
# of unsupported tests 99
=== gcc Summary ===
# of expected passes 68398
# of unexpected failures 48
# of expected failures 222
# of unresolved testcases 16
# of unsupported tests 297
/teal/caip5/ghazi/gcc-testing/x86/build/gcc/xgcc version 3.4 20030513 (experimental)
=== g++ tests ===
Running target unix/-fPIC
FAIL: g++.dg/eh/omit-frame-pointer2.C execution test
FAIL: g++.dg/eh/simd-2.C (test for excess errors)
WARNING: g++.dg/eh/simd-2.C compilation failed to produce executable
WARNING: g++.old-deja/g++.mike/p10769a.C compilation failed to produce executable
FAIL: g++.old-deja/g++.oliva/template1.C (test for excess errors)
WARNING: g++.old-deja/g++.other/enum5.C compilation failed to produce executable
FAIL: g++.old-deja/g++.pt/asm1.C (test for excess errors)
FAIL: g++.old-deja/g++.pt/asm2.C (test for excess errors)
WARNING: g++.old-deja/g++.pt/friend44.C compilation failed to produce executable
=== g++ Summary for unix/-fPIC ===
# of expected passes 8546
# of unexpected failures 5
# of expected failures 69
# of unsupported tests 13
Running target unix/-fpic
FAIL: g++.dg/eh/omit-frame-pointer2.C execution test
FAIL: g++.dg/eh/simd-2.C (test for excess errors)
WARNING: g++.dg/eh/simd-2.C compilation failed to produce executable
WARNING: g++.old-deja/g++.mike/p10769a.C compilation failed to produce executable
FAIL: g++.old-deja/g++.oliva/template1.C (test for excess errors)
WARNING: g++.old-deja/g++.other/enum5.C compilation failed to produce executable
FAIL: g++.old-deja/g++.pt/asm1.C (test for excess errors)
FAIL: g++.old-deja/g++.pt/asm2.C (test for excess errors)
WARNING: g++.old-deja/g++.pt/friend44.C compilation failed to produce executable
=== g++ Summary for unix/-fpic ===
# of expected passes 8546
# of unexpected failures 5
# of expected failures 69
# of unsupported tests 13
Running target unix
FAIL: g++.dg/eh/simd-2.C (test for excess errors)
WARNING: g++.dg/eh/simd-2.C compilation failed to produce executable
WARNING: g++.old-deja/g++.mike/p10769a.C compilation failed to produce executable
FAIL: g++.old-deja/g++.oliva/template1.C (test for excess errors)
WARNING: g++.old-deja/g++.other/enum5.C compilation failed to produce executable
WARNING: g++.old-deja/g++.pt/friend44.C compilation failed to produce executable
=== g++ Summary for unix ===
# of expected passes 8549
# of unexpected failures 2
# of expected failures 69
# of unsupported tests 13
=== g++ Summary ===
# of expected passes 25641
# of unexpected failures 12
# of expected failures 207
# of unsupported tests 39
/teal/caip5/ghazi/gcc-testing/x86/build/gcc/testsuite/../g++ version 3.4 20030513 (experimental)
=== libstdc++-v3 tests ===
Running target unix/-fPIC
=== libstdc++-v3 Summary for unix/-fPIC ===
# of expected passes 1838
# of expected failures 4
Running target unix/-fpic
=== libstdc++-v3 Summary for unix/-fpic ===
# of expected passes 1838
# of expected failures 4
Running target unix
=== libstdc++-v3 Summary for unix ===
# of expected passes 1838
# of expected failures 4
=== libstdc++-v3 Summary ===
# of expected passes 5514
# of expected failures 12
Compiler version: 3.4 20030513 (experimental)
Platform: i686-pc-linux-gnu
configure flags: --verbose --enable-languages=c++
More information about the Gcc-testresults
mailing list