Results for 3.4 20030512 (experimental) testsuite on i686-pc-cygwin
David.Billinghurst@riotinto.com
David.Billinghurst@riotinto.com
Tue May 13 00:36:00 GMT 2003
CYGWIN_NT-5.0 crw50 1.3.22(0.78/3/2) 2003-03-18 09:20 i686 unknown unknown Cygwin
Windows 2000 Professional Ver 5.0 Build 2195 Service Pack 3
PROCESSOR_IDENTIFIER = \`x86 Family 15 Model 0 Stepping 10, GenuineIntel'
Needs this patch to disable PCH in libstdc++-v3 testsuite
--- libstdc++-v3/testsuite_flags.in 26 Apr 2003 04:01:47 -0000 1.17
+++ libstdc++-v3/testsuite_flags.in 7 May 2003 02:37:34 -0000
@@ -43,7 +43,7 @@
echo \${CXX}
;;
--build-cxx)
- PCHFLAGS="-include bits/stdc++.h"
+ PCHFLAGS= #"-include bits/stdc++.h"
CXX_build="@glibcpp_CXX@ \${PCHFLAGS}"
CXX=\`echo "\$CXX_build" | sed 's,gcc/xgcc ,gcc/g++ ,'\`
echo \${CXX}
LAST_UPDATED: Mon May 12 14:57:08 GMT 2003
Native configuration is i686-pc-cygwin
=== g++ tests ===
Running target unix
FAIL: g++.dg/abi/bitfield3.C execution test
FAIL: g++.dg/abi/rtti1.C scan-assembler-dem-not \\ntypeinfo for A[: \\t\\n]
FAIL: g++.dg/eh/simd-2.C (test for excess errors)
WARNING: g++.dg/eh/simd-2.C compilation failed to produce executable
FAIL: g++.dg/ext/dllimport1.C (test for excess errors)
FAIL: g++.dg/ext/instantiate3.C scan-assembler-not
FAIL: g++.dg/opt/vt1.C scan-assembler-not section[^
WARNING: program timed out.
FAIL: g++.dg/parse/stack1.C (test for excess errors)
FAIL: g++.dg/pch/empty.C (test for excess errors)
FAIL: g++.dg/pch/empty.C (test for excess errors)
FAIL: g++.dg/pch/empty.C (test for excess errors)
FAIL: g++.dg/pch/system-1.C (test for excess errors)
FAIL: g++.dg/pch/system-1.C (test for excess errors)
FAIL: g++.dg/pch/system-1.C (test for excess errors)
FAIL: g++.dg/pch/system-2.C (test for excess errors)
FAIL: g++.dg/pch/system-2.C (test for excess errors)
FAIL: g++.dg/pch/system-2.C (test for excess errors)
FAIL: g++.dg/pch/uninst.C (test for excess errors)
FAIL: g++.dg/pch/uninst.C (test for excess errors)
FAIL: g++.dg/pch/uninst.C (test for excess errors)
FAIL: g++.dg/special/initp1.C execution test
FAIL: g++.old-deja/g++.brendan/ns1.C (test for errors, line 10)
FAIL: g++.old-deja/g++.brendan/warnings1.C (test for errors, line 4)
FAIL: g++.old-deja/g++.eh/badalloc1.C execution test
FAIL: g++.old-deja/g++.ext/attrib5.C (test for excess errors)
XPASS: g++.old-deja/g++.ext/attrib5.C execution test
WARNING: g++.old-deja/g++.mike/p10769a.C compilation failed to produce executable
FAIL: g++.old-deja/g++.oliva/template1.C (test for excess errors)
WARNING: g++.old-deja/g++.other/enum5.C compilation failed to produce executable
FAIL: g++.old-deja/g++.other/warn3.C (test for warnings, line 7)
FAIL: g++.old-deja/g++.other/warn3.C (test for warnings, line 17)
FAIL: g++.old-deja/g++.other/warn3.C (test for warnings, line 26)
FAIL: g++.old-deja/g++.other/warn3.C (test for warnings, line 33)
FAIL: g++.old-deja/g++.other/warn3.C (test for warnings, line 43)
FAIL: g++.old-deja/g++.other/warn3.C (test for warnings, line 51)
WARNING: g++.old-deja/g++.pt/friend44.C compilation failed to produce executable
FAIL: g++.old-deja/g++.robertl/eb71.C (test for warnings, line 18)
=== g++ Summary ===
# of expected passes 8489
# of unexpected failures 32
# of unexpected successes 1
# of expected failures 69
# of untested testcases 12
# of unsupported tests 18
gcc version 3.4 20030512 (experimental)
=== g77 tests ===
Running target unix
FAIL: g77.f-torture/execute/980520-1.f compilation, -O0
=== g77 Summary ===
# of expected passes 1724
# of unexpected failures 1
# of untested testcases 1
gcc version 3.4 20030512 (experimental)
=== gcc tests ===
Running target unix
FAIL: gcc.c-torture/execute/builtins/string-asm-1.c compilation, -O0
UNRESOLVED: gcc.c-torture/execute/builtins/string-asm-1.c execution, -O0
FAIL: gcc.c-torture/execute/builtins/string-asm-1.c compilation, -O1
UNRESOLVED: gcc.c-torture/execute/builtins/string-asm-1.c execution, -O1
FAIL: gcc.c-torture/execute/builtins/string-asm-1.c compilation, -O2
UNRESOLVED: gcc.c-torture/execute/builtins/string-asm-1.c execution, -O2
FAIL: gcc.c-torture/execute/builtins/string-asm-1.c compilation, -O3 -fomit-frame-pointer
UNRESOLVED: gcc.c-torture/execute/builtins/string-asm-1.c execution, -O3 -fomit-frame-pointer
FAIL: gcc.c-torture/execute/builtins/string-asm-1.c compilation, -O3 -g
UNRESOLVED: gcc.c-torture/execute/builtins/string-asm-1.c execution, -O3 -g
FAIL: gcc.c-torture/execute/builtins/string-asm-1.c compilation, -Os
UNRESOLVED: gcc.c-torture/execute/builtins/string-asm-1.c execution, -Os
FAIL: gcc.c-torture/execute/builtins/string-asm-2.c compilation, -O0
UNRESOLVED: gcc.c-torture/execute/builtins/string-asm-2.c execution, -O0
FAIL: gcc.c-torture/execute/builtins/string-asm-2.c compilation, -O1
UNRESOLVED: gcc.c-torture/execute/builtins/string-asm-2.c execution, -O1
FAIL: gcc.c-torture/execute/builtins/string-asm-2.c compilation, -O2
UNRESOLVED: gcc.c-torture/execute/builtins/string-asm-2.c execution, -O2
FAIL: gcc.c-torture/execute/builtins/string-asm-2.c compilation, -O3 -fomit-frame-pointer
UNRESOLVED: gcc.c-torture/execute/builtins/string-asm-2.c execution, -O3 -fomit-frame-pointer
FAIL: gcc.c-torture/execute/builtins/string-asm-2.c compilation, -O3 -g
UNRESOLVED: gcc.c-torture/execute/builtins/string-asm-2.c execution, -O3 -g
FAIL: gcc.c-torture/execute/builtins/string-asm-2.c compilation, -Os
UNRESOLVED: gcc.c-torture/execute/builtins/string-asm-2.c execution, -Os
FAIL: gcc.c-torture/execute/builtins/string-asm-1.c compilation, -O0
UNRESOLVED: gcc.c-torture/execute/builtins/string-asm-1.c execution, -O0
FAIL: gcc.c-torture/execute/builtins/string-asm-1.c compilation, -O1
UNRESOLVED: gcc.c-torture/execute/builtins/string-asm-1.c execution, -O1
FAIL: gcc.c-torture/execute/builtins/string-asm-1.c compilation, -O2
UNRESOLVED: gcc.c-torture/execute/builtins/string-asm-1.c execution, -O2
FAIL: gcc.c-torture/execute/builtins/string-asm-1.c compilation, -O3 -fomit-frame-pointer
UNRESOLVED: gcc.c-torture/execute/builtins/string-asm-1.c execution, -O3 -fomit-frame-pointer
FAIL: gcc.c-torture/execute/builtins/string-asm-1.c compilation, -O3 -g
UNRESOLVED: gcc.c-torture/execute/builtins/string-asm-1.c execution, -O3 -g
FAIL: gcc.c-torture/execute/builtins/string-asm-1.c compilation, -Os
UNRESOLVED: gcc.c-torture/execute/builtins/string-asm-1.c execution, -Os
FAIL: gcc.c-torture/execute/builtins/string-asm-2.c compilation, -O0
UNRESOLVED: gcc.c-torture/execute/builtins/string-asm-2.c execution, -O0
FAIL: gcc.c-torture/execute/builtins/string-asm-2.c compilation, -O1
UNRESOLVED: gcc.c-torture/execute/builtins/string-asm-2.c execution, -O1
FAIL: gcc.c-torture/execute/builtins/string-asm-2.c compilation, -O2
UNRESOLVED: gcc.c-torture/execute/builtins/string-asm-2.c execution, -O2
FAIL: gcc.c-torture/execute/builtins/string-asm-2.c compilation, -O3 -fomit-frame-pointer
UNRESOLVED: gcc.c-torture/execute/builtins/string-asm-2.c execution, -O3 -fomit-frame-pointer
FAIL: gcc.c-torture/execute/builtins/string-asm-2.c compilation, -O3 -g
UNRESOLVED: gcc.c-torture/execute/builtins/string-asm-2.c execution, -O3 -g
FAIL: gcc.c-torture/execute/builtins/string-asm-2.c compilation, -Os
UNRESOLVED: gcc.c-torture/execute/builtins/string-asm-2.c execution, -Os
FAIL: gcc.c-torture/execute/20011113-1.c compilation, -O0
UNRESOLVED: gcc.c-torture/execute/20011113-1.c execution, -O0
FAIL: gcc.c-torture/execute/20011113-1.c compilation, -O1
UNRESOLVED: gcc.c-torture/execute/20011113-1.c execution, -O1
FAIL: gcc.c-torture/execute/20011113-1.c compilation, -O2
UNRESOLVED: gcc.c-torture/execute/20011113-1.c execution, -O2
FAIL: gcc.c-torture/execute/20011113-1.c compilation, -O3 -fomit-frame-pointer
UNRESOLVED: gcc.c-torture/execute/20011113-1.c execution, -O3 -fomit-frame-pointer
FAIL: gcc.c-torture/execute/20011113-1.c compilation, -O3 -g
UNRESOLVED: gcc.c-torture/execute/20011113-1.c execution, -O3 -g
FAIL: gcc.c-torture/execute/20011113-1.c compilation, -Os
UNRESOLVED: gcc.c-torture/execute/20011113-1.c execution, -Os
FAIL: gcc.dg/20021014-1.c (test for excess errors)
WARNING: gcc.dg/20021014-1.c compilation failed to produce executable
FAIL: gcc.dg/duff-2.c (test for excess errors)
FAIL: gcc.dg/i386-bitfield1.c execution test
FAIL: gcc.dg/i386-bitfield2.c execution test
FAIL: gcc.dg/i386-pic-1.c (test for errors, line 9)
FAIL: gcc.dg/uninit-C.c (test for excess errors)
FAIL: gcc.dg/pch/common-1.c (test for excess errors)
FAIL: gcc.dg/pch/common-1.c (test for excess errors)
FAIL: gcc.dg/pch/common-1.c (test for excess errors)
FAIL: gcc.dg/pch/common-1.c (test for excess errors)
FAIL: gcc.dg/pch/common-1.c (test for excess errors)
FAIL: gcc.dg/pch/common-1.c (test for excess errors)
FAIL: gcc.dg/pch/common-1.c (test for excess errors)
FAIL: gcc.dg/pch/cpp-1.c (test for excess errors)
FAIL: gcc.dg/pch/cpp-1.c (test for excess errors)
FAIL: gcc.dg/pch/cpp-1.c (test for excess errors)
FAIL: gcc.dg/pch/cpp-1.c (test for excess errors)
FAIL: gcc.dg/pch/cpp-1.c (test for excess errors)
FAIL: gcc.dg/pch/cpp-1.c (test for excess errors)
FAIL: gcc.dg/pch/cpp-1.c (test for excess errors)
FAIL: gcc.dg/pch/cpp-2.c (test for excess errors)
FAIL: gcc.dg/pch/cpp-2.c (test for excess errors)
FAIL: gcc.dg/pch/cpp-2.c (test for excess errors)
FAIL: gcc.dg/pch/cpp-2.c (test for excess errors)
FAIL: gcc.dg/pch/cpp-2.c (test for excess errors)
FAIL: gcc.dg/pch/cpp-2.c (test for excess errors)
FAIL: gcc.dg/pch/cpp-2.c (test for excess errors)
FAIL: gcc.dg/pch/decl-1.c (test for excess errors)
FAIL: gcc.dg/pch/decl-1.c (test for excess errors)
FAIL: gcc.dg/pch/decl-1.c (test for excess errors)
FAIL: gcc.dg/pch/decl-1.c (test for excess errors)
FAIL: gcc.dg/pch/decl-1.c (test for excess errors)
FAIL: gcc.dg/pch/decl-1.c (test for excess errors)
FAIL: gcc.dg/pch/decl-1.c (test for excess errors)
FAIL: gcc.dg/pch/decl-2.c (test for excess errors)
FAIL: gcc.dg/pch/decl-2.c (test for excess errors)
FAIL: gcc.dg/pch/decl-2.c (test for excess errors)
FAIL: gcc.dg/pch/decl-2.c (test for excess errors)
FAIL: gcc.dg/pch/decl-2.c (test for excess errors)
FAIL: gcc.dg/pch/decl-2.c (test for excess errors)
FAIL: gcc.dg/pch/decl-2.c (test for excess errors)
FAIL: gcc.dg/pch/decl-3.c (test for excess errors)
FAIL: gcc.dg/pch/decl-3.c (test for excess errors)
FAIL: gcc.dg/pch/decl-3.c (test for excess errors)
FAIL: gcc.dg/pch/decl-3.c (test for excess errors)
FAIL: gcc.dg/pch/decl-3.c (test for excess errors)
FAIL: gcc.dg/pch/decl-3.c (test for excess errors)
FAIL: gcc.dg/pch/decl-3.c (test for excess errors)
FAIL: gcc.dg/pch/decl-4.c (test for excess errors)
FAIL: gcc.dg/pch/decl-4.c (test for excess errors)
FAIL: gcc.dg/pch/decl-4.c (test for excess errors)
FAIL: gcc.dg/pch/decl-4.c (test for excess errors)
FAIL: gcc.dg/pch/decl-4.c (test for excess errors)
FAIL: gcc.dg/pch/decl-4.c (test for excess errors)
FAIL: gcc.dg/pch/decl-4.c (test for excess errors)
FAIL: gcc.dg/pch/decl-5.c (test for excess errors)
FAIL: gcc.dg/pch/decl-5.c (test for excess errors)
FAIL: gcc.dg/pch/decl-5.c (test for excess errors)
FAIL: gcc.dg/pch/decl-5.c (test for excess errors)
FAIL: gcc.dg/pch/decl-5.c (test for excess errors)
FAIL: gcc.dg/pch/decl-5.c (test for excess errors)
FAIL: gcc.dg/pch/decl-5.c (test for excess errors)
FAIL: gcc.dg/pch/empty.c (test for excess errors)
FAIL: gcc.dg/pch/empty.c (test for excess errors)
FAIL: gcc.dg/pch/empty.c (test for excess errors)
FAIL: gcc.dg/pch/empty.c (test for excess errors)
FAIL: gcc.dg/pch/empty.c (test for excess errors)
FAIL: gcc.dg/pch/empty.c (test for excess errors)
FAIL: gcc.dg/pch/empty.c (test for excess errors)
FAIL: gcc.dg/pch/except-1.c (test for excess errors)
FAIL: gcc.dg/pch/except-1.c (test for excess errors)
FAIL: gcc.dg/pch/except-1.c (test for excess errors)
FAIL: gcc.dg/pch/except-1.c (test for excess errors)
FAIL: gcc.dg/pch/except-1.c (test for excess errors)
FAIL: gcc.dg/pch/except-1.c (test for excess errors)
FAIL: gcc.dg/pch/except-1.c (test for excess errors)
FAIL: gcc.dg/pch/global-1.c (test for excess errors)
FAIL: gcc.dg/pch/global-1.c (test for excess errors)
FAIL: gcc.dg/pch/global-1.c (test for excess errors)
FAIL: gcc.dg/pch/global-1.c (test for excess errors)
FAIL: gcc.dg/pch/global-1.c (test for excess errors)
FAIL: gcc.dg/pch/global-1.c (test for excess errors)
FAIL: gcc.dg/pch/global-1.c (test for excess errors)
FAIL: gcc.dg/pch/inline-1.c (test for excess errors)
FAIL: gcc.dg/pch/inline-1.c (test for excess errors)
FAIL: gcc.dg/pch/inline-1.c (test for excess errors)
FAIL: gcc.dg/pch/inline-1.c (test for excess errors)
FAIL: gcc.dg/pch/inline-1.c (test for excess errors)
FAIL: gcc.dg/pch/inline-1.c (test for excess errors)
FAIL: gcc.dg/pch/inline-1.c (test for excess errors)
FAIL: gcc.dg/pch/inline-2.c (test for excess errors)
FAIL: gcc.dg/pch/inline-2.c (test for excess errors)
FAIL: gcc.dg/pch/inline-2.c (test for excess errors)
FAIL: gcc.dg/pch/inline-2.c (test for excess errors)
FAIL: gcc.dg/pch/inline-2.c (test for excess errors)
FAIL: gcc.dg/pch/inline-2.c (test for excess errors)
FAIL: gcc.dg/pch/inline-2.c (test for excess errors)
FAIL: gcc.dg/pch/macro-1.c (test for excess errors)
FAIL: gcc.dg/pch/macro-1.c (test for excess errors)
FAIL: gcc.dg/pch/macro-1.c (test for excess errors)
FAIL: gcc.dg/pch/macro-1.c (test for excess errors)
FAIL: gcc.dg/pch/macro-1.c (test for excess errors)
FAIL: gcc.dg/pch/macro-1.c (test for excess errors)
FAIL: gcc.dg/pch/macro-1.c (test for excess errors)
FAIL: gcc.dg/pch/macro-2.c (test for excess errors)
FAIL: gcc.dg/pch/macro-2.c (test for excess errors)
FAIL: gcc.dg/pch/macro-2.c (test for excess errors)
FAIL: gcc.dg/pch/macro-2.c (test for excess errors)
FAIL: gcc.dg/pch/macro-2.c (test for excess errors)
FAIL: gcc.dg/pch/macro-2.c (test for excess errors)
FAIL: gcc.dg/pch/macro-2.c (test for excess errors)
FAIL: gcc.dg/pch/macro-3.c (test for excess errors)
FAIL: gcc.dg/pch/macro-3.c (test for excess errors)
FAIL: gcc.dg/pch/macro-3.c (test for excess errors)
FAIL: gcc.dg/pch/macro-3.c (test for excess errors)
FAIL: gcc.dg/pch/macro-3.c (test for excess errors)
FAIL: gcc.dg/pch/macro-3.c (test for excess errors)
FAIL: gcc.dg/pch/macro-3.c (test for excess errors)
FAIL: gcc.dg/pch/static-1.c (test for excess errors)
FAIL: gcc.dg/pch/static-1.c (test for excess errors)
FAIL: gcc.dg/pch/static-1.c (test for excess errors)
FAIL: gcc.dg/pch/static-1.c (test for excess errors)
FAIL: gcc.dg/pch/static-1.c (test for excess errors)
FAIL: gcc.dg/pch/static-1.c (test for excess errors)
FAIL: gcc.dg/pch/static-1.c (test for excess errors)
FAIL: gcc.dg/pch/static-2.c (test for excess errors)
FAIL: gcc.dg/pch/static-2.c (test for excess errors)
FAIL: gcc.dg/pch/static-2.c (test for excess errors)
FAIL: gcc.dg/pch/static-2.c (test for excess errors)
FAIL: gcc.dg/pch/static-2.c (test for excess errors)
FAIL: gcc.dg/pch/static-2.c (test for excess errors)
FAIL: gcc.dg/pch/static-2.c (test for excess errors)
FAIL: gcc.dg/pch/static-3.c (test for excess errors)
FAIL: gcc.dg/pch/static-3.c (test for excess errors)
FAIL: gcc.dg/pch/static-3.c (test for excess errors)
FAIL: gcc.dg/pch/static-3.c (test for excess errors)
FAIL: gcc.dg/pch/static-3.c (test for excess errors)
FAIL: gcc.dg/pch/static-3.c (test for excess errors)
FAIL: gcc.dg/pch/static-3.c (test for excess errors)
FAIL: gcc.dg/pch/system-1.c (test for excess errors)
FAIL: gcc.dg/pch/system-1.c (test for excess errors)
FAIL: gcc.dg/pch/system-1.c (test for excess errors)
FAIL: gcc.dg/pch/system-1.c (test for excess errors)
FAIL: gcc.dg/pch/system-1.c (test for excess errors)
FAIL: gcc.dg/pch/system-1.c (test for excess errors)
FAIL: gcc.dg/pch/system-1.c (test for excess errors)
=== gcc Summary ===
# of expected passes 22274
# of unexpected failures 176
# of expected failures 70
# of unresolved testcases 30
# of untested testcases 140
# of unsupported tests 98
gcc version 3.4 20030512 (experimental)
=== objc tests ===
Running target unix
=== objc Summary ===
# of expected passes 1156
gcc version 3.4 20030512 (experimental)
=== libstdc++-v3 tests ===
Running target unix
FAIL: 26_numerics/c99_classification_macros_c++.cc (test for excess errors)
FAIL: 26_numerics/c99_classification_macros_c.cc (test for excess errors)
FAIL: 27_io/basic_filebuf/close/char/4879.cc execution test
FAIL: 27_io/basic_filebuf/close/char/9964.cc execution test
FAIL: 27_io/basic_filebuf/open/char/9507.cc execution test
FAIL: 27_io/basic_filebuf/showmanyc/char/9533-1.cc execution test
FAIL: 27_io/basic_filebuf/underflow/char/10097.cc execution test
FAIL: 27_io/basic_istream/extractors_arithmetic/char/12.cc execution test
FAIL: 27_io/objects/char/7.cc execution test
FAIL: 27_io/objects/char/9661-1.cc execution test
=== libstdc++-v3 Summary ===
# of expected passes 1361
# of unexpected failures 10
# of expected failures 3
Compiler version: 3.4 20030512 (experimental)
Platform: i686-pc-cygwin
configure flags: --prefix=/usr/local/gcc-3_4 --enable-threads=posix --disable-libgcj --enable-sjlj-exceptions --with-system-zlib --enable-nls --enable-version-specific-runtime-libs --without-included-gettext --disable-shared
Counting all warnings,
there are 30 warnings in stage3 of this bootstrap.
Number of warnings per file:
6 gcc/gthr-gnat.c
4 insn-conditions.c
4 gcc/gcc.c
3 gcc/unwind-sjlj.c
2 gcc/varasm.c
2 gcc/objc/lang-specs.h
2 gcc/gthr-gnat.h
2 gcc/f/sta.c
1 gcc/unwind-pe.h
1 gcc/java/jvspec.c
1 gcc/config/i386/i386.md
1 gcc/ada/tracebak.c
1 ada/b_gnatb.c
Number of warning types:
9 string length \`???' is greater than the length \`???' ISO C89 compilers are required to support
6 function declaration isn't a prototype
2 unused parameter \`???'
2 no previous prototype for \`???'
2 dereferencing type-punned pointer will break strict-aliasing rules
2 assignment of read-only location
2 ??? format, ??? arg (arg ???)
1 unused variable \`???'
1 return makes integer from pointer without a cast
1 operand 1 missing mode?
1 comparison of unsigned expression < 0 is always false
1 \`???' defined but not used
More information about the Gcc-testresults
mailing list