Results for 3.4 20030511 (experimental) testsuite on i386-unknown-netbsdelf1.6
Krister Walfridsson
cato@df.lth.se
Sun May 11 18:08:00 GMT 2003
LAST_UPDATED: Sun May 11 15:56:22 UTC 2003
Native configuration is i386-unknown-netbsdelf1.6
=== g++ tests ===
Running target unix
FAIL: g++.dg/eh/simd-2.C (test for excess errors)
WARNING: g++.dg/eh/simd-2.C compilation failed to produce executable
FAIL: g++.old-deja/g++.brendan/ns1.C (test for errors, line 10)
FAIL: g++.old-deja/g++.brendan/warnings1.C (test for errors, line 4)
WARNING: g++.old-deja/g++.mike/p10769a.C compilation failed to produce executable
FAIL: g++.old-deja/g++.oliva/template1.C (test for excess errors)
WARNING: g++.old-deja/g++.other/enum5.C compilation failed to produce executable
FAIL: g++.old-deja/g++.other/warn3.C (test for warnings, line 7)
FAIL: g++.old-deja/g++.other/warn3.C (test for warnings, line 17)
FAIL: g++.old-deja/g++.other/warn3.C (test for warnings, line 26)
FAIL: g++.old-deja/g++.other/warn3.C (test for warnings, line 33)
FAIL: g++.old-deja/g++.other/warn3.C (test for warnings, line 43)
FAIL: g++.old-deja/g++.other/warn3.C (test for warnings, line 51)
WARNING: g++.old-deja/g++.pt/friend44.C compilation failed to produce executable
FAIL: g++.old-deja/g++.robertl/eb71.C (test for warnings, line 18)
=== g++ Summary ===
# of expected passes 8533
# of unexpected failures 11
# of expected failures 69
# of unsupported tests 19
/gcctmp/gcc030511/build/gcc/testsuite/../g++ version 3.4 20030511 (experimental)
=== g77 tests ===
Running target unix
FAIL: g77.f-torture/execute/980520-1.f compilation, -O0
=== g77 Summary ===
# of expected passes 1708
# of unexpected failures 1
# of untested testcases 1
# of unsupported tests 8
/gcctmp/gcc030511/build/gcc/testsuite/../g77 version 3.4 20030511 (experimental)
=== gcc tests ===
Running target unix
FAIL: gcc.c-torture/execute/960218-1.c compilation, -O0
UNRESOLVED: gcc.c-torture/execute/960218-1.c execution, -O0
FAIL: gcc.c-torture/execute/960218-1.c compilation, -O1
UNRESOLVED: gcc.c-torture/execute/960218-1.c execution, -O1
FAIL: gcc.c-torture/execute/960218-1.c compilation, -O2
UNRESOLVED: gcc.c-torture/execute/960218-1.c execution, -O2
FAIL: gcc.c-torture/execute/960218-1.c compilation, -O3 -fomit-frame-pointer
UNRESOLVED: gcc.c-torture/execute/960218-1.c execution, -O3 -fomit-frame-pointer
FAIL: gcc.c-torture/execute/960218-1.c compilation, -O3 -fomit-frame-pointer -funroll-loops
UNRESOLVED: gcc.c-torture/execute/960218-1.c execution, -O3 -fomit-frame-pointer -funroll-loops
FAIL: gcc.c-torture/execute/960218-1.c compilation, -O3 -fomit-frame-pointer -funroll-all-loops -finline-functions
UNRESOLVED: gcc.c-torture/execute/960218-1.c execution, -O3 -fomit-frame-pointer -funroll-all-loops -finline-functions
FAIL: gcc.c-torture/execute/960218-1.c compilation, -O3 -g
UNRESOLVED: gcc.c-torture/execute/960218-1.c execution, -O3 -g
FAIL: gcc.c-torture/execute/960218-1.c compilation, -Os
UNRESOLVED: gcc.c-torture/execute/960218-1.c execution, -Os
FAIL: gcc.c-torture/execute/conversion.c execution, -O0
FAIL: gcc.c-torture/execute/conversion.c execution, -O1
FAIL: gcc.c-torture/execute/conversion.c execution, -O2
FAIL: gcc.c-torture/execute/conversion.c execution, -Os
FAIL: gcc.c-torture/execute/ieee/rbug.c execution, -O0
FAIL: gcc.c-torture/execute/ieee/rbug.c execution, -O1
FAIL: gcc.c-torture/execute/ieee/rbug.c execution, -O2
FAIL: gcc.c-torture/execute/ieee/rbug.c execution, -Os
FAIL: gcc.dg/const-elim-1.c scan-assembler-not LC
FAIL: gcc.dg/duff-2.c (test for excess errors)
FAIL: gcc.dg/uninit-C.c (test for excess errors)
=== gcc Summary ===
# of expected passes 22188
# of unexpected failures 19
# of expected failures 74
# of unresolved testcases 8
# of unsupported tests 100
/gcctmp/gcc030511/build/gcc/xgcc version 3.4 20030511 (experimental)
=== objc tests ===
Running target unix
=== objc Summary ===
# of expected passes 1156
/gcctmp/gcc030511/build/gcc/xgcc version 3.4 20030511 (experimental)
=== libjava tests ===
Running target unix
FAIL: N19990310_4 -O execution - bytecode->native test
FAIL: SyncGlobal -O execution - bytecode->native test
FAIL: Throw_2 execution - source compiled test
FAIL: Throw_2 execution - gij test
FAIL: Throw_2 execution - bytecode->native test
FAIL: Throw_2 -O execution - source compiled test
FAIL: Throw_2 execution - gij test
FAIL: Throw_2 -O execution - bytecode->native test
FAIL: err8 -O execution - bytecode->native test
=== libjava Summary ===
# of expected passes 2881
# of unexpected failures 9
# of expected failures 16
# of untested testcases 141
=== libstdc++-v3 tests ===
Running target unix
FAIL: 22_locale/ctype/cons/char/1.cc execution test
FAIL: 27_io/basic_filebuf/overflow/char/9182-2.cc (test for excess errors)
WARNING: 27_io/basic_filebuf/overflow/char/9182-2.cc compilation failed to produce executable
FAIL: 27_io/basic_filebuf/sync/char/9182-1.cc (test for excess errors)
WARNING: 27_io/basic_filebuf/sync/char/9182-1.cc compilation failed to produce executable
FAIL: 27_io/basic_istream/extractors_arithmetic/char/07.cc (test for excess errors)
WARNING: 27_io/basic_istream/extractors_arithmetic/char/07.cc compilation failed to produce executable
FAIL: 27_io/basic_istream/extractors_arithmetic/char/08.cc (test for excess errors)
WARNING: 27_io/basic_istream/extractors_arithmetic/char/08.cc compilation failed to produce executable
FAIL: 27_io/manipulators/adjustfield/char/1.cc (test for excess errors)
WARNING: 27_io/manipulators/adjustfield/char/1.cc compilation failed to produce executable
FAIL: 27_io/manipulators/basefield/char/1.cc (test for excess errors)
WARNING: 27_io/manipulators/basefield/char/1.cc compilation failed to produce executable
=== libstdc++-v3 Summary ===
# of expected passes 1358
# of unexpected failures 7
# of expected failures 3
Compiler version: 3.4 20030511 (experimental)
Platform: i386-unknown-netbsdelf1.6
configure flags: none
More information about the Gcc-testresults
mailing list