Results for 3.3 20030506 (Debian prerelease) testsuite on powerpc-unknown-linux-gnu
Matthias Klose
doko@auric.debian.org
Wed May 7 21:54:00 GMT 2003
LAST_UPDATED: Tue May 6 04:44:29 UTC 2003
Native configuration is powerpc-unknown-linux-gnu
=== g++ tests ===
Running target unix
XPASS: g++.dg/other/packed1.C execution test
FAIL: g++.dg/parse/crash2.C (test for errors, line 5)
FAIL: g++.dg/parse/crash2.C (test for excess errors)
XPASS: g++.other/init5.C Execution test
=== g++ Summary ===
# of expected passes 7921
# of unexpected failures 2
# of unexpected successes 2
# of expected failures 96
# of untested testcases 23
# of unsupported tests 18
/build/buildd/gcc-3.3-3.3ds8/build/gcc/testsuite/../g++ version 3.3 20030506 (Debian prerelease)
=== g77 tests ===
Running target unix
=== g77 Summary ===
# of expected passes 1686
# of unsupported tests 8
/build/buildd/gcc-3.3-3.3ds8/build/gcc/testsuite/../g77 version 3.3 20030506 (Debian prerelease)
=== gcc tests ===
Running target unix
FAIL: gcc.dg/20020103-1.c scan-assembler-not LC
FAIL: gcc.dg/20020118-1.c execution test
FAIL: gcc.dg/altivec-5.c (test for excess errors)
FAIL: gcc.dg/duff-2.c (test for excess errors)
FAIL: gcc.dg/unused-4.c (test for warnings, line 4)
=== gcc Summary ===
# of expected passes 21244
# of unexpected failures 5
# of expected failures 67
# of unsupported tests 153
/build/buildd/gcc-3.3-3.3ds8/build/gcc/xgcc version 3.3 20030506 (Debian prerelease)
=== objc tests ===
Running target unix
FAIL: objc.dg/naming-1.m (test for errors, line 20)
FAIL: objc.dg/naming-1.m (test for excess errors)
FAIL: objc.dg/naming-2.m (test for errors, line 7)
FAIL: objc.dg/naming-2.m (test for excess errors)
=== objc Summary ===
# of expected passes 1149
# of unexpected failures 4
/build/buildd/gcc-3.3-3.3ds8/build/gcc/xgcc version 3.3 20030506 (Debian prerelease)
=== libjava tests ===
Running target unix
FAIL: Array_3 -O execution - source compiled test
WARNING: program timed out.
FAIL: SyncTest execution - gij test
WARNING: program timed out.
FAIL: SyncTest execution - gij test
=== libjava Summary ===
# of expected passes 2967
# of unexpected failures 3
# of expected failures 16
# of untested testcases 15
=== libstdc++-v3 tests ===
Running target unix
XPASS: 22_locale/collate_byname.cc execution test
XPASS: 22_locale/collate_members_char.cc execution test
XPASS: 22_locale/collate_members_wchar_t.cc execution test
XPASS: 22_locale/ctype_is_char.cc execution test
XPASS: 22_locale/ctype_is_wchar_t.cc execution test
XPASS: 22_locale/members.cc execution test
XPASS: 22_locale/messages_byname.cc execution test
XPASS: 22_locale/messages_members_char.cc execution test
XPASS: 22_locale/moneypunct_byname.cc execution test
XPASS: 22_locale/moneypunct_members_char.cc execution test
XPASS: 22_locale/moneypunct_members_wchar_t.cc execution test
XPASS: 22_locale/numpunct_byname.cc execution test
XPASS: 22_locale/numpunct_members_char.cc execution test
XPASS: 22_locale/numpunct_members_wchar_t.cc execution test
=== libstdc++-v3 Summary ===
# of expected passes 453
# of unexpected successes 14
# of expected failures 14
Compiler version: 3.3 20030506 (Debian prerelease)
Platform: powerpc-unknown-linux-gnu
configure flags: --host=powerpc-linux -v --enable-languages=c,c++,java,f77,pascal,objc,ada --prefix=/usr --mandir=/usr/share/man --infodir=/usr/share/info --with-gxx-include-dir=/usr/include/c++/3.3 --enable-shared --with-system-zlib --enable-nls --without-included-gettext --enable-__cxa_atexit --enable-clocale=gnu --enable-java-gc=boehm --enable-java-awt=xlib --enable-objc-gc --disable-multilib
BOOT_CFLAGS=-g -O2
Build Dependencies:
Desired=Unknown/Install/Remove/Purge/Hold
| Status=Not/Installed/Config-files/Unpacked/Failed-config/Half-installed
|/ Err?=(none)/Hold/Reinst-required/X=both-problems (Status,Err: uppercase=bad)
||/ Name Version Description
+++-==============-==============-============================================
ii binutils 2.13.90.0.18-1 The GNU assembler, linker and binary utiliti
ii libc6-dev 2.3.1-17 GNU C Library: Development Libraries and Hea
Patches that Debian applied in this version:
gcc-names:
versioned gcc names
gcc-version:
Add "(Debian)" to the gcc version string
libstdc++-pic:
Build and install libstdc++_pic.a library.
libstdc++-doclink:
link local libstdc++ documentation to local source-level documentation
gccbug:
Use sensible-editor instead of vi as fallback editor
gccbug-manpage:
add gccbug(1) manpage
libtool-rpath:
2003-03-10 Andreas Schwab <schwab at suse dot de>
With the introduction of multi-os-directory the libdir specification in
*.la files have /. appended to \$(libdir). This confuses libtool when it
tries to find out whether to add -rpath, because it only matches literally
against sys_lib_dlsearch_path members. Tested on i386-linux.
gcj-debian-policy:
add /usr/share/java/repository to the classpath.
gcj-names:
versioned gcj info names
gcj-without-rpath:
don't define runtime link path for java binaries and libraries
libffi-install:
Allows libffi to be installed
libffi-no-debug:
Do not build libffi with debug information, although configuring
with --enable-debug
deb-protoize:
build protoize/unprotoize by default
libobjc:
Find gc.h header in /usr/include/gc for --enable-objc-gc enabled builds.
g77-names:
versioned g77 names
ada-gcc-name:
use gcc-3.3 instead of gcc and gnatXXX-3.15 instead of gnatXXX
as the command names.
gpc-3.x:
The gpc patch from the gpc tarball.
gpc-updates:
gpc-updates2:
gpc-updates3:
gpc-updates4:
gpc-version:
Update date in gpc version number
reporting:
<compiler> --help gives hint to /usr/share/doc/debian/bug-reporting.txt
autoreconf:
autoreconf several directories for proper mipsen libtool support
Counting all warnings,
there are 355 warnings in stage3 of this bootstrap.
Number of warnings per file:
225 SYSCALLS.c
45 gcc/gengtype-lex.c
9 gcc/p/gpc.c
8 gcc/gcc.c
6 gcc/p/util.c
6 gcc/p/lang-specs.h
5 op11934.c
5 c-p5191.c
4 insn-emit.c
4 gcc/config/rs6000/altivec.md
4 ./intdoc.texi
3 gcc/tlink.c
3 gcc/reload1.c
2 gengtype-yacc.c
2 gcc/p/rts/endian.pas
2 gcc/p/predef.c
2 gcc/objc/lang-specs.h
2 gcc/f/sta.c
2 gcc/crtstuff.c
1 parse.y
1 gt-ada-utils.h
1 gt-ada-decl.h
1 gcc/varasm.c
1 gcc/unwind.inc
1 gcc/reload.c
1 gcc/regmove.c
1 gcc/p/rts/file.c
1 gcc/p/objects.c
1 gcc/p/lang.c
1 gcc/p/gpc-lex.c
1 gcc/p/gpc-decl.c
1 gcc/java/jvspec.c
1 gcc/cp/typeck.c
1 gcc/collect2.c
1 ada/b_gnatb.c
Number of warning types:
224 function declaration isn't a prototype
52 traditional C rejects ISO C style function definitions
21 string length `???' is greater than the length `???' ISO C89 compilers are required to support
11 no previous prototype for `???'
6 unused parameter `???'
5 comparison between signed and unsigned
4 traditional C rejects string concatenation
4 operand 3 missing mode?
4 comparison of unsigned expression < 0 is always false
3 dereferencing type-punned pointer will break strict-aliasing rules
2 unused variable `???'
2 unlikely character ) in @var.
2 unlikely character ( in @var.
2 statement with no effect
2 passing arg ??? of `???' discards qualifiers from pointer target type
2 conflicting types for built-in function `???'
2 `???' might be used uninitialized in this function
1 traditional C ignores #define with the # indented
1 static declaration for `???' follows non-static
1 implicit declaration of function `???'
1 assignment makes pointer from integer without a cast
1 `return' with a value, in function returning void
1 `???' defined but not used
1 `/*' within comment
More information about the Gcc-testresults
mailing list