Results for [reflect] 3.4 20030308 (experimental) testsuite on i686-pc-linux-gnu
Autocrasher
autocrasher@devphil.com
Fri May 2 13:45:00 GMT 2003
The configure/build/test log and libstdc++-v3 regression plots can be
found at http://www.devphil.com/build/
Host was specified as athlon_mp-pc-linux-gnu.
This particular run used standard (previously installed) binutils.
- The Autocrasher (Phil's Builder Bot, version 1.2)
LAST_UPDATED: Sun Feb 2 21:45:17 UTC 2003
Native configuration is i686-pc-linux-gnu
=== libstdc++-v3 tests ===
Running target unix
FAIL: 22_locale/ctype/is/wchar_t/wrapped_env.cc -g -O2 -DDEBUG_ASSERT execution test
FAIL: 22_locale/time_get/get_monthname/char/1.cc -g -O2 -DDEBUG_ASSERT execution test
FAIL: 22_locale/time_get/get_monthname/char/2.cc -g -O2 -DDEBUG_ASSERT execution test
FAIL: 22_locale/time_get/get_monthname/char/wrapped_env.cc -g -O2 -DDEBUG_ASSERT execution test
FAIL: 22_locale/time_get/get_monthname/char/wrapped_locale.cc -g -O2 -DDEBUG_ASSERT execution test
FAIL: 22_locale/time_get/get_monthname/wchar_t/1.cc -g -O2 -DDEBUG_ASSERT execution test
FAIL: 22_locale/time_get/get_monthname/wchar_t/2.cc -g -O2 -DDEBUG_ASSERT execution test
FAIL: 22_locale/time_get/get_monthname/wchar_t/wrapped_env.cc -g -O2 -DDEBUG_ASSERT execution test
FAIL: 22_locale/time_get/get_monthname/wchar_t/wrapped_locale.cc -g -O2 -DDEBUG_ASSERT execution test
FAIL: 22_locale/time_get/get_time/char/2.cc -g -O2 -DDEBUG_ASSERT execution test
FAIL: 22_locale/time_get/get_time/char/3.cc -g -O2 -DDEBUG_ASSERT execution test
FAIL: 22_locale/time_get/get_time/char/wrapped_env.cc -g -O2 -DDEBUG_ASSERT execution test
FAIL: 22_locale/time_get/get_time/char/wrapped_locale.cc -g -O2 -DDEBUG_ASSERT execution test
FAIL: 22_locale/time_get/get_time/wchar_t/2.cc -g -O2 -DDEBUG_ASSERT execution test
FAIL: 22_locale/time_get/get_time/wchar_t/3.cc -g -O2 -DDEBUG_ASSERT execution test
FAIL: 22_locale/time_get/get_time/wchar_t/wrapped_env.cc -g -O2 -DDEBUG_ASSERT execution test
FAIL: 22_locale/time_get/get_time/wchar_t/wrapped_locale.cc -g -O2 -DDEBUG_ASSERT execution test
FAIL: 22_locale/time_put/put/char/9.cc -g -O2 -DDEBUG_ASSERT execution test
FAIL: 22_locale/time_put/put/wchar_t/9.cc -g -O2 -DDEBUG_ASSERT execution test
FAIL: 24_iterators/iterator.cc -g -O2 -DDEBUG_ASSERT execution test
FAIL: ext/type_compare.cc -g -O2 -DDEBUG_ASSERT (test for excess errors)
WARNING: ext/type_compare.cc -g -O2 -DDEBUG_ASSERT compilation failed to produce executable
ERROR: ext/type_compare.cc -g -O2 -DDEBUG_ASSERT : error executing dg-final: couldn't open "type_compare.s": no such file or directory
UNRESOLVED: ext/type_compare.cc -g -O2 -DDEBUG_ASSERT : error executing dg-final: couldn't open "type_compare.s": no such file or directory
FAIL: ext/type_traits.cc -g -O2 -DDEBUG_ASSERT (test for excess errors)
ERROR: ext/type_traits.cc -g -O2 -DDEBUG_ASSERT : error executing dg-final: couldn't open "type_traits.s": no such file or directory
UNRESOLVED: ext/type_traits.cc -g -O2 -DDEBUG_ASSERT : error executing dg-final: couldn't open "type_traits.s": no such file or directory
FAIL: ext/type_transform.cc -g -O2 -DDEBUG_ASSERT (test for excess errors)
WARNING: ext/type_transform.cc -g -O2 -DDEBUG_ASSERT compilation failed to produce executable
ERROR: ext/type_transform.cc -g -O2 -DDEBUG_ASSERT : error executing dg-final: couldn't open "type_transform.s": no such file or directory
UNRESOLVED: ext/type_transform.cc -g -O2 -DDEBUG_ASSERT : error executing dg-final: couldn't open "type_transform.s": no such file or directory
=== libstdc++-v3 Summary ===
# of expected passes 1035
# of unexpected failures 23
# of expected failures 2
# of unresolved testcases 3
=== g++ tests ===
Running target unix
FAIL: g++.dg/warn/Wunused-2.C -Wunused -O3 (test for warnings, line 5)
FAIL: pch/system-1.C -g assembly comparison
FAIL: pch/system-1.C -O2 -g assembly comparison
XPASS: g++.other/init5.C Execution test
=== g++ Summary ===
# of expected passes 8367
# of unexpected failures 3
# of unexpected successes 1
# of expected failures 67
# of untested testcases 9
# of unsupported tests 3
/home/pme/build/build-2003-05-02-reflect/gcc/testsuite/../g++ version 3.4 20030308 (experimental)
Compiler version: 3.4 20030308 (experimental)
Platform: i686-pc-linux-gnu
configure flags: --prefix=/home/pme/build/install-2003-05-02-reflect --enable-shared --disable-werror --host=athlon_mp-pc-linux-gnu --enable-threads=posix --enable-__cxa_atexit --enable-languages=c++ --with-dwarf2 --enable-cxx-flags=-march=athlon-mp
More information about the Gcc-testresults
mailing list