Results for 3.3 20030327 (prerelease) testsuite on i386-pc-solaris2.9
Rainer Orth
ro@TechFak.Uni-Bielefeld.DE
Mon Mar 31 13:38:00 GMT 2003
LAST_UPDATED: Thu Mar 27 13:38:12 UTC 2003
Native configuration is i386-pc-solaris2.9
=== g++ tests ===
Running target unix
FAIL: g++.dg/special/conpr-1.C execution test
=== g++ Summary ===
# of expected passes 7928
# of unexpected failures 1
# of expected failures 99
# of untested testcases 15
# of unsupported tests 2
/amnt/figaro/volumes/obj-gcc/gcc/obj.sol86/gcc-3.3-20030327/9-gcc/gcc/testsuite/../g++ version 3.3 20030327 (prerelease)
=== g77 tests ===
Running target unix
=== g77 Summary ===
# of expected passes 1674
# of unsupported tests 8
/amnt/figaro/volumes/obj-gcc/gcc/obj.sol86/gcc-3.3-20030327/9-gcc/gcc/testsuite/../g77 version 3.3 20030327 (prerelease)
=== gcc tests ===
Running target unix
WARNING: program timed out.
FAIL: gcc.c-torture/compile/20001226-1.c, -O1
WARNING: program timed out.
FAIL: gcc.c-torture/compile/20001226-1.c, -O2
WARNING: program timed out.
FAIL: gcc.c-torture/compile/20001226-1.c, -O3 -fomit-frame-pointer
WARNING: program timed out.
FAIL: gcc.c-torture/compile/20001226-1.c, -O3 -g
WARNING: program timed out.
FAIL: gcc.c-torture/compile/20001226-1.c, -Os
FAIL: gcc.dg/20011009-1.c (test for excess errors)
WARNING: gcc.dg/20011009-1.c compilation failed to produce executable
WARNING: gcc.dg/20021014-1.c compilation failed to produce executable
FAIL: gcc.dg/duff-2.c (test for excess errors)
FAIL: gcc.dg/uninit-C.c (test for excess errors)
=== gcc Summary ===
# of expected passes 20959
# of unexpected failures 8
# of expected failures 68
# of unsupported tests 81
/amnt/figaro/volumes/obj-gcc/gcc/obj.sol86/gcc-3.3-20030327/9-gcc/gcc/xgcc version 3.3 20030327 (prerelease)
=== objc tests ===
Running target unix
=== objc Summary ===
# of expected passes 1153
/amnt/figaro/volumes/obj-gcc/gcc/obj.sol86/gcc-3.3-20030327/9-gcc/gcc/xgcc version 3.3 20030327 (prerelease)
=== libjava tests ===
Running target unix
FAIL: FileHandleGcTest execution - source compiled test
FAIL: FileHandleGcTest execution - gij test
FAIL: FileHandleGcTest execution - bytecode->native test
FAIL: FileHandleGcTest -O execution - source compiled test
FAIL: FileHandleGcTest execution - gij test
FAIL: FileHandleGcTest -O execution - bytecode->native test
FAIL: SyncGlobal -O execution - bytecode->native test
FAIL: SyncTest execution - gij test
WARNING: program timed out.
FAIL: SyncTest execution - bytecode->native test
FAIL: SyncTest execution - gij test
WARNING: program timed out.
FAIL: SyncTest -O execution - bytecode->native test
FAIL: Thread_Join execution - gij test
FAIL: Thread_Wait_2 execution - gij test
FAIL: Thread_Wait_2 execution - gij test
FAIL: Throw_2 execution - source compiled test
FAIL: Throw_2 execution - gij test
FAIL: Throw_2 execution - bytecode->native test
FAIL: Throw_2 -O execution - source compiled test
FAIL: Throw_2 execution - gij test
FAIL: Throw_2 -O execution - bytecode->native test
=== libjava Summary ===
# of expected passes 2903
# of unexpected failures 20
# of expected failures 16
# of untested testcases 32
=== libstdc++-v3 tests ===
Running target unix
FAIL: 27_io/istream_extractor_arith/12.cc execution test
WARNING: program timed out.
FAIL: thread/pthread4.cc execution test
=== libstdc++-v3 Summary ===
# of expected passes 425
# of unexpected failures 2
# of expected failures 17
Compiler version: 3.3 20030327 (prerelease)
Platform: i386-pc-solaris2.9
configure flags: --host=i386-pc-solaris2.9 --prefix=/vol/gcc --with-local-prefix=/vol/gcc --disable-nls
More information about the Gcc-testresults
mailing list