Results for 3.3 20030327 (prerelease) testsuite on sparc-sun-solaris2.8
Rainer Orth
ro@TechFak.Uni-Bielefeld.DE
Fri Mar 28 11:07:00 GMT 2003
LAST_UPDATED: Thu Mar 27 13:38:12 UTC 2003
Native configuration is sparc-sun-solaris2.8
=== g++ tests ===
Running target unix
FAIL: g++.dg/compat/break/bitfield7 y_tst.o compile
UNRESOLVED: g++.dg/compat/break/bitfield7 x_tst.o-y_tst.o link
UNRESOLVED: g++.dg/compat/break/bitfield7 x_tst.o-y_tst.o execute
=== g++ Summary for unix ===
# of expected passes 7888
# of unexpected failures 1
# of expected failures 99
# of unresolved testcases 2
# of untested testcases 21
# of unsupported tests 15
Running target unix/-m64
=== g++ Summary for unix/-m64 ===
# of expected passes 7890
# of expected failures 100
# of untested testcases 21
# of unsupported tests 15
=== g++ Summary ===
# of expected passes 15778
# of unexpected failures 1
# of expected failures 199
# of unresolved testcases 2
# of untested testcases 42
# of unsupported tests 30
/amnt/figaro/volumes/obj-gcc/gcc/obj.sol2/gcc-3.3-20030327/8-gcc/gcc/testsuite/../g++ version 3.3 20030327 (prerelease)
=== g77 tests ===
Running target unix
=== g77 Summary for unix ===
# of expected passes 1674
# of unsupported tests 8
Running target unix/-m64
=== g77 Summary for unix/-m64 ===
# of expected passes 1674
# of unsupported tests 8
=== g77 Summary ===
# of expected passes 3348
# of unsupported tests 16
/amnt/figaro/volumes/obj-gcc/gcc/obj.sol2/gcc-3.3-20030327/8-gcc/gcc/testsuite/../g77 version 3.3 20030327 (prerelease)
=== gcc tests ===
Running target unix
WARNING: gcc.dg/20021014-1.c compilation failed to produce executable
FAIL: gcc.dg/duff-2.c (test for excess errors)
=== gcc Summary for unix ===
# of expected passes 20753
# of unexpected failures 1
# of expected failures 67
# of unsupported tests 160
Running target unix/-m64
FAIL: gcc.c-torture/compile/simd-5.c, -O0
FAIL: gcc.c-torture/compile/simd-5.c, -O1
FAIL: gcc.c-torture/compile/simd-5.c, -O2
FAIL: gcc.c-torture/compile/simd-5.c, -O3 -fomit-frame-pointer
FAIL: gcc.c-torture/compile/simd-5.c, -O3 -g
FAIL: gcc.c-torture/compile/simd-5.c, -Os
WARNING: gcc.dg/20021014-1.c compilation failed to produce executable
FAIL: gcc.dg/duff-2.c (test for excess errors)
FAIL: gcc.dg/sparc-ret.c (test for excess errors)
ERROR: gcc.dg/sparc-ret.c: error executing dg-final: couldn't open "sparc-ret.s": no such file or directory
UNRESOLVED: gcc.dg/sparc-ret.c: error executing dg-final: couldn't open "sparc-ret.s": no such file or directory
=== gcc Summary for unix/-m64 ===
# of expected passes 20740
# of unexpected failures 8
# of expected failures 71
# of unresolved testcases 1
# of unsupported tests 160
=== gcc Summary ===
# of expected passes 41493
# of unexpected failures 9
# of expected failures 138
# of unresolved testcases 1
# of unsupported tests 320
/amnt/figaro/volumes/obj-gcc/gcc/obj.sol2/gcc-3.3-20030327/8-gcc/gcc/xgcc version 3.3 20030327 (prerelease)
=== objc tests ===
Running target unix
=== objc Summary for unix ===
# of expected passes 1153
Running target unix/-m64
=== objc Summary for unix/-m64 ===
# of expected passes 1153
=== objc Summary ===
# of expected passes 2306
/amnt/figaro/volumes/obj-gcc/gcc/obj.sol2/gcc-3.3-20030327/8-gcc/gcc/xgcc version 3.3 20030327 (prerelease)
=== libjava tests ===
Running target unix
FAIL: Array_3 execution - gij test
FAIL: Array_3 execution - gij test
FAIL: FileHandleGcTest execution - source compiled test
FAIL: FileHandleGcTest execution - bytecode->native test
FAIL: FileHandleGcTest -O execution - source compiled test
FAIL: FileHandleGcTest -O execution - bytecode->native test
FAIL: SyncTest execution - gij test
FAIL: SyncTest execution - gij test
FAIL: TLtest execution - gij test
FAIL: Thread_Monitor execution - gij test
WARNING: program timed out.
FAIL: Thread_Wait_2 execution - gij test
FAIL: Throw_2 execution - source compiled test
FAIL: Throw_2 execution - gij test
FAIL: Throw_2 execution - bytecode->native test
FAIL: Throw_2 -O execution - source compiled test
FAIL: Throw_2 execution - gij test
FAIL: Throw_2 -O execution - bytecode->native test
=== libjava Summary for unix ===
# of expected passes 2909
# of unexpected failures 17
# of expected failures 16
# of untested testcases 29
Running target unix/-m64
FAIL: Array_3 execution - gij test
FAIL: Array_3 execution - gij test
FAIL: FileHandleGcTest execution - source compiled test
FAIL: FileHandleGcTest execution - gij test
FAIL: FileHandleGcTest execution - bytecode->native test
FAIL: FileHandleGcTest -O execution - source compiled test
FAIL: FileHandleGcTest execution - gij test
FAIL: FileHandleGcTest -O execution - bytecode->native test
FAIL: PR141 execution - gij test
FAIL: PR141 execution - gij test
FAIL: Thread_Join execution - gij test
FAIL: Thread_Wait_Interrupt execution - gij test
FAIL: Thread_Wait_Interrupt execution - gij test
=== libjava Summary for unix/-m64 ===
# of expected passes 2917
# of unexpected failures 13
# of expected failures 16
# of untested testcases 25
=== libjava Summary ===
# of expected passes 5826
# of unexpected failures 30
# of expected failures 32
# of untested testcases 54
=== libstdc++-v3 tests ===
Running target unix
=== libstdc++-v3 Summary for unix ===
# of expected passes 426
# of expected failures 18
Running target unix/-m64
=== libstdc++-v3 Summary for unix/-m64 ===
# of expected passes 426
# of expected failures 18
=== libstdc++-v3 Summary ===
# of expected passes 852
# of expected failures 36
Compiler version: 3.3 20030327 (prerelease)
Platform: sparc-sun-solaris2.8
configure flags: --host=sparc-sun-solaris2.8 --prefix=/vol/gcc --with-local-prefix=/vol/gcc --disable-nls
More information about the Gcc-testresults
mailing list