Results for 3.4 20030326 (experimental) testsuite on ia64-suse-linux-gnu
Andreas Schwab
schwab@suse.de
Wed Mar 26 13:25:00 GMT 2003
LAST_UPDATED: Wed Mar 26 09:06:34 UTC 2003
Native configuration is ia64-suse-linux-gnu
=== g++ tests ===
Running target unix
FAIL: pch/system-1.C -g assembly comparison
FAIL: pch/system-1.C -O2 -g assembly comparison
FAIL: g++.pt/repo3.C (test for excess errors)
=== g++ Summary ===
# of expected passes 8163
# of unexpected failures 3
# of expected failures 69
# of untested testcases 23
# of unsupported tests 18
/tmp/cvs/gcc-20030326/Build/gcc/testsuite/../g++ version 3.4 20030326 (experimental)
=== g77 tests ===
Running target unix
FAIL: g77.f-torture/execute/980520-1.f compilation, -O0
=== g77 Summary ===
# of expected passes 1672
# of unexpected failures 1
# of untested testcases 1
# of unsupported tests 8
/tmp/cvs/gcc-20030326/Build/gcc/testsuite/../g77 version 3.4 20030326 (experimental)
=== gcc tests ===
Running target unix
XPASS: gcc.c-torture/compile/981223-1.c, -O2
XPASS: gcc.c-torture/compile/981223-1.c, -O3 -fomit-frame-pointer
XPASS: gcc.c-torture/compile/981223-1.c, -O3 -g
XPASS: gcc.c-torture/compile/981223-1.c, -Os
FAIL: gcc.c-torture/compile/930117-1.c, -O1
XPASS: gcc.c-torture/compile/920625-1.c, -O2
XPASS: gcc.c-torture/compile/920625-1.c, -O3 -fomit-frame-pointer
XPASS: gcc.c-torture/compile/920625-1.c, -O3 -fomit-frame-pointer -funroll-loops
XPASS: gcc.c-torture/compile/920625-1.c, -O3 -fomit-frame-pointer -funroll-all-loops -finline-functions
XPASS: gcc.c-torture/compile/920625-1.c, -O3 -g
XPASS: gcc.c-torture/execute/990208-1.c execution, -O3 -fomit-frame-pointer
XPASS: gcc.c-torture/execute/990208-1.c execution, -O3 -g
FAIL: gcc.dg/Wreturn-type.c (test for excess errors)
FAIL: gcc.dg/duff-2.c (test for excess errors)
FAIL: gcc.dg/loop-2.c (test for excess errors)
WARNING: gcc.dg/loop-2.c compilation failed to produce executable
FAIL: gcc.dg/warn-1.c (test for warnings, line 8)
FAIL: gcc.dg/warn-1.c (test for warnings, line 15)
FAIL: gcc.dg/pch/inline-1.c (test for excess errors)
=== gcc Summary ===
# of expected passes 21103
# of unexpected failures 7
# of unexpected successes 11
# of expected failures 78
# of untested testcases 1
# of unsupported tests 190
/tmp/cvs/gcc-20030326/Build/gcc/xgcc version 3.4 20030326 (experimental)
=== objc tests ===
Running target unix
=== objc Summary ===
# of expected passes 1153
/tmp/cvs/gcc-20030326/Build/gcc/xgcc version 3.4 20030326 (experimental)
=== libjava tests ===
Running target unix
=== libjava Summary ===
# of expected passes 2971
# of expected failures 16
# of untested testcases 12
=== libstdc++-v3 tests ===
Running target unix
FAIL: 22_locale/codecvt/always_noconv/wchar_t/3.cc execution test
FAIL: 22_locale/codecvt/encoding/wchar_t/3.cc execution test
FAIL: 22_locale/codecvt/encoding/wchar_t/wrapped_locale.cc execution test
FAIL: 22_locale/codecvt/in/wchar_t/3.cc execution test
FAIL: 22_locale/codecvt/length/wchar_t/3.cc execution test
FAIL: 22_locale/codecvt/max_length/wchar_t/3.cc execution test
FAIL: 22_locale/codecvt/max_length/wchar_t/wrapped_locale.cc execution test
FAIL: 22_locale/codecvt/out/wchar_t/3.cc execution test
FAIL: 22_locale/codecvt/unshift/wchar_t/3.cc execution test
FAIL: 22_locale/ctype/narrow/wchar_t/3.cc execution test
FAIL: 22_locale/ctype/widen/wchar_t/2.cc execution test
FAIL: 22_locale/ctype/widen/wchar_t/3.cc execution test
FAIL: 25_algorithms/min_max.cc (test for excess errors)
=== libstdc++-v3 Summary ===
# of expected passes 1322
# of unexpected failures 13
# of expected failures 2
Compiler version: 3.4 20030326 (experimental)
Platform: ia64-suse-linux-gnu
configure flags: --host=ia64-suse-linux --enable-shared --enable-threads --with-system-zlib
More information about the Gcc-testresults
mailing list