Results for 3.3 20030323 (prerelease) testsuite on sparcv9-sun-solaris2.7 (RTL check)
Kaveh R. Ghazi
ghazi@caip.rutgers.edu
Mon Mar 24 13:44:00 GMT 2003
LAST_UPDATED:
Native configuration is sparcv9-sun-solaris2.7
=== g++ tests ===
Running target unix/-m32
FAIL: g++.dg/compat/break/bitfield7 y_tst.o compile
UNRESOLVED: g++.dg/compat/break/bitfield7 x_tst.o-y_tst.o link
UNRESOLVED: g++.dg/compat/break/bitfield7 x_tst.o-y_tst.o execute
FAIL: g++.dg/parse/stack1.C (test for excess errors)
FAIL: g++.other/decl5.C caused compiler crash
=== g++ Summary for unix/-m32 ===
# of expected passes 7872
# of unexpected failures 3
# of expected failures 93
# of unresolved testcases 2
# of untested testcases 23
# of unsupported tests 15
Running target unix/-fPIC
FAIL: g++.dg/parse/stack1.C (test for excess errors)
FAIL: g++.other/decl5.C caused compiler crash
=== g++ Summary for unix/-fPIC ===
# of expected passes 7874
# of unexpected failures 2
# of expected failures 94
# of untested testcases 23
# of unsupported tests 15
Running target unix/-fpic
FAIL: g++.dg/parse/stack1.C (test for excess errors)
FAIL: g++.other/decl5.C caused compiler crash
=== g++ Summary for unix/-fpic ===
# of expected passes 7874
# of unexpected failures 2
# of expected failures 94
# of untested testcases 23
# of unsupported tests 15
Running target unix
FAIL: g++.dg/parse/stack1.C (test for excess errors)
FAIL: g++.other/decl5.C caused compiler crash
=== g++ Summary for unix ===
# of expected passes 7874
# of unexpected failures 2
# of expected failures 94
# of untested testcases 23
# of unsupported tests 15
=== g++ Summary ===
# of expected passes 31494
# of unexpected failures 9
# of expected failures 375
# of unresolved testcases 2
# of untested testcases 92
# of unsupported tests 60
/teal/tmpdisk/ghazi/gcc-testing/v9-33/build/gcc/testsuite/../g++ version 3.3 20030323 (prerelease)
=== g77 tests ===
Running target unix/-m32
=== g77 Summary for unix/-m32 ===
# of expected passes 1656
# of unsupported tests 8
Running target unix/-fPIC
=== g77 Summary for unix/-fPIC ===
# of expected passes 1656
# of unsupported tests 8
Running target unix/-fpic
=== g77 Summary for unix/-fpic ===
# of expected passes 1656
# of unsupported tests 8
Running target unix
=== g77 Summary for unix ===
# of expected passes 1656
# of unsupported tests 8
=== g77 Summary ===
# of expected passes 6624
# of unsupported tests 32
/teal/tmpdisk/ghazi/gcc-testing/v9-33/build/gcc/testsuite/../g77 version 3.3 20030323 (prerelease)
=== gcc tests ===
Running target unix/-m32
WARNING: program timed out.
FAIL: gcc.c-torture/compile/20001226-1.c, -O3 -g
WARNING: gcc.dg/20021014-1.c compilation failed to produce executable
FAIL: gcc.dg/duff-2.c (test for excess errors)
FAIL: gcc.dg/ultrasp2.c (test for excess errors)
FAIL: gcc.dg/ultrasp4.c (test for excess errors)
=== gcc Summary for unix/-m32 ===
# of expected passes 20748
# of unexpected failures 4
# of expected failures 67
# of unsupported tests 154
Running target unix/-fPIC
WARNING: program timed out.
FAIL: gcc.c-torture/compile/20001226-1.c, -O3 -g
FAIL: gcc.c-torture/compile/simd-5.c, -O0
FAIL: gcc.c-torture/compile/simd-5.c, -O1
FAIL: gcc.c-torture/compile/simd-5.c, -O2
FAIL: gcc.c-torture/compile/simd-5.c, -O3 -fomit-frame-pointer
FAIL: gcc.c-torture/compile/simd-5.c, -O3 -g
FAIL: gcc.c-torture/compile/simd-5.c, -Os
FAIL: gcc.c-torture/execute/20020720-1.c compilation, -O1
UNRESOLVED: gcc.c-torture/execute/20020720-1.c execution, -O1
FAIL: gcc.c-torture/execute/20020720-1.c compilation, -O2
UNRESOLVED: gcc.c-torture/execute/20020720-1.c execution, -O2
FAIL: gcc.c-torture/execute/20020720-1.c compilation, -O3 -fomit-frame-pointer
UNRESOLVED: gcc.c-torture/execute/20020720-1.c execution, -O3 -fomit-frame-pointer
FAIL: gcc.c-torture/execute/20020720-1.c compilation, -O3 -g
UNRESOLVED: gcc.c-torture/execute/20020720-1.c execution, -O3 -g
FAIL: gcc.c-torture/execute/20020720-1.c compilation, -Os
UNRESOLVED: gcc.c-torture/execute/20020720-1.c execution, -Os
WARNING: gcc.dg/20021014-1.c compilation failed to produce executable
FAIL: gcc.dg/duff-2.c (test for excess errors)
=== gcc Summary for unix/-fPIC ===
# of expected passes 20730
# of unexpected failures 13
# of expected failures 71
# of unresolved testcases 5
# of unsupported tests 154
Running target unix/-fpic
WARNING: program timed out.
FAIL: gcc.c-torture/compile/20001226-1.c, -O3 -g
FAIL: gcc.c-torture/compile/simd-5.c, -O0
FAIL: gcc.c-torture/compile/simd-5.c, -O1
FAIL: gcc.c-torture/compile/simd-5.c, -O2
FAIL: gcc.c-torture/compile/simd-5.c, -O3 -fomit-frame-pointer
FAIL: gcc.c-torture/compile/simd-5.c, -O3 -g
FAIL: gcc.c-torture/compile/simd-5.c, -Os
FAIL: gcc.c-torture/execute/20020720-1.c compilation, -O1
UNRESOLVED: gcc.c-torture/execute/20020720-1.c execution, -O1
FAIL: gcc.c-torture/execute/20020720-1.c compilation, -O2
UNRESOLVED: gcc.c-torture/execute/20020720-1.c execution, -O2
FAIL: gcc.c-torture/execute/20020720-1.c compilation, -O3 -fomit-frame-pointer
UNRESOLVED: gcc.c-torture/execute/20020720-1.c execution, -O3 -fomit-frame-pointer
FAIL: gcc.c-torture/execute/20020720-1.c compilation, -O3 -g
UNRESOLVED: gcc.c-torture/execute/20020720-1.c execution, -O3 -g
FAIL: gcc.c-torture/execute/20020720-1.c compilation, -Os
UNRESOLVED: gcc.c-torture/execute/20020720-1.c execution, -Os
WARNING: gcc.dg/20021014-1.c compilation failed to produce executable
FAIL: gcc.dg/duff-2.c (test for excess errors)
=== gcc Summary for unix/-fpic ===
# of expected passes 20730
# of unexpected failures 13
# of expected failures 71
# of unresolved testcases 5
# of unsupported tests 154
Running target unix
WARNING: program timed out.
FAIL: gcc.c-torture/compile/20001226-1.c, -O3 -g
FAIL: gcc.c-torture/compile/simd-5.c, -O0
FAIL: gcc.c-torture/compile/simd-5.c, -O1
FAIL: gcc.c-torture/compile/simd-5.c, -O2
FAIL: gcc.c-torture/compile/simd-5.c, -O3 -fomit-frame-pointer
FAIL: gcc.c-torture/compile/simd-5.c, -O3 -g
FAIL: gcc.c-torture/compile/simd-5.c, -Os
WARNING: gcc.dg/20021014-1.c compilation failed to produce executable
FAIL: gcc.dg/duff-2.c (test for excess errors)
=== gcc Summary for unix ===
# of expected passes 20740
# of unexpected failures 8
# of expected failures 71
# of unsupported tests 154
=== gcc Summary ===
# of expected passes 82948
# of unexpected failures 38
# of expected failures 280
# of unresolved testcases 10
# of unsupported tests 616
/teal/tmpdisk/ghazi/gcc-testing/v9-33/build/gcc/xgcc version 3.3 20030323 (prerelease)
=== objc tests ===
Running target unix/-m32
=== objc Summary for unix/-m32 ===
# of expected passes 1153
Running target unix/-fPIC
=== objc Summary for unix/-fPIC ===
# of expected passes 1153
Running target unix/-fpic
=== objc Summary for unix/-fpic ===
# of expected passes 1153
Running target unix
=== objc Summary for unix ===
# of expected passes 1153
=== objc Summary ===
# of expected passes 4612
/teal/tmpdisk/ghazi/gcc-testing/v9-33/build/gcc/xgcc version 3.3 20030323 (prerelease)
=== libjava tests ===
Running target unix/-m32
FAIL: linking cxxtest
FAIL: Array_3 execution - gij test
FAIL: Array_3 execution - gij test
FAIL: FileHandleGcTest execution - source compiled test
FAIL: FileHandleGcTest execution - bytecode->native test
FAIL: FileHandleGcTest -O execution - source compiled test
FAIL: FileHandleGcTest -O execution - bytecode->native test
FAIL: SyncTest execution - gij test
WARNING: program timed out.
FAIL: SyncTest execution - bytecode->native test
FAIL: SyncTest execution - gij test
WARNING: program timed out.
FAIL: SyncTest -O execution - bytecode->native test
FAIL: TLtest execution - gij test
FAIL: TLtest execution - gij test
FAIL: Thread_Join execution - gij test
FAIL: Thread_Join execution - gij test
FAIL: Thread_Monitor execution - gij test
FAIL: Thread_Monitor execution - gij test
FAIL: Thread_Wait_2 execution - gij test
FAIL: Thread_Wait_Interrupt execution - gij test
FAIL: Thread_Wait_Interrupt execution - gij test
FAIL: Throw_2 execution - source compiled test
FAIL: Throw_2 execution - gij test
FAIL: Throw_2 execution - bytecode->native test
FAIL: Throw_2 -O execution - source compiled test
FAIL: Throw_2 execution - gij test
FAIL: Throw_2 -O execution - bytecode->native test
=== libjava Summary for unix/-m32 ===
# of expected passes 2891
# of unexpected failures 26
# of expected failures 17
# of untested testcases 37
Running target unix/-fPIC
FAIL: linking cxxtest
FAIL: Array_3 execution - gij test
FAIL: Array_3 execution - gij test
FAIL: FileHandleGcTest execution - source compiled test
FAIL: FileHandleGcTest execution - gij test
FAIL: FileHandleGcTest execution - bytecode->native test
FAIL: FileHandleGcTest -O execution - source compiled test
FAIL: FileHandleGcTest execution - gij test
FAIL: FileHandleGcTest -O execution - bytecode->native test
FAIL: PR141 execution - gij test
FAIL: PR141 execution - gij test
WARNING: program timed out.
FAIL: SyncTest execution - gij test
WARNING: program timed out.
FAIL: SyncTest execution - bytecode->native test
FAIL: SyncTest execution - gij test
WARNING: program timed out.
FAIL: SyncTest -O execution - bytecode->native test
FAIL: Thread_Wait_Interrupt execution - gij test
FAIL: Thread_Wait_Interrupt execution - gij test
=== libjava Summary for unix/-fPIC ===
# of expected passes 2909
# of unexpected failures 17
# of expected failures 17
# of untested testcases 28
Running target unix/-fpic
FAIL: linking cxxtest
FAIL: Array_3 execution - gij test
FAIL: Array_3 execution - gij test
FAIL: FileHandleGcTest execution - source compiled test
FAIL: FileHandleGcTest execution - gij test
FAIL: FileHandleGcTest execution - bytecode->native test
FAIL: FileHandleGcTest -O execution - source compiled test
FAIL: FileHandleGcTest execution - gij test
FAIL: FileHandleGcTest -O execution - bytecode->native test
FAIL: PR141 execution - gij test
FAIL: PR141 execution - gij test
WARNING: program timed out.
FAIL: SyncTest execution - gij test
WARNING: program timed out.
FAIL: SyncTest execution - bytecode->native test
WARNING: program timed out.
FAIL: SyncTest execution - gij test
WARNING: program timed out.
FAIL: SyncTest -O execution - bytecode->native test
WARNING: program timed out.
FAIL: Thread_Wait_2 execution - gij test
WARNING: program timed out.
FAIL: Thread_Wait_2 execution - gij test
FAIL: Thread_Wait_Interrupt execution - gij test
FAIL: Thread_Wait_Interrupt execution - gij test
=== libjava Summary for unix/-fpic ===
# of expected passes 2905
# of unexpected failures 19
# of expected failures 17
# of untested testcases 30
Running target unix
FAIL: linking cxxtest
FAIL: Array_3 execution - gij test
FAIL: Array_3 execution - gij test
FAIL: FileHandleGcTest execution - source compiled test
FAIL: FileHandleGcTest execution - gij test
FAIL: FileHandleGcTest execution - bytecode->native test
FAIL: FileHandleGcTest -O execution - source compiled test
FAIL: FileHandleGcTest execution - gij test
FAIL: FileHandleGcTest -O execution - bytecode->native test
FAIL: PR141 execution - gij test
FAIL: PR141 execution - gij test
WARNING: program timed out.
FAIL: SyncTest execution - gij test
WARNING: program timed out.
FAIL: SyncTest execution - bytecode->native test
WARNING: program timed out.
FAIL: SyncTest execution - gij test
WARNING: program timed out.
FAIL: SyncTest -O execution - bytecode->native test
FAIL: Thread_Wait_Interrupt execution - gij test
FAIL: Thread_Wait_Interrupt execution - gij test
=== libjava Summary for unix ===
# of expected passes 2909
# of unexpected failures 17
# of expected failures 17
# of untested testcases 28
=== libjava Summary ===
# of expected passes 11614
# of unexpected failures 79
# of expected failures 68
# of untested testcases 123
=== libstdc++-v3 tests ===
Running target unix/-m32
=== libstdc++-v3 Summary for unix/-m32 ===
# of expected passes 426
# of expected failures 18
Running target unix/-fPIC
=== libstdc++-v3 Summary for unix/-fPIC ===
# of expected passes 426
# of expected failures 18
Running target unix/-fpic
=== libstdc++-v3 Summary for unix/-fpic ===
# of expected passes 426
# of expected failures 18
Running target unix
=== libstdc++-v3 Summary for unix ===
# of expected passes 426
# of expected failures 18
=== libstdc++-v3 Summary ===
# of expected passes 1704
# of expected failures 72
Compiler version: 3.3 20030323 (prerelease)
Platform: sparcv9-sun-solaris2.7
configure flags: --host=sparcv9-sun-solaris2.7 --verbose --enable-checking=misc,tree,rtl,rtlflag,gc
More information about the Gcc-testresults
mailing list