Results for 3.3 20030322 (prerelease) testsuite on x86_64-suse-linux-gnu
Andreas Jaeger
aj@suse.de
Sat Mar 22 19:39:00 GMT 2003
Bootstrap and regtesting on x86_64-linux-gnu.
CVS sources: branch: 3.3 release branch
LAST_UPDATED: Sat Mar 22 14:47:07 UTC 2003
Native configuration is x86_64-suse-linux-gnu
=== g++ tests ===
Running target unix/-m32
FAIL: g++.dg/tls/init-2.C (test for excess errors)
FAIL: g++.other/decl5.C caused compiler crash
XPASS: g++.other/init5.C Execution test
=== g++ Summary for unix/-m32 ===
# of expected passes 7899
# of unexpected failures 2
# of unexpected successes 1
# of expected failures 90
# of untested testcases 22
# of unsupported tests 16
Running target unix
FAIL: g++.dg/tls/init-2.C (test for excess errors)
FAIL: g++.other/decl5.C caused compiler crash
XPASS: g++.other/init5.C Execution test
=== g++ Summary for unix ===
# of expected passes 7899
# of unexpected failures 2
# of unexpected successes 1
# of expected failures 90
# of untested testcases 22
# of unsupported tests 16
=== g++ Summary ===
# of expected passes 15798
# of unexpected failures 4
# of unexpected successes 2
# of expected failures 180
# of untested testcases 44
# of unsupported tests 32
/usr/src/aj/build/gcc/misc/gcc/testsuite/../g++ version 3.3 20030322 (prerelease)
=== g77 tests ===
Running target unix/-m32
=== g77 Summary for unix/-m32 ===
# of expected passes 1644
# of unsupported tests 8
Running target unix
=== g77 Summary for unix ===
# of expected passes 1644
# of unsupported tests 8
=== g77 Summary ===
# of expected passes 3288
# of unsupported tests 16
/usr/src/aj/build/gcc/misc/gcc/testsuite/../g77 version 3.3 20030322 (prerelease)
=== gcc tests ===
Running target unix/-m32
FAIL: gcc.c-torture/compile/20000405-3.c, -Os
XPASS: gcc.c-torture/execute/20020227-1.c execution, -O0
XPASS: gcc.c-torture/execute/20020227-1.c execution, -O1
XPASS: gcc.c-torture/execute/20020227-1.c execution, -O2
XPASS: gcc.c-torture/execute/20020227-1.c execution, -O3 -fomit-frame-pointer
XPASS: gcc.c-torture/execute/20020227-1.c execution, -O3 -g
XPASS: gcc.c-torture/execute/20020227-1.c execution, -Os
XPASS: gcc.c-torture/execute/20020720-1.c compilation, -O1
XPASS: gcc.c-torture/execute/20020720-1.c compilation, -O2
XPASS: gcc.c-torture/execute/20020720-1.c compilation, -O3 -fomit-frame-pointer
XPASS: gcc.c-torture/execute/20020720-1.c compilation, -O3 -g
XPASS: gcc.c-torture/execute/20020720-1.c compilation, -Os
FAIL: gcc.c-torture/execute/loop-2e.c execution, -Os
FAIL: gcc.c-torture/execute/ieee/20010114-2.c execution, -O1
FAIL: gcc.c-torture/execute/ieee/20010114-2.c execution, -O2
FAIL: gcc.c-torture/execute/ieee/20010114-2.c execution, -Os
FAIL: gcc.c-torture/execute/ieee/980619-1.c execution, -O1
FAIL: gcc.c-torture/execute/ieee/980619-1.c execution, -O2
FAIL: gcc.c-torture/execute/ieee/980619-1.c execution, -O3 -fomit-frame-pointer
FAIL: gcc.c-torture/execute/ieee/980619-1.c execution, -O3 -fomit-frame-pointer -funroll-loops
FAIL: gcc.c-torture/execute/ieee/980619-1.c execution, -O3 -fomit-frame-pointer -funroll-all-loops -finline-functions
FAIL: gcc.c-torture/execute/ieee/980619-1.c execution, -O3 -g
FAIL: gcc.c-torture/execute/ieee/980619-1.c execution, -Os
FAIL: gcc.c-torture/execute/ieee/20010114-2.c execution, -O1
FAIL: gcc.c-torture/execute/ieee/20010114-2.c execution, -O2
FAIL: gcc.c-torture/execute/ieee/20010114-2.c execution, -Os
FAIL: gcc.c-torture/execute/ieee/980619-1.c execution, -O1
FAIL: gcc.c-torture/execute/ieee/980619-1.c execution, -O2
FAIL: gcc.c-torture/execute/ieee/980619-1.c execution, -O3 -fomit-frame-pointer
FAIL: gcc.c-torture/execute/ieee/980619-1.c execution, -O3 -fomit-frame-pointer -funroll-loops
FAIL: gcc.c-torture/execute/ieee/980619-1.c execution, -O3 -fomit-frame-pointer -funroll-all-loops -finline-functions
FAIL: gcc.c-torture/execute/ieee/980619-1.c execution, -O3 -g
FAIL: gcc.c-torture/execute/ieee/980619-1.c execution, -Os
FAIL: gcc.dg/duff-2.c (test for excess errors)
FAIL: gcc.dg/uninit-C.c (test for excess errors)
FAIL: linkage.c
=== gcc Summary for unix/-m32 ===
# of expected passes 21233
# of unexpected failures 25
# of unexpected successes 11
# of expected failures 68
# of unsupported tests 148
Running target unix
FAIL: gcc.c-torture/compile/simd-5.c, -O1
FAIL: gcc.c-torture/compile/simd-5.c, -O2
FAIL: gcc.c-torture/compile/simd-5.c, -O3 -fomit-frame-pointer
FAIL: gcc.c-torture/compile/simd-5.c, -O3 -g
FAIL: gcc.c-torture/compile/simd-5.c, -Os
XPASS: gcc.c-torture/execute/20020227-1.c execution, -O0
XPASS: gcc.c-torture/execute/20020227-1.c execution, -O1
XPASS: gcc.c-torture/execute/20020227-1.c execution, -O2
XPASS: gcc.c-torture/execute/20020227-1.c execution, -O3 -fomit-frame-pointer
XPASS: gcc.c-torture/execute/20020227-1.c execution, -O3 -g
XPASS: gcc.c-torture/execute/20020227-1.c execution, -Os
UNRESOLVED: gcc.c-torture/execute/20020720-1.c execution, -O1
UNRESOLVED: gcc.c-torture/execute/20020720-1.c execution, -O2
UNRESOLVED: gcc.c-torture/execute/20020720-1.c execution, -O3 -fomit-frame-pointer
UNRESOLVED: gcc.c-torture/execute/20020720-1.c execution, -O3 -g
UNRESOLVED: gcc.c-torture/execute/20020720-1.c execution, -Os
FAIL: gcc.c-torture/execute/990208-1.c execution, -O3 -fomit-frame-pointer
FAIL: gcc.c-torture/execute/990208-1.c execution, -O3 -g
FAIL: gcc.dg/20020103-1.c scan-assembler-not LC
FAIL: gcc.dg/duff-2.c (test for excess errors)
FAIL: gcc.dg/i386-sse-1.c (test for excess errors)
FAIL: gcc.dg/tls/nonpic-1.c (test for excess errors)
FAIL: gcc.dg/tls/pic-1.c (test for excess errors)
=== gcc Summary for unix ===
# of expected passes 21241
# of unexpected failures 12
# of unexpected successes 6
# of expected failures 73
# of unresolved testcases 5
# of unsupported tests 148
=== gcc Summary ===
# of expected passes 42474
# of unexpected failures 37
# of unexpected successes 17
# of expected failures 141
# of unresolved testcases 5
# of unsupported tests 296
/usr/src/aj/build/gcc/misc/gcc/xgcc version 3.3 20030322 (prerelease)
=== objc tests ===
Running target unix/-m32
=== objc Summary for unix/-m32 ===
# of expected passes 1153
Running target unix
=== objc Summary for unix ===
# of expected passes 1153
=== objc Summary ===
# of expected passes 2306
/usr/src/aj/build/gcc/misc/gcc/xgcc version 3.3 20030322 (prerelease)
=== treelang tests ===
Running target unix/-m32
=== treelang Summary for unix/-m32 ===
# of expected passes 1
Running target unix
=== treelang Summary for unix ===
=== treelang Summary ===
# of expected passes 1
=== libjava tests ===
Running target unix/-m32
FAIL: ArrayStore output - gij test
FAIL: ArrayStore output - gij test
FAIL: ArrayStore2 output - gij test
FAIL: ArrayStore2 output - gij test
FAIL: Array_1 output - gij test
FAIL: Array_1 output - gij test
FAIL: Array_2 output - gij test
FAIL: Array_2 output - gij test
FAIL: Class_1 output - gij test
FAIL: Class_1 output - gij test
FAIL: Divide_1 execution - gij test
FAIL: Divide_1 execution - gij test
FAIL: EvaluationOrder output - gij test
FAIL: EvaluationOrder output - gij test
FAIL: Final output - gij test
FAIL: Final output - gij test
FAIL: Float_1 output - gij test
FAIL: Float_1 output - gij test
FAIL: G19990301_01 output - gij test
FAIL: G19990301_01 output - gij test
FAIL: G19990302_02 output - gij test
FAIL: G19990302_02 output - gij test
FAIL: G19990303_01 output - gij test
FAIL: G19990303_01 output - gij test
FAIL: G19990303_02 output - gij test
FAIL: G19990303_02 output - gij test
FAIL: G19990304_01 output - gij test
FAIL: G19990304_01 output - gij test
FAIL: G19990310_01 output - gij test
FAIL: G19990310_01 output - gij test
FAIL: II output - gij test
FAIL: II output - gij test
FAIL: InterfaceDispatch output - gij test
FAIL: InterfaceDispatch output - gij test
FAIL: InvokeReturn output - gij test
FAIL: InvokeReturn output - gij test
FAIL: Invoke_1 output - gij test
FAIL: Invoke_1 output - gij test
FAIL: Invoke_2 output - gij test
FAIL: Invoke_2 output - gij test
FAIL: KeepInline output - gij test
FAIL: KeepInline output - gij test
FAIL: Matrix4f output - gij test
FAIL: Matrix4f output - gij test
FAIL: N19990310_02 output - gij test
FAIL: N19990310_02 output - gij test
FAIL: N19990310_3 output - gij test
FAIL: N19990310_3 output - gij test
FAIL: N19990310_4 output - gij test
FAIL: N19990310_4 output - gij test
FAIL: N19990310_5 output - gij test
FAIL: N19990310_5 output - gij test
FAIL: PR141 output - gij test
FAIL: PR141 output - gij test
FAIL: PR160 output - gij test
FAIL: PR160 output - gij test
FAIL: PR162 output - gij test
FAIL: PR162 output - gij test
FAIL: PR218 output - gij test
FAIL: PR218 output - gij test
FAIL: PR242 output - gij test
FAIL: PR242 output - gij test
FAIL: PR260 output - gij test
FAIL: PR260 output - gij test
FAIL: PR3096 output - gij test
FAIL: PR3096 output - gij test
FAIL: PR3731 output - gij test
FAIL: PR3731 output - gij test
FAIL: PR5057 execution - gij test
FAIL: PR5057 execution - gij test
FAIL: PR5057_2 execution - gij test
FAIL: PR5057_2 execution - gij test
FAIL: PR55 output - gij test
FAIL: PR55 output - gij test
FAIL: PR6085 output - gij test
FAIL: PR6085 output - gij test
FAIL: PR6204 output - gij test
FAIL: PR6204 output - gij test
FAIL: PR6729 execution - gij test
FAIL: PR6729 execution - gij test
FAIL: PR6820 execution - gij test
FAIL: PR6820 execution - gij test
FAIL: Shazam output - gij test
FAIL: Shazam output - gij test
FAIL: StaticConstructor output - gij test
FAIL: StaticConstructor output - gij test
FAIL: StringBuffer_1 output - gij test
FAIL: StringBuffer_1 output - gij test
FAIL: SyncGlobal execution - gij test
FAIL: SyncGlobal execution - gij test
FAIL: SyncTest output - gij test
FAIL: SyncTest output - gij test
FAIL: Synch output - gij test
FAIL: Synch output - gij test
FAIL: TLtest output - gij test
FAIL: TLtest output - gij test
FAIL: TestProxy output - source compiled test
FAIL: TestProxy output - gij test
FAIL: TestProxy output - bytecode->native test
FAIL: TestProxy -O output - source compiled test
FAIL: TestProxy output - gij test
FAIL: TestProxy -O output - bytecode->native test
FAIL: Thread_Alive output - gij test
FAIL: Thread_Alive output - gij test
FAIL: Thread_Interrupt output - source compiled test
FAIL: Thread_Interrupt output - gij test
FAIL: Thread_Interrupt output - gij test
FAIL: Thread_Interrupt -O output - bytecode->native test
FAIL: Thread_Join output - gij test
FAIL: Thread_Join output - gij test
FAIL: Thread_Monitor output - gij test
FAIL: Thread_Monitor output - gij test
FAIL: Thread_Sleep output - gij test
FAIL: Thread_Sleep output - gij test
FAIL: Thread_Wait output - gij test
FAIL: Thread_Wait output - gij test
FAIL: Thread_Wait_2 execution - gij test
FAIL: Thread_Wait_2 execution - gij test
FAIL: Thread_Wait_Interrupt output - gij test
FAIL: Thread_Wait_Interrupt output - gij test
FAIL: Throw_2 execution - source compiled test
FAIL: Throw_2 execution - bytecode->native test
FAIL: Throw_2 -O execution - source compiled test
FAIL: Throw_2 -O execution - bytecode->native test
FAIL: anfi output - gij test
FAIL: anfi output - gij test
FAIL: anon output - gij test
FAIL: anon output - gij test
FAIL: anon2 output - gij test
FAIL: anon2 output - gij test
FAIL: anon3 output - gij test
FAIL: anon3 output - gij test
FAIL: anon4 output - gij test
FAIL: anon4 output - gij test
FAIL: anon_ctor_itf_arg output - gij test
FAIL: anon_ctor_itf_arg output - gij test
FAIL: anonarray output - gij test
FAIL: anonarray output - gij test
FAIL: anonarray2 output - gij test
FAIL: anonarray2 output - gij test
FAIL: anonarray3 output - gij test
FAIL: anonarray3 output - gij test
FAIL: direct_read output - gij test
FAIL: direct_read output - gij test
FAIL: direct_write output - gij test
FAIL: direct_write output - gij test
FAIL: emptystring output - gij test
FAIL: emptystring output - gij test
FAIL: err1 output - gij test
FAIL: err1 output - gij test
FAIL: err10 output - gij test
FAIL: err10 output - gij test
FAIL: err11 output - gij test
FAIL: err11 output - gij test
FAIL: err12 output - gij test
FAIL: err12 output - gij test
FAIL: err13 output - gij test
FAIL: err13 output - gij test
FAIL: err2 output - gij test
FAIL: err2 output - gij test
FAIL: err3 output - gij test
FAIL: err3 output - gij test
FAIL: err4 output - gij test
FAIL: err4 output - gij test
FAIL: err5 output - gij test
FAIL: err5 output - gij test
FAIL: err6 output - gij test
FAIL: err6 output - gij test
FAIL: err7 output - gij test
FAIL: err7 output - gij test
FAIL: err8 output - gij test
FAIL: err8 output - gij test
FAIL: err9 output - gij test
FAIL: err9 output - gij test
FAIL: final_inner output - gij test
FAIL: final_inner output - gij test
FAIL: final_int output - gij test
FAIL: final_int output - gij test
FAIL: final_static_and_friend execution - gij test
FAIL: final_static_and_friend execution - gij test
FAIL: indirect output - gij test
FAIL: indirect output - gij test
FAIL: indirect_read output - gij test
FAIL: indirect_read output - gij test
FAIL: indirect_write output - gij test
FAIL: indirect_write output - gij test
FAIL: initfield output - gij test
FAIL: initfield output - gij test
FAIL: inline output - gij test
FAIL: inline output - gij test
FAIL: inner1 output - gij test
FAIL: inner1 output - gij test
FAIL: inner2 output - gij test
FAIL: inner2 output - gij test
FAIL: inner3 output - gij test
FAIL: inner3 output - gij test
FAIL: inner4 output - gij test
FAIL: inner4 output - gij test
FAIL: inner_array output - gij test
FAIL: inner_array output - gij test
FAIL: inner_interface output - gij test
FAIL: inner_interface output - gij test
FAIL: instance output - gij test
FAIL: instance output - gij test
FAIL: instinit output - gij test
FAIL: instinit output - gij test
FAIL: instinit2 output - gij test
FAIL: instinit2 output - gij test
FAIL: invoke_from_inner output - gij test
FAIL: invoke_from_inner output - gij test
FAIL: invokethrow output - gij test
FAIL: invokethrow output - gij test
FAIL: klass output - gij test
FAIL: klass output - gij test
FAIL: multiple_finit output - gij test
FAIL: multiple_finit output - gij test
FAIL: negzero output - gij test
FAIL: negzero output - gij test
FAIL: nested_with_ctor output - gij test
FAIL: nested_with_ctor output - gij test
FAIL: override output - gij test
FAIL: override output - gij test
FAIL: pr109 output - gij test
FAIL: pr109 output - gij test
FAIL: pr133 output - gij test
FAIL: pr133 output - gij test
FAIL: pr179 output - gij test
FAIL: pr179 output - gij test
FAIL: pr184 output - gij test
FAIL: pr184 output - gij test
FAIL: pr6388 output - gij test
FAIL: pr6388 output - gij test
FAIL: pr83 output - gij test
FAIL: pr83 output - gij test
FAIL: pr8415 output - gij test
FAIL: pr8415 output - gij test
FAIL: pr8823 output - gij test
FAIL: pr8823 output - gij test
FAIL: pr8945 output - gij test
FAIL: pr8945 output - gij test
FAIL: private_direct_read output - gij test
FAIL: private_direct_read output - gij test
FAIL: search_outer output - gij test
FAIL: search_outer output - gij test
FAIL: stringconst output - gij test
FAIL: stringconst output - gij test
FAIL: stringconst2 output - gij test
FAIL: stringconst2 output - gij test
FAIL: stub output - gij test
FAIL: stub output - gij test
FAIL: test_long output - gij test
FAIL: test_long output - gij test
FAIL: tmi output - gij test
FAIL: tmi output - gij test
FAIL: tp output - gij test
FAIL: tp output - gij test
FAIL: update_outer output - gij test
FAIL: update_outer output - gij test
FAIL: utilTest execution - gij test
FAIL: utilTest execution - gij test
=== libjava Summary for unix/-m32 ===
# of expected passes 2661
# of unexpected failures 260
# of expected failures 16
# of untested testcases 34
Running target unix
=== libjava Summary for unix ===
# of expected passes 2943
# of expected failures 16
# of untested testcases 12
=== libjava Summary ===
# of expected passes 5604
# of unexpected failures 260
# of expected failures 32
# of untested testcases 46
=== libstdc++-v3 tests ===
Running target unix/-m32
XPASS: 22_locale/collate_byname.cc execution test
XPASS: 22_locale/collate_members_char.cc execution test
XPASS: 22_locale/collate_members_wchar_t.cc execution test
XPASS: 22_locale/ctype_is_char.cc execution test
XPASS: 22_locale/ctype_is_wchar_t.cc execution test
XPASS: 22_locale/members.cc execution test
XPASS: 22_locale/money_get_members_char.cc execution test
XPASS: 22_locale/money_get_members_wchar_t.cc execution test
XPASS: 22_locale/money_put_members_char.cc execution test
XPASS: 22_locale/money_put_members_wchar_t.cc execution test
XPASS: 22_locale/moneypunct_byname.cc execution test
XPASS: 22_locale/moneypunct_members_char.cc execution test
XPASS: 22_locale/moneypunct_members_wchar_t.cc execution test
XPASS: 22_locale/num_get_members_char.cc execution test
XPASS: 22_locale/num_get_members_wchar_t.cc execution test
XPASS: 22_locale/num_put_members_char.cc execution test
XPASS: 22_locale/num_put_members_wchar_t.cc execution test
XPASS: 22_locale/numpunct_byname.cc execution test
XPASS: 22_locale/numpunct_members_char.cc execution test
XPASS: 22_locale/numpunct_members_wchar_t.cc execution test
XPASS: 22_locale/time_get_members_char.cc execution test
XPASS: 22_locale/time_get_members_wchar_t.cc execution test
FAIL: 26_numerics/c99_classification_macros_c.cc (test for excess errors)
=== libstdc++-v3 Summary for unix/-m32 ===
# of expected passes 450
# of unexpected failures 1
# of unexpected successes 22
# of expected failures 5
Running target unix
XPASS: 22_locale/collate_byname.cc execution test
XPASS: 22_locale/collate_members_char.cc execution test
XPASS: 22_locale/collate_members_wchar_t.cc execution test
XPASS: 22_locale/ctype_is_char.cc execution test
XPASS: 22_locale/ctype_is_wchar_t.cc execution test
XPASS: 22_locale/members.cc execution test
XPASS: 22_locale/money_get_members_char.cc execution test
XPASS: 22_locale/money_get_members_wchar_t.cc execution test
XPASS: 22_locale/money_put_members_char.cc execution test
XPASS: 22_locale/money_put_members_wchar_t.cc execution test
XPASS: 22_locale/moneypunct_byname.cc execution test
XPASS: 22_locale/moneypunct_members_char.cc execution test
XPASS: 22_locale/moneypunct_members_wchar_t.cc execution test
XPASS: 22_locale/num_get_members_char.cc execution test
XPASS: 22_locale/num_get_members_wchar_t.cc execution test
XPASS: 22_locale/num_put_members_char.cc execution test
XPASS: 22_locale/num_put_members_wchar_t.cc execution test
XPASS: 22_locale/numpunct_byname.cc execution test
XPASS: 22_locale/numpunct_members_char.cc execution test
XPASS: 22_locale/numpunct_members_wchar_t.cc execution test
XPASS: 22_locale/time_get_members_char.cc execution test
XPASS: 22_locale/time_get_members_wchar_t.cc execution test
FAIL: 26_numerics/c99_classification_macros_c.cc (test for excess errors)
=== libstdc++-v3 Summary for unix ===
# of expected passes 450
# of unexpected failures 1
# of unexpected successes 22
# of expected failures 5
=== libstdc++-v3 Summary ===
# of expected passes 900
# of unexpected failures 2
# of unexpected successes 44
# of expected failures 10
Compiler version: 3.3 20030322 (prerelease)
Platform: x86_64-suse-linux-gnu
configure flags: --host=x86_64-suse-linux-gnu --prefix=/opt/gcc/3.3-devel --disable-nls --enable-threads=posix --enable-clocale=gnu --enable-__cxa_atexit --enable-shared --enable-languages=c,c++,f77,java,objc,treelang --enable-checking=misc,tree,rtl,gc,rtlflag --with-system-zlib
More information about the Gcc-testresults
mailing list