Results for 3.5-tree-ssa20030302(experimental) testsuite on alphaev6-unknown-linux-gnu
Toon Moene
toon@laptop.moene.indiv.nluug.nl
Sun Mar 16 14:38:00 GMT 2003
LAST_UPDATED:
Native configuration is alphaev6-unknown-linux-gnu
=== g77 tests ===
Running target unix
=== g77 Summary ===
# of expected passes 1644
# of unsupported tests 8
/home/toon/gcc-g95/obj/gcc/testsuite/../g77 version 3.5-tree-ssa 20030302 (experimental)
=== g95 tests ===
Running target unix
FAIL: g95.f95-torture/execute/arrayarg.f90 execution, -O0
FAIL: g95.f95-torture/execute/arrayarg.f90 execution, -O1
FAIL: g95.f95-torture/execute/arrayarg.f90 execution, -O2
FAIL: g95.f95-torture/execute/arrayarg.f90 execution, -O2 -fomit-frame-pointer -finline-functions
FAIL: g95.f95-torture/execute/arrayarg.f90 execution, -O2 -fomit-frame-pointer -finline-functions -funroll-loops
FAIL: g95.f95-torture/execute/arrayarg.f90 execution, -O2 -fomit-frame-pointer -finline-functions -funroll-all-loops
FAIL: g95.f95-torture/execute/arrayarg.f90 execution, -O2 -frepack-arrays
FAIL: g95.f95-torture/execute/arrayarg.f90 execution, -O3 -g
FAIL: g95.f95-torture/execute/arrayarg.f90 execution, -Os
FAIL: g95.f95-torture/execute/arrayarg2.f90 execution, -O0
FAIL: g95.f95-torture/execute/arrayarg2.f90 execution, -O1
FAIL: g95.f95-torture/execute/arrayarg2.f90 execution, -O2
FAIL: g95.f95-torture/execute/arrayarg2.f90 execution, -O2 -fomit-frame-pointer -finline-functions
FAIL: g95.f95-torture/execute/arrayarg2.f90 execution, -O2 -fomit-frame-pointer -finline-functions -funroll-loops
FAIL: g95.f95-torture/execute/arrayarg2.f90 execution, -O2 -fomit-frame-pointer -finline-functions -funroll-all-loops
FAIL: g95.f95-torture/execute/arrayarg2.f90 execution, -O2 -frepack-arrays
FAIL: g95.f95-torture/execute/arrayarg2.f90 execution, -O3 -g
FAIL: g95.f95-torture/execute/arrayarg2.f90 execution, -Os
FAIL: g95.f95-torture/execute/assumed_size.f90 execution, -O0
FAIL: g95.f95-torture/execute/assumed_size.f90 execution, -O1
FAIL: g95.f95-torture/execute/assumed_size.f90 execution, -O2
FAIL: g95.f95-torture/execute/assumed_size.f90 execution, -O2 -fomit-frame-pointer -finline-functions
FAIL: g95.f95-torture/execute/assumed_size.f90 execution, -O2 -fomit-frame-pointer -finline-functions -funroll-loops
FAIL: g95.f95-torture/execute/assumed_size.f90 execution, -O2 -fomit-frame-pointer -finline-functions -funroll-all-loops
FAIL: g95.f95-torture/execute/assumed_size.f90 execution, -O2 -frepack-arrays
FAIL: g95.f95-torture/execute/assumed_size.f90 execution, -O3 -g
FAIL: g95.f95-torture/execute/assumed_size.f90 execution, -Os
FAIL: g95.f95-torture/execute/bounds.f90 execution, -O0
FAIL: g95.f95-torture/execute/bounds.f90 execution, -O1
FAIL: g95.f95-torture/execute/bounds.f90 execution, -O2
FAIL: g95.f95-torture/execute/bounds.f90 execution, -O2 -fomit-frame-pointer -finline-functions
FAIL: g95.f95-torture/execute/bounds.f90 execution, -O2 -fomit-frame-pointer -finline-functions -funroll-loops
FAIL: g95.f95-torture/execute/bounds.f90 execution, -O2 -fomit-frame-pointer -finline-functions -funroll-all-loops
FAIL: g95.f95-torture/execute/bounds.f90 execution, -O2 -frepack-arrays
FAIL: g95.f95-torture/execute/bounds.f90 execution, -O3 -g
FAIL: g95.f95-torture/execute/bounds.f90 execution, -Os
FAIL: g95.f95-torture/execute/character_select_1.f90 compilation, -O0
FAIL: g95.f95-torture/execute/character_select_1.f90 compilation, -O1
FAIL: g95.f95-torture/execute/character_select_1.f90 compilation, -O2
FAIL: g95.f95-torture/execute/character_select_1.f90 compilation, -O2 -fomit-frame-pointer -finline-functions
FAIL: g95.f95-torture/execute/character_select_1.f90 compilation, -O2 -fomit-frame-pointer -finline-functions -funroll-loops
FAIL: g95.f95-torture/execute/character_select_1.f90 compilation, -O2 -fomit-frame-pointer -finline-functions -funroll-all-loops
FAIL: g95.f95-torture/execute/character_select_1.f90 compilation, -O2 -frepack-arrays
FAIL: g95.f95-torture/execute/character_select_1.f90 compilation, -O3 -g
FAIL: g95.f95-torture/execute/character_select_1.f90 compilation, -Os
FAIL: g95.f95-torture/execute/intrinsic_anyall.f90 execution, -O0
FAIL: g95.f95-torture/execute/intrinsic_anyall.f90 execution, -O1
FAIL: g95.f95-torture/execute/intrinsic_anyall.f90 execution, -O2
FAIL: g95.f95-torture/execute/intrinsic_anyall.f90 execution, -O2 -fomit-frame-pointer -finline-functions
FAIL: g95.f95-torture/execute/intrinsic_anyall.f90 execution, -O2 -fomit-frame-pointer -finline-functions -funroll-loops
FAIL: g95.f95-torture/execute/intrinsic_anyall.f90 execution, -O2 -fomit-frame-pointer -finline-functions -funroll-all-loops
FAIL: g95.f95-torture/execute/intrinsic_anyall.f90 execution, -O2 -frepack-arrays
FAIL: g95.f95-torture/execute/intrinsic_anyall.f90 execution, -O3 -g
FAIL: g95.f95-torture/execute/intrinsic_anyall.f90 execution, -Os
FAIL: g95.f95-torture/execute/intrinsic_count.f90 execution, -O0
FAIL: g95.f95-torture/execute/intrinsic_count.f90 execution, -O1
FAIL: g95.f95-torture/execute/intrinsic_count.f90 execution, -O2
FAIL: g95.f95-torture/execute/intrinsic_count.f90 execution, -O2 -fomit-frame-pointer -finline-functions
FAIL: g95.f95-torture/execute/intrinsic_count.f90 execution, -O2 -fomit-frame-pointer -finline-functions -funroll-loops
FAIL: g95.f95-torture/execute/intrinsic_count.f90 execution, -O2 -fomit-frame-pointer -finline-functions -funroll-all-loops
FAIL: g95.f95-torture/execute/intrinsic_count.f90 execution, -O2 -frepack-arrays
FAIL: g95.f95-torture/execute/intrinsic_count.f90 execution, -O3 -g
FAIL: g95.f95-torture/execute/intrinsic_count.f90 execution, -Os
FAIL: g95.f95-torture/execute/intrinsic_dotprod.f90 execution, -O0
FAIL: g95.f95-torture/execute/intrinsic_dotprod.f90 execution, -O1
FAIL: g95.f95-torture/execute/intrinsic_dotprod.f90 execution, -O2
FAIL: g95.f95-torture/execute/intrinsic_dotprod.f90 execution, -O2 -fomit-frame-pointer -finline-functions
FAIL: g95.f95-torture/execute/intrinsic_dotprod.f90 execution, -O2 -fomit-frame-pointer -finline-functions -funroll-loops
FAIL: g95.f95-torture/execute/intrinsic_dotprod.f90 execution, -O2 -fomit-frame-pointer -finline-functions -funroll-all-loops
FAIL: g95.f95-torture/execute/intrinsic_dotprod.f90 execution, -O2 -frepack-arrays
FAIL: g95.f95-torture/execute/intrinsic_dotprod.f90 execution, -O3 -g
FAIL: g95.f95-torture/execute/intrinsic_dotprod.f90 execution, -Os
FAIL: g95.f95-torture/execute/intrinsic_matmul.f90 execution, -O0
FAIL: g95.f95-torture/execute/intrinsic_matmul.f90 execution, -O1
FAIL: g95.f95-torture/execute/intrinsic_matmul.f90 execution, -O2
FAIL: g95.f95-torture/execute/intrinsic_matmul.f90 execution, -O2 -fomit-frame-pointer -finline-functions
FAIL: g95.f95-torture/execute/intrinsic_matmul.f90 execution, -O2 -fomit-frame-pointer -finline-functions -funroll-loops
FAIL: g95.f95-torture/execute/intrinsic_matmul.f90 execution, -O2 -fomit-frame-pointer -finline-functions -funroll-all-loops
FAIL: g95.f95-torture/execute/intrinsic_matmul.f90 execution, -O2 -frepack-arrays
FAIL: g95.f95-torture/execute/intrinsic_matmul.f90 execution, -O3 -g
FAIL: g95.f95-torture/execute/intrinsic_matmul.f90 execution, -Os
FAIL: g95.f95-torture/execute/intrinsic_mmloc.f90 execution, -O0
FAIL: g95.f95-torture/execute/intrinsic_mmloc.f90 execution, -O1
FAIL: g95.f95-torture/execute/intrinsic_mmloc.f90 execution, -O2
FAIL: g95.f95-torture/execute/intrinsic_mmloc.f90 execution, -O2 -fomit-frame-pointer -finline-functions
FAIL: g95.f95-torture/execute/intrinsic_mmloc.f90 execution, -O2 -fomit-frame-pointer -finline-functions -funroll-loops
FAIL: g95.f95-torture/execute/intrinsic_mmloc.f90 execution, -O2 -fomit-frame-pointer -finline-functions -funroll-all-loops
FAIL: g95.f95-torture/execute/intrinsic_mmloc.f90 execution, -O2 -frepack-arrays
FAIL: g95.f95-torture/execute/intrinsic_mmloc.f90 execution, -O3 -g
FAIL: g95.f95-torture/execute/intrinsic_mmloc.f90 execution, -Os
FAIL: g95.f95-torture/execute/intrinsic_mmval.f90 execution, -O0
FAIL: g95.f95-torture/execute/intrinsic_mmval.f90 execution, -O1
FAIL: g95.f95-torture/execute/intrinsic_mmval.f90 execution, -O2
FAIL: g95.f95-torture/execute/intrinsic_mmval.f90 execution, -O2 -fomit-frame-pointer -finline-functions
FAIL: g95.f95-torture/execute/intrinsic_mmval.f90 execution, -O2 -fomit-frame-pointer -finline-functions -funroll-loops
FAIL: g95.f95-torture/execute/intrinsic_mmval.f90 execution, -O2 -fomit-frame-pointer -finline-functions -funroll-all-loops
FAIL: g95.f95-torture/execute/intrinsic_mmval.f90 execution, -O2 -frepack-arrays
FAIL: g95.f95-torture/execute/intrinsic_mmval.f90 execution, -O3 -g
FAIL: g95.f95-torture/execute/intrinsic_mmval.f90 execution, -Os
FAIL: g95.f95-torture/execute/intrinsic_present.f90 execution, -O2 -frepack-arrays
FAIL: g95.f95-torture/execute/intrinsic_product.f90 execution, -O0
FAIL: g95.f95-torture/execute/intrinsic_product.f90 execution, -O1
FAIL: g95.f95-torture/execute/intrinsic_product.f90 execution, -O2
FAIL: g95.f95-torture/execute/intrinsic_product.f90 execution, -O2 -fomit-frame-pointer -finline-functions
FAIL: g95.f95-torture/execute/intrinsic_product.f90 execution, -O2 -fomit-frame-pointer -finline-functions -funroll-loops
FAIL: g95.f95-torture/execute/intrinsic_product.f90 execution, -O2 -fomit-frame-pointer -finline-functions -funroll-all-loops
FAIL: g95.f95-torture/execute/intrinsic_product.f90 execution, -O2 -frepack-arrays
FAIL: g95.f95-torture/execute/intrinsic_product.f90 execution, -O3 -g
FAIL: g95.f95-torture/execute/intrinsic_product.f90 execution, -Os
FAIL: g95.f95-torture/execute/intrinsic_shape.f90 execution, -O0
FAIL: g95.f95-torture/execute/intrinsic_shape.f90 execution, -O1
FAIL: g95.f95-torture/execute/intrinsic_shape.f90 execution, -O2
FAIL: g95.f95-torture/execute/intrinsic_shape.f90 execution, -O2 -fomit-frame-pointer -finline-functions
FAIL: g95.f95-torture/execute/intrinsic_shape.f90 execution, -O2 -fomit-frame-pointer -finline-functions -funroll-loops
FAIL: g95.f95-torture/execute/intrinsic_shape.f90 execution, -O2 -fomit-frame-pointer -finline-functions -funroll-all-loops
FAIL: g95.f95-torture/execute/intrinsic_shape.f90 execution, -O2 -frepack-arrays
FAIL: g95.f95-torture/execute/intrinsic_shape.f90 execution, -O3 -g
FAIL: g95.f95-torture/execute/intrinsic_shape.f90 execution, -Os
FAIL: g95.f95-torture/execute/intrinsic_size.f90 execution, -O0
FAIL: g95.f95-torture/execute/intrinsic_size.f90 execution, -O1
FAIL: g95.f95-torture/execute/intrinsic_size.f90 execution, -O2
FAIL: g95.f95-torture/execute/intrinsic_size.f90 execution, -O2 -fomit-frame-pointer -finline-functions
FAIL: g95.f95-torture/execute/intrinsic_size.f90 execution, -O2 -fomit-frame-pointer -finline-functions -funroll-loops
FAIL: g95.f95-torture/execute/intrinsic_size.f90 execution, -O2 -fomit-frame-pointer -finline-functions -funroll-all-loops
FAIL: g95.f95-torture/execute/intrinsic_size.f90 execution, -O2 -frepack-arrays
FAIL: g95.f95-torture/execute/intrinsic_size.f90 execution, -O3 -g
FAIL: g95.f95-torture/execute/intrinsic_size.f90 execution, -Os
FAIL: g95.f95-torture/execute/intrinsic_sum.f90 execution, -O0
FAIL: g95.f95-torture/execute/intrinsic_sum.f90 execution, -O1
FAIL: g95.f95-torture/execute/intrinsic_sum.f90 execution, -O2
FAIL: g95.f95-torture/execute/intrinsic_sum.f90 execution, -O2 -fomit-frame-pointer -finline-functions
FAIL: g95.f95-torture/execute/intrinsic_sum.f90 execution, -O2 -fomit-frame-pointer -finline-functions -funroll-loops
FAIL: g95.f95-torture/execute/intrinsic_sum.f90 execution, -O2 -fomit-frame-pointer -finline-functions -funroll-all-loops
FAIL: g95.f95-torture/execute/intrinsic_sum.f90 execution, -O2 -frepack-arrays
FAIL: g95.f95-torture/execute/intrinsic_sum.f90 execution, -O3 -g
FAIL: g95.f95-torture/execute/intrinsic_sum.f90 execution, -Os
FAIL: g95.f95-torture/execute/partparm.f90 execution, -O2 -frepack-arrays
FAIL: g95.f95-torture/execute/retarray.f90 execution, -O2 -frepack-arrays
FAIL: g95.f95-torture/execute/scalarize2.f90 execution, -O0
FAIL: g95.f95-torture/execute/scalarize2.f90 execution, -O1
FAIL: g95.f95-torture/execute/scalarize2.f90 execution, -O2
FAIL: g95.f95-torture/execute/scalarize2.f90 execution, -O2 -fomit-frame-pointer -finline-functions
FAIL: g95.f95-torture/execute/scalarize2.f90 execution, -O2 -fomit-frame-pointer -finline-functions -funroll-loops
FAIL: g95.f95-torture/execute/scalarize2.f90 execution, -O2 -fomit-frame-pointer -finline-functions -funroll-all-loops
FAIL: g95.f95-torture/execute/scalarize2.f90 execution, -O2 -frepack-arrays
FAIL: g95.f95-torture/execute/scalarize2.f90 execution, -O3 -g
FAIL: g95.f95-torture/execute/scalarize2.f90 execution, -Os
FAIL: g95.f95-torture/execute/strlen.f90 execution, -O0
FAIL: g95.f95-torture/execute/strlen.f90 execution, -O1
FAIL: g95.f95-torture/execute/strlen.f90 execution, -O2
FAIL: g95.f95-torture/execute/strlen.f90 execution, -O2 -fomit-frame-pointer -finline-functions
FAIL: g95.f95-torture/execute/strlen.f90 execution, -O2 -fomit-frame-pointer -finline-functions -funroll-loops
FAIL: g95.f95-torture/execute/strlen.f90 execution, -O2 -fomit-frame-pointer -finline-functions -funroll-all-loops
FAIL: g95.f95-torture/execute/strlen.f90 execution, -O2 -frepack-arrays
FAIL: g95.f95-torture/execute/strlen.f90 execution, -O3 -g
FAIL: g95.f95-torture/execute/strlen.f90 execution, -Os
=== g95 Summary ===
# of expected passes 978
# of unexpected failures 156
# of untested testcases 9
/home/toon/gcc-g95/obj/gcc/testsuite/../g95 version 3.5-tree-ssa 20030302 (experimental)
=== gcc tests ===
Running target unix
WARNING: program timed out.
FAIL: gcc.c-torture/compile/20001226-1.c, -O1
WARNING: program timed out.
FAIL: gcc.c-torture/compile/20001226-1.c, -O2
WARNING: program timed out.
FAIL: gcc.c-torture/compile/20001226-1.c, -O3 -fomit-frame-pointer
WARNING: program timed out.
FAIL: gcc.c-torture/compile/20001226-1.c, -O3 -g
WARNING: program timed out.
FAIL: gcc.c-torture/compile/20001226-1.c, -Os
FAIL: gcc.c-torture/execute/20000603-1.c execution, -O3 -fomit-frame-pointer
FAIL: gcc.c-torture/execute/20000603-1.c execution, -O3 -g
XPASS: gcc.c-torture/execute/930529-1.c execution, -O3 -fomit-frame-pointer
XPASS: gcc.c-torture/execute/930529-1.c execution, -O3 -fomit-frame-pointer -funroll-loops
XPASS: gcc.c-torture/execute/930529-1.c execution, -O3 -fomit-frame-pointer -funroll-all-loops -finline-functions
XPASS: gcc.c-torture/execute/930529-1.c execution, -O3 -g
WARNING: program timed out.
FAIL: gcc.dg/c99-intconst-1.c (test for excess errors)
FAIL: gcc.dg/old-style-asm-1.c scan-assembler L2
FAIL: gcc.dg/typespec-1.c unsigned long long int unsigned (test for errors, line 936)
FAIL: gcc.dg/typespec-1.c unsigned long long int _Bool (test for errors, line 937)
XPASS: gcc.dg/uninit-4.c uninitialized variable warning (test for bogus messages, line 26)
XPASS: gcc.dg/uninit-5.c uninitialized variable warning (test for bogus messages, line 13)
XPASS: gcc.dg/uninit-5.c uninitialized variable warning (test for bogus messages, line 27)
XPASS: gcc.dg/uninit-8.c uninitialized variable warning (test for bogus messages, line 14)
FAIL: gcc.dg/warn-1.c (test for warnings, line 8)
FAIL: gcc.dg/warn-1.c (test for warnings, line 15)
FAIL: gcc.dg/warn-1.c (test for excess errors)
FAIL: gcc.dg/noncompile/20010425-1.c (test for excess errors)
FAIL: gcc.dg/noncompile/20010425-1.c (test for excess errors)
FAIL: gcc.dg/noncompile/20010425-1.c (test for excess errors)
FAIL: gcc.dg/noncompile/20010425-1.c (test for excess errors)
FAIL: gcc.dg/noncompile/20010425-1.c (test for excess errors)
FAIL: 218:is -:should be 5
FAIL: gcc.misc-tests/gcov-4.c gcov: 1 failures in line counts, 0 in branch percentages, 0 in return percentages
FAIL: 165: expected branch percentages not found: 11
FAIL: 209: expected branch percentages not found: 20 25
FAIL: gcc.misc-tests/gcov-4b.c gcov: 0 failures in line counts, 2 in branch percentages, 0 in return percentages
=== gcc Summary ===
# of expected passes 21325
# of unexpected failures 24
# of unexpected successes 8
# of expected failures 70
# of unsupported tests 173
/home/toon/gcc-g95/obj/gcc/xgcc version 3.5-tree-ssa 20030302 (experimental)
Compiler version: 3.5-tree-ssa20030302(experimental)
Platform: alphaev6-unknown-linux-gnu
configure flags: --prefix=/home/toon/gcc-g95/install --disable-nls --disable-multilib --enable-languages=f77,f95 --with-libbanshee
More information about the Gcc-testresults
mailing list