Results for 3.3 20030308 (prerelease) testsuite on mips-sgi-irix6.2
Kaveh R. Ghazi
ghazi@caip.rutgers.edu
Sun Mar 9 03:13:00 GMT 2003
LAST_UPDATED:
Native configuration is mips-sgi-irix6.2
=== g++ tests ===
Running target unix
FAIL: g++.dg/warn/Wunused-2.C (test for warnings, line 5)
=== g++ Summary ===
# of expected passes 7654
# of unexpected failures 1
# of expected failures 100
# of untested testcases 23
# of unsupported tests 17
/a/caip/a99/u99/ghazi/gcc-testing/branch/build/gcc/testsuite/../g++ version 3.3 20030308 (prerelease)
=== g77 tests ===
Running target unix
=== g77 Summary ===
# of expected passes 1644
# of unsupported tests 8
/a/caip/a99/u99/ghazi/gcc-testing/branch/build/gcc/testsuite/../g77 version 3.3 20030308 (prerelease)
=== gcc tests ===
Running target unix
WARNING: program timed out.
FAIL: gcc.c-torture/compile/20001226-1.c, -O2
WARNING: program timed out.
FAIL: gcc.c-torture/compile/20001226-1.c, -O3 -fomit-frame-pointer
WARNING: program timed out.
FAIL: gcc.c-torture/compile/20001226-1.c, -O3 -g
WARNING: program timed out.
FAIL: gcc.c-torture/compile/20001226-1.c, -Os
FAIL: gcc.c-torture/execute/20020412-1.c execution, -O0
FAIL: gcc.c-torture/execute/20020412-1.c execution, -O1
FAIL: gcc.c-torture/execute/20020412-1.c execution, -O2
FAIL: gcc.c-torture/execute/20020412-1.c execution, -O3 -fomit-frame-pointer
FAIL: gcc.c-torture/execute/20020412-1.c execution, -O3 -fomit-frame-pointer -funroll-loops
FAIL: gcc.c-torture/execute/20020412-1.c execution, -O3 -fomit-frame-pointer -funroll-all-loops -finline-functions
FAIL: gcc.c-torture/execute/20020412-1.c execution, -O3 -g
FAIL: gcc.c-torture/execute/20020412-1.c execution, -Os
WARNING: gcc.dg/20021014-1.c compilation failed to produce executable
FAIL: gcc.dg/duff-2.c (test for excess errors)
WARNING: gcc.dg/nest.c compilation failed to produce executable
=== gcc Summary ===
# of expected passes 20311
# of unexpected failures 13
# of expected failures 100
# of unsupported tests 164
/a/caip/a99/u99/ghazi/gcc-testing/branch/build/gcc/xgcc version 3.3 20030308 (prerelease)
=== objc tests ===
Running target unix
=== objc Summary ===
# of expected passes 1153
/a/caip/a99/u99/ghazi/gcc-testing/branch/build/gcc/xgcc version 3.3 20030308 (prerelease)
=== libstdc++-v3 tests ===
Running target unix
=== libstdc++-v3 Summary ===
# of expected passes 411
# of expected failures 17
# of unsupported tests 6
Compiler version: 3.3 20030308 (prerelease)
Platform: mips-sgi-irix6.2
configure flags: --host=mips-sgi-irix6.2 --verbose --enable-languages=c,objc,c++,f77,java
More information about the Gcc-testresults
mailing list