Results for 3.4 20030305 (experimental) testsuite on sparc-unknown-linux-gnu
c.christian.joensson@telia.com
c.christian.joensson@telia.com
Fri Mar 7 23:33:00 GMT 2003
Aurora SPARC Linux 1.0 (Ansel) SS20 dual SuperSparc-(II) sun4m:
binutils 2.13.90 20030301 sparc-linux
bison-1.35-1
dejagnu-1.4.2-10 (ftp://ftp.redhat.com/pub/redhat/linux/rawhide/SRPMS/SRPMS)
expect-5.32.2-67
gcc-2.96-113
glibc-2.2.5-42
glibc-kernheaders-2.4-7.16sparc
kernel-2.4.20-2.3sparcsmp
tcl-8.3.3-67
LAST_UPDATED: Wed Mar 5 19:08:20 UTC 2003
Native configuration is sparc-unknown-linux-gnu
=== binutils tests ===
Running target unix/-fPIC
=== binutils Summary for unix/-fPIC ===
# of expected passes 31
# of expected failures 1
Running target unix/-fpic
=== binutils Summary for unix/-fpic ===
# of expected passes 31
# of expected failures 1
Running target unix
=== binutils Summary for unix ===
# of expected passes 31
# of expected failures 1
=== binutils Summary ===
# of expected passes 93
# of expected failures 3
=== gas tests ===
Running target unix/-fPIC
=== gas Summary for unix/-fPIC ===
# of expected passes 51
Running target unix/-fpic
ERROR: tcl error sourcing /usr/local/src/gcc-binutils/trunk/gcc-binutils/gas/testsuite/gas/mips/mips.exp.
ERROR: mips_arch_create: arch "mips1" already exists
=== gas Summary for unix/-fpic ===
# of expected passes 51
Running target unix
ERROR: tcl error sourcing /usr/local/src/gcc-binutils/trunk/gcc-binutils/gas/testsuite/gas/mips/mips.exp.
ERROR: mips_arch_create: arch "mips1" already exists
=== gas Summary for unix ===
# of expected passes 51
=== gas Summary ===
# of expected passes 153
=== g77 tests ===
Running target unix/-fPIC
FAIL: g77.f-torture/execute/980520-1.f compilation, -O0
=== g77 Summary for unix/-fPIC ===
# of expected passes 1642
# of unexpected failures 1
# of untested testcases 1
# of unsupported tests 8
Running target unix/-fpic
FAIL: g77.f-torture/execute/980520-1.f compilation, -O0
=== g77 Summary for unix/-fpic ===
# of expected passes 1642
# of unexpected failures 1
# of untested testcases 1
# of unsupported tests 8
Running target unix
FAIL: g77.f-torture/execute/980520-1.f compilation, -O0
=== g77 Summary for unix ===
# of expected passes 1642
# of unexpected failures 1
# of untested testcases 1
# of unsupported tests 8
=== g77 Summary ===
# of expected passes 4926
# of unexpected failures 3
# of untested testcases 3
# of unsupported tests 24
/usr/local/src/gcc-binutils/trunk/objdir/gcc/testsuite/../g77 version 3.4 20030305 (experimental)
=== gcc tests ===
Running target unix/-fPIC
FAIL: gcc.c-torture/compile/20000922-1.c, -O2
FAIL: gcc.c-torture/compile/20000922-1.c, -O3 -fomit-frame-pointer
FAIL: gcc.c-torture/compile/20000922-1.c, -O3 -g
FAIL: gcc.c-torture/compile/20000922-1.c, -Os
WARNING: program timed out.
FAIL: gcc.c-torture/compile/20001226-1.c, -O3 -g
FAIL: gcc.c-torture/execute/20010119-1.c compilation, -O2
UNRESOLVED: gcc.c-torture/execute/20010119-1.c execution, -O2
FAIL: gcc.c-torture/execute/20010119-1.c compilation, -O3 -fomit-frame-pointer
UNRESOLVED: gcc.c-torture/execute/20010119-1.c execution, -O3 -fomit-frame-pointer
FAIL: gcc.c-torture/execute/20010119-1.c compilation, -O3 -fomit-frame-pointer -funroll-loops
UNRESOLVED: gcc.c-torture/execute/20010119-1.c execution, -O3 -fomit-frame-pointer -funroll-loops
FAIL: gcc.c-torture/execute/20010119-1.c compilation, -O3 -fomit-frame-pointer -funroll-all-loops -finline-functions
UNRESOLVED: gcc.c-torture/execute/20010119-1.c execution, -O3 -fomit-frame-pointer -funroll-all-loops -finline-functions
FAIL: gcc.c-torture/execute/20010119-1.c compilation, -O3 -g
UNRESOLVED: gcc.c-torture/execute/20010119-1.c execution, -O3 -g
FAIL: gcc.c-torture/execute/20010119-1.c compilation, -Os
UNRESOLVED: gcc.c-torture/execute/20010119-1.c execution, -Os
FAIL: gcc.c-torture/execute/20030125-1.c execution, -O1
FAIL: gcc.c-torture/execute/20030125-1.c execution, -O2
FAIL: gcc.c-torture/execute/20030125-1.c execution, -O3 -fomit-frame-pointer
FAIL: gcc.c-torture/execute/20030125-1.c execution, -O3 -g
FAIL: gcc.c-torture/execute/20030125-1.c execution, -Os
FAIL: gcc.c-torture/execute/bcp-1.c compilation, -O2
UNRESOLVED: gcc.c-torture/execute/bcp-1.c execution, -O2
FAIL: gcc.c-torture/execute/bcp-1.c compilation, -O3 -fomit-frame-pointer
UNRESOLVED: gcc.c-torture/execute/bcp-1.c execution, -O3 -fomit-frame-pointer
FAIL: gcc.c-torture/execute/bcp-1.c compilation, -O3 -fomit-frame-pointer -funroll-loops
UNRESOLVED: gcc.c-torture/execute/bcp-1.c execution, -O3 -fomit-frame-pointer -funroll-loops
FAIL: gcc.c-torture/execute/bcp-1.c compilation, -O3 -fomit-frame-pointer -funroll-all-loops -finline-functions
UNRESOLVED: gcc.c-torture/execute/bcp-1.c execution, -O3 -fomit-frame-pointer -funroll-all-loops -finline-functions
FAIL: gcc.c-torture/execute/bcp-1.c compilation, -O3 -g
UNRESOLVED: gcc.c-torture/execute/bcp-1.c execution, -O3 -g
FAIL: gcc.c-torture/execute/bcp-1.c compilation, -Os
UNRESOLVED: gcc.c-torture/execute/bcp-1.c execution, -Os
FAIL: gcc.c-torture/execute/memset-1.c compilation, -O2
UNRESOLVED: gcc.c-torture/execute/memset-1.c execution, -O2
FAIL: gcc.c-torture/execute/memset-1.c compilation, -O3 -fomit-frame-pointer
UNRESOLVED: gcc.c-torture/execute/memset-1.c execution, -O3 -fomit-frame-pointer
FAIL: gcc.c-torture/execute/memset-1.c compilation, -O3 -fomit-frame-pointer -funroll-loops
UNRESOLVED: gcc.c-torture/execute/memset-1.c execution, -O3 -fomit-frame-pointer -funroll-loops
FAIL: gcc.c-torture/execute/memset-1.c compilation, -O3 -fomit-frame-pointer -funroll-all-loops -finline-functions
UNRESOLVED: gcc.c-torture/execute/memset-1.c execution, -O3 -fomit-frame-pointer -funroll-all-loops -finline-functions
FAIL: gcc.c-torture/execute/memset-1.c compilation, -O3 -g
UNRESOLVED: gcc.c-torture/execute/memset-1.c execution, -O3 -g
FAIL: gcc.c-torture/execute/pure-1.c compilation, -O3 -fomit-frame-pointer
UNRESOLVED: gcc.c-torture/execute/pure-1.c execution, -O3 -fomit-frame-pointer
FAIL: gcc.c-torture/execute/pure-1.c compilation, -O3 -g
UNRESOLVED: gcc.c-torture/execute/pure-1.c execution, -O3 -g
FAIL: gcc.dg/cpp/Wunused.c (test for excess errors)
FAIL: gcc.dg/cpp/trad/Wunused.c (test for excess errors)
FAIL: gcc.dg/Wreturn-type.c (test for excess errors)
FAIL: gcc.dg/duff-2.c (test for excess errors)
XPASS: gcc.dg/uninit-4.c uninitialized variable warning (test for bogus messages, line 26)
FAIL: gcc.dg/uninit-C.c (test for excess errors)
FAIL: gcc.dg/warn-1.c (test for warnings, line 8)
FAIL: gcc.dg/warn-1.c (test for warnings, line 15)
FAIL: gcc.dg/pch/inline-1.c (test for excess errors)
FAIL: pch/static-1.c -O0 assembly comparison
FAIL: pch/static-1.c -O1 assembly comparison
FAIL: pch/static-1.c -O2 assembly comparison
FAIL: pch/static-1.c -Os assembly comparison
FAIL: pch/static-2.c -O0 assembly comparison
FAIL: pch/static-2.c -O1 assembly comparison
FAIL: pch/static-2.c -O2 assembly comparison
FAIL: pch/static-2.c -Os assembly comparison
=== gcc Summary for unix/-fPIC ===
# of expected passes 21261
# of unexpected failures 45
# of unexpected successes 1
# of expected failures 68
# of unresolved testcases 19
# of untested testcases 1
# of unsupported tests 180
Running target unix/-fpic
FAIL: gcc.c-torture/compile/20000922-1.c, -O2
FAIL: gcc.c-torture/compile/20000922-1.c, -O3 -fomit-frame-pointer
FAIL: gcc.c-torture/compile/20000922-1.c, -O3 -g
FAIL: gcc.c-torture/compile/20000922-1.c, -Os
WARNING: program timed out.
FAIL: gcc.c-torture/compile/20001226-1.c, -O3 -g
FAIL: gcc.c-torture/execute/20010119-1.c compilation, -O2
UNRESOLVED: gcc.c-torture/execute/20010119-1.c execution, -O2
FAIL: gcc.c-torture/execute/20010119-1.c compilation, -O3 -fomit-frame-pointer
UNRESOLVED: gcc.c-torture/execute/20010119-1.c execution, -O3 -fomit-frame-pointer
FAIL: gcc.c-torture/execute/20010119-1.c compilation, -O3 -fomit-frame-pointer -funroll-loops
UNRESOLVED: gcc.c-torture/execute/20010119-1.c execution, -O3 -fomit-frame-pointer -funroll-loops
FAIL: gcc.c-torture/execute/20010119-1.c compilation, -O3 -fomit-frame-pointer -funroll-all-loops -finline-functions
UNRESOLVED: gcc.c-torture/execute/20010119-1.c execution, -O3 -fomit-frame-pointer -funroll-all-loops -finline-functions
FAIL: gcc.c-torture/execute/20010119-1.c compilation, -O3 -g
UNRESOLVED: gcc.c-torture/execute/20010119-1.c execution, -O3 -g
FAIL: gcc.c-torture/execute/20010119-1.c compilation, -Os
UNRESOLVED: gcc.c-torture/execute/20010119-1.c execution, -Os
FAIL: gcc.c-torture/execute/20030125-1.c execution, -O1
FAIL: gcc.c-torture/execute/20030125-1.c execution, -O2
FAIL: gcc.c-torture/execute/20030125-1.c execution, -O3 -fomit-frame-pointer
FAIL: gcc.c-torture/execute/20030125-1.c execution, -O3 -g
FAIL: gcc.c-torture/execute/20030125-1.c execution, -Os
FAIL: gcc.c-torture/execute/bcp-1.c compilation, -O2
UNRESOLVED: gcc.c-torture/execute/bcp-1.c execution, -O2
FAIL: gcc.c-torture/execute/bcp-1.c compilation, -O3 -fomit-frame-pointer
UNRESOLVED: gcc.c-torture/execute/bcp-1.c execution, -O3 -fomit-frame-pointer
FAIL: gcc.c-torture/execute/bcp-1.c compilation, -O3 -fomit-frame-pointer -funroll-loops
UNRESOLVED: gcc.c-torture/execute/bcp-1.c execution, -O3 -fomit-frame-pointer -funroll-loops
FAIL: gcc.c-torture/execute/bcp-1.c compilation, -O3 -fomit-frame-pointer -funroll-all-loops -finline-functions
UNRESOLVED: gcc.c-torture/execute/bcp-1.c execution, -O3 -fomit-frame-pointer -funroll-all-loops -finline-functions
FAIL: gcc.c-torture/execute/bcp-1.c compilation, -O3 -g
UNRESOLVED: gcc.c-torture/execute/bcp-1.c execution, -O3 -g
FAIL: gcc.c-torture/execute/bcp-1.c compilation, -Os
UNRESOLVED: gcc.c-torture/execute/bcp-1.c execution, -Os
FAIL: gcc.c-torture/execute/memset-1.c compilation, -O2
UNRESOLVED: gcc.c-torture/execute/memset-1.c execution, -O2
FAIL: gcc.c-torture/execute/memset-1.c compilation, -O3 -fomit-frame-pointer
UNRESOLVED: gcc.c-torture/execute/memset-1.c execution, -O3 -fomit-frame-pointer
FAIL: gcc.c-torture/execute/memset-1.c compilation, -O3 -fomit-frame-pointer -funroll-loops
UNRESOLVED: gcc.c-torture/execute/memset-1.c execution, -O3 -fomit-frame-pointer -funroll-loops
FAIL: gcc.c-torture/execute/memset-1.c compilation, -O3 -fomit-frame-pointer -funroll-all-loops -finline-functions
UNRESOLVED: gcc.c-torture/execute/memset-1.c execution, -O3 -fomit-frame-pointer -funroll-all-loops -finline-functions
FAIL: gcc.c-torture/execute/memset-1.c compilation, -O3 -g
UNRESOLVED: gcc.c-torture/execute/memset-1.c execution, -O3 -g
FAIL: gcc.c-torture/execute/pure-1.c compilation, -O3 -fomit-frame-pointer
UNRESOLVED: gcc.c-torture/execute/pure-1.c execution, -O3 -fomit-frame-pointer
FAIL: gcc.c-torture/execute/pure-1.c compilation, -O3 -g
UNRESOLVED: gcc.c-torture/execute/pure-1.c execution, -O3 -g
FAIL: gcc.dg/cpp/Wunused.c (test for excess errors)
FAIL: gcc.dg/cpp/trad/Wunused.c (test for excess errors)
FAIL: gcc.dg/Wreturn-type.c (test for excess errors)
FAIL: gcc.dg/duff-2.c (test for excess errors)
XPASS: gcc.dg/uninit-4.c uninitialized variable warning (test for bogus messages, line 26)
FAIL: gcc.dg/uninit-C.c (test for excess errors)
FAIL: gcc.dg/warn-1.c (test for warnings, line 8)
FAIL: gcc.dg/warn-1.c (test for warnings, line 15)
FAIL: gcc.dg/pch/inline-1.c (test for excess errors)
FAIL: pch/static-1.c -O0 assembly comparison
FAIL: pch/static-1.c -O1 assembly comparison
FAIL: pch/static-1.c -O2 assembly comparison
FAIL: pch/static-1.c -Os assembly comparison
FAIL: pch/static-2.c -O0 assembly comparison
FAIL: pch/static-2.c -O1 assembly comparison
FAIL: pch/static-2.c -O2 assembly comparison
FAIL: pch/static-2.c -Os assembly comparison
=== gcc Summary for unix/-fpic ===
# of expected passes 21261
# of unexpected failures 45
# of unexpected successes 1
# of expected failures 68
# of unresolved testcases 19
# of untested testcases 1
# of unsupported tests 180
Running target unix
FAIL: gcc.c-torture/compile/20000922-1.c, -O2
FAIL: gcc.c-torture/compile/20000922-1.c, -O3 -fomit-frame-pointer
FAIL: gcc.c-torture/compile/20000922-1.c, -O3 -g
FAIL: gcc.c-torture/compile/20000922-1.c, -Os
WARNING: program timed out.
FAIL: gcc.c-torture/compile/20001226-1.c, -O3 -g
FAIL: gcc.c-torture/execute/20010119-1.c compilation, -O2
UNRESOLVED: gcc.c-torture/execute/20010119-1.c execution, -O2
FAIL: gcc.c-torture/execute/20010119-1.c compilation, -O3 -fomit-frame-pointer
UNRESOLVED: gcc.c-torture/execute/20010119-1.c execution, -O3 -fomit-frame-pointer
FAIL: gcc.c-torture/execute/20010119-1.c compilation, -O3 -fomit-frame-pointer -funroll-loops
UNRESOLVED: gcc.c-torture/execute/20010119-1.c execution, -O3 -fomit-frame-pointer -funroll-loops
FAIL: gcc.c-torture/execute/20010119-1.c compilation, -O3 -fomit-frame-pointer -funroll-all-loops -finline-functions
UNRESOLVED: gcc.c-torture/execute/20010119-1.c execution, -O3 -fomit-frame-pointer -funroll-all-loops -finline-functions
FAIL: gcc.c-torture/execute/20010119-1.c compilation, -O3 -g
UNRESOLVED: gcc.c-torture/execute/20010119-1.c execution, -O3 -g
FAIL: gcc.c-torture/execute/20010119-1.c compilation, -Os
UNRESOLVED: gcc.c-torture/execute/20010119-1.c execution, -Os
FAIL: gcc.c-torture/execute/20030125-1.c execution, -O1
FAIL: gcc.c-torture/execute/20030125-1.c execution, -O2
FAIL: gcc.c-torture/execute/20030125-1.c execution, -O3 -fomit-frame-pointer
FAIL: gcc.c-torture/execute/20030125-1.c execution, -O3 -g
FAIL: gcc.c-torture/execute/20030125-1.c execution, -Os
FAIL: gcc.c-torture/execute/bcp-1.c compilation, -O2
UNRESOLVED: gcc.c-torture/execute/bcp-1.c execution, -O2
FAIL: gcc.c-torture/execute/bcp-1.c compilation, -O3 -fomit-frame-pointer
UNRESOLVED: gcc.c-torture/execute/bcp-1.c execution, -O3 -fomit-frame-pointer
FAIL: gcc.c-torture/execute/bcp-1.c compilation, -O3 -fomit-frame-pointer -funroll-loops
UNRESOLVED: gcc.c-torture/execute/bcp-1.c execution, -O3 -fomit-frame-pointer -funroll-loops
FAIL: gcc.c-torture/execute/bcp-1.c compilation, -O3 -fomit-frame-pointer -funroll-all-loops -finline-functions
UNRESOLVED: gcc.c-torture/execute/bcp-1.c execution, -O3 -fomit-frame-pointer -funroll-all-loops -finline-functions
FAIL: gcc.c-torture/execute/bcp-1.c compilation, -O3 -g
UNRESOLVED: gcc.c-torture/execute/bcp-1.c execution, -O3 -g
FAIL: gcc.c-torture/execute/bcp-1.c compilation, -Os
UNRESOLVED: gcc.c-torture/execute/bcp-1.c execution, -Os
FAIL: gcc.c-torture/execute/memset-1.c compilation, -O2
UNRESOLVED: gcc.c-torture/execute/memset-1.c execution, -O2
FAIL: gcc.c-torture/execute/memset-1.c compilation, -O3 -fomit-frame-pointer
UNRESOLVED: gcc.c-torture/execute/memset-1.c execution, -O3 -fomit-frame-pointer
FAIL: gcc.c-torture/execute/memset-1.c compilation, -O3 -fomit-frame-pointer -funroll-loops
UNRESOLVED: gcc.c-torture/execute/memset-1.c execution, -O3 -fomit-frame-pointer -funroll-loops
FAIL: gcc.c-torture/execute/memset-1.c compilation, -O3 -fomit-frame-pointer -funroll-all-loops -finline-functions
UNRESOLVED: gcc.c-torture/execute/memset-1.c execution, -O3 -fomit-frame-pointer -funroll-all-loops -finline-functions
FAIL: gcc.c-torture/execute/memset-1.c compilation, -O3 -g
UNRESOLVED: gcc.c-torture/execute/memset-1.c execution, -O3 -g
FAIL: gcc.dg/cpp/Wunused.c (test for excess errors)
FAIL: gcc.dg/cpp/trad/Wunused.c (test for excess errors)
FAIL: gcc.dg/Wreturn-type.c (test for excess errors)
FAIL: gcc.dg/duff-2.c (test for excess errors)
XPASS: gcc.dg/uninit-4.c uninitialized variable warning (test for bogus messages, line 26)
FAIL: gcc.dg/uninit-C.c (test for excess errors)
FAIL: gcc.dg/warn-1.c (test for warnings, line 8)
FAIL: gcc.dg/warn-1.c (test for warnings, line 15)
FAIL: gcc.dg/pch/inline-1.c (test for excess errors)
=== gcc Summary for unix ===
# of expected passes 21273
# of unexpected failures 35
# of unexpected successes 1
# of expected failures 68
# of unresolved testcases 17
# of untested testcases 1
# of unsupported tests 180
=== gcc Summary ===
# of expected passes 63795
# of unexpected failures 125
# of unexpected successes 3
# of expected failures 204
# of unresolved testcases 55
# of untested testcases 3
# of unsupported tests 540
/usr/local/src/gcc-binutils/trunk/objdir/gcc/xgcc version 3.4 20030305 (experimental)
=== g++ tests ===
Running target unix/-fPIC
FAIL: g++.dg/compat/abi/vbase8-10 x_tst.o-y_tst.o execute
FAIL: g++.dg/compat/abi/vbase8-21 x_tst.o-y_tst.o execute
FAIL: g++.dg/compat/abi/vbase8-22 x_tst.o-y_tst.o execute
FAIL: g++.dg/compat/abi/vbase8-4 x_tst.o-y_tst.o execute
FAIL: g++.dg/compat/break/bitfield5 x_tst.o-y_tst.o execute
FAIL: g++.dg/compat/break/bitfield7 y_tst.o compile
UNRESOLVED: g++.dg/compat/break/bitfield7 x_tst.o-y_tst.o link
UNRESOLVED: g++.dg/compat/break/bitfield7 x_tst.o-y_tst.o execute
FAIL: g++.dg/compat/break/empty6 x_tst.o-y_tst.o execute
FAIL: g++.dg/compat/break/vbase10 x_tst.o-y_tst.o execute
FAIL: g++.dg/compat/break/vbase11 x_tst.o-y_tst.o execute
FAIL: g++.dg/compat/eh/ctor2 x_tst.o-y_tst.o execute
FAIL: g++.dg/compat/eh/filter1 x_tst.o-y_tst.o execute
FAIL: g++.dg/compat/eh/filter2 x_tst.o-y_tst.o execute
FAIL: g++.dg/compat/eh/spec3 x_tst.o-y_tst.o execute
FAIL: g++.dg/compat/eh/template1 x_tst.o-y_tst.o execute
FAIL: g++.dg/compat/eh/unexpected1 x_tst.o-y_tst.o execute
FAIL: g++.dg/compat/init/dtor1 x_tst.o-y_tst.o execute
FAIL: g++.dg/abi/empty11.C execution test
FAIL: g++.dg/abi/layout1.C execution test
FAIL: g++.dg/abi/layout2.C execution test
FAIL: g++.dg/abi/rtti2.C execution test
FAIL: g++.dg/abi/vbase12.C execution test
FAIL: g++.dg/abi/vbase13.C execution test
FAIL: g++.dg/abi/vbase8-10.C execution test
FAIL: g++.dg/abi/vbase8-21.C execution test
FAIL: g++.dg/abi/vbase8-22.C execution test
FAIL: g++.dg/abi/vbase8-4.C execution test
FAIL: g++.dg/abi/vcall1.C execution test
FAIL: g++.dg/eh/ctor2.C execution test
FAIL: g++.dg/eh/filter1.C execution test
FAIL: g++.dg/eh/filter2.C execution test
FAIL: g++.dg/eh/omit-frame-pointer.C execution test
FAIL: g++.dg/eh/spec3.C execution test
FAIL: g++.dg/eh/template1.C execution test
FAIL: g++.dg/eh/unexpected1.C execution test
FAIL: g++.dg/inherit/covariant1.C execution test
FAIL: g++.dg/inherit/covariant2.C execution test
FAIL: g++.dg/inherit/covariant3.C execution test
FAIL: g++.dg/inherit/covariant4.C execution test
FAIL: g++.dg/inherit/operator1.C execution test
FAIL: g++.dg/inherit/using2.C execution test
FAIL: g++.dg/init/dtor1.C execution test
FAIL: g++.dg/opt/cleanup1.C execution test
FAIL: g++.dg/opt/preinc1.C execution test
FAIL: g++.dg/opt/reg-stack.C execution test
FAIL: g++.dg/opt/thunk1.C execution test
FAIL: g++.dg/rtti/cv1.C execution test
FAIL: g++.dg/template/qual2.C execution test
FAIL: g++.dg/template/vtable1.C execution test
FAIL: g++.dg/warn/Wunused-2.C (test for warnings, line 5)
FAIL: pch/system-1.C -g assembly comparison
FAIL: pch/system-1.C -O2 -g assembly comparison
FAIL: pch/system-1.C -O2 assembly comparison
FAIL: g++.abi/arraynew.C Execution test
FAIL: g++.abi/primary.C Execution test
FAIL: g++.abi/primary2.C Execution test
FAIL: g++.abi/primary3.C Execution test
FAIL: g++.abi/primary4.C Execution test
FAIL: g++.abi/primary5.C Execution test
FAIL: g++.abi/ptrflags.C Execution test
FAIL: g++.abi/ptrmem.C Execution test
FAIL: g++.abi/vbase1.C Execution test
FAIL: g++.abi/vbase2.C Execution test
FAIL: g++.abi/vbase3.C Execution test
FAIL: g++.abi/vbase4.C Execution test
FAIL: g++.abi/vbase7.C Execution test
FAIL: g++.abi/vbase8-5.C Execution test
FAIL: g++.abi/vbase8-9.C Execution test
FAIL: g++.abi/vmihint.C Execution test
FAIL: g++.abi/vtable.C Execution test
FAIL: g++.abi/vtable2.C Execution test
FAIL: g++.abi/vtable3a.C Execution test
FAIL: g++.abi/vtable3b.C Execution test
FAIL: g++.abi/vtable3c.C Execution test
FAIL: g++.abi/vtable3d.C Execution test
FAIL: g++.abi/vtable3e.C Execution test
FAIL: g++.abi/vtable3f.C Execution test
FAIL: g++.abi/vtable3g.C Execution test
FAIL: g++.abi/vtable3h.C Execution test
FAIL: g++.abi/vtable3i.C Execution test
FAIL: g++.abi/vtable3j.C Execution test
FAIL: g++.benjamin/typeid01.C Execution test
FAIL: g++.brendan/copy5.C Execution test
FAIL: g++.brendan/dtors2.C Execution test
FAIL: g++.brendan/dtors3.C Execution test
FAIL: g++.brendan/nest21.C Execution test
FAIL: g++.brendan/overload2.C Execution test
FAIL: g++.brendan/vtables1.C Execution test
FAIL: g++.bugs/900207_03.C Execution test
FAIL: g++.bugs/900331_03.C Execution test
FAIL: g++.eh/catch11.C Execution test
FAIL: g++.eh/catch12.C Execution test
FAIL: g++.eh/catch3.C Execution test
FAIL: g++.eh/catch3p.C Execution test
FAIL: g++.eh/catch4.C Execution test
FAIL: g++.eh/catch4p.C Execution test
FAIL: g++.eh/catch5.C Execution test
FAIL: g++.eh/catch5p.C Execution test
FAIL: g++.eh/catch6.C Execution test
FAIL: g++.eh/catch6p.C Execution test
FAIL: g++.eh/catch7.C Execution test
FAIL: g++.eh/catch7p.C Execution test
FAIL: g++.eh/catch8.C Execution test
FAIL: g++.eh/catch8p.C Execution test
FAIL: g++.eh/catch9.C Execution test
FAIL: g++.eh/catch9p.C Execution test
FAIL: g++.eh/catchptr1.C Execution test
FAIL: g++.eh/cleanup1.C Execution test
FAIL: g++.eh/ptr1.C Execution test
FAIL: g++.eh/ptrmem1.C Execution test
FAIL: g++.eh/rethrow1.C Execution test
FAIL: g++.eh/rethrow2.C Execution test
FAIL: g++.eh/rethrow4.C Execution test
FAIL: g++.eh/rethrow5.C Execution test
FAIL: g++.eh/rethrow6.C Execution test
FAIL: g++.eh/terminate1.C Execution test
FAIL: g++.eh/vbase1.C Execution test
FAIL: g++.eh/vbase2.C Execution test
FAIL: g++.eh/vbase4.C Execution test
FAIL: g++.jason/dcast2.C Execution test
FAIL: g++.jason/dcast3.C Execution test
FAIL: g++.jason/mi.C Execution test
FAIL: g++.jason/opeq5.C Execution test
FAIL: g++.jason/overload13.C Execution test
FAIL: g++.jason/pmf7.C Execution test
FAIL: g++.jason/ref10.C Execution test
FAIL: g++.jason/ref8.C Execution test
FAIL: g++.jason/rvalue1.C Execution test
FAIL: g++.jason/synth5.C Execution test
FAIL: g++.jason/template41.C Execution test
FAIL: g++.jason/thunk1.C Execution test
FAIL: g++.jason/thunk2.C Execution test
FAIL: g++.jason/thunk3.C Execution test
FAIL: g++.jason/typeid1.C Execution test
FAIL: g++.jason/typeid2.C Execution test
FAIL: g++.jason/virtual2.C Execution test
FAIL: g++.law/code-gen2.C Execution test
FAIL: g++.law/ctors4.C Execution test
FAIL: g++.law/operators8.C Execution test
FAIL: g++.law/virtual2.C Execution test
FAIL: g++.law/virtual3.C Execution test
FAIL: g++.law/virtual4.C Execution test
FAIL: g++.law/vtable3.C Execution test
FAIL: g++.martin/new1.C Execution test
FAIL: g++.martin/pmf1.C Execution test
FAIL: g++.martin/pmf2.C Execution test
FAIL: g++.mike/align1.C Execution test
FAIL: g++.mike/align2.C Execution test
FAIL: g++.mike/dyncast1.C Execution test
FAIL: g++.mike/dyncast2.C Execution test
FAIL: g++.mike/dyncast3.C Execution test
FAIL: g++.mike/dyncast5.C Execution test
FAIL: g++.mike/dyncast7.C Execution test
FAIL: g++.mike/dyncast8.C Execution test
FAIL: g++.mike/dyncast9.C Execution test
FAIL: g++.mike/eh12.C Execution test
FAIL: g++.mike/eh14.C Execution test
FAIL: g++.mike/eh18.C Execution test
FAIL: g++.mike/eh2.C Execution test
FAIL: g++.mike/eh23.C Execution test
FAIL: g++.mike/eh26.C Execution test
FAIL: g++.mike/eh27.C Execution test
FAIL: g++.mike/eh28.C Execution test
FAIL: g++.mike/eh3.C Execution test
FAIL: g++.mike/eh31.C Execution test
FAIL: g++.mike/eh36.C Execution test
FAIL: g++.mike/eh37.C Execution test
FAIL: g++.mike/eh38.C Execution test
FAIL: g++.mike/eh44.C Execution test
FAIL: g++.mike/eh45.C Execution test
FAIL: g++.mike/mi1.C Execution test
FAIL: g++.mike/mi2.C Execution test
FAIL: g++.mike/misc13.C Execution test
FAIL: g++.mike/misc14.C Execution test
FAIL: g++.mike/net17.C Execution test
FAIL: g++.mike/net21.C Execution test
FAIL: g++.mike/net26.C Execution test
FAIL: g++.mike/net35.C Execution test
FAIL: g++.mike/net38.C Execution test
FAIL: g++.mike/net39.C Execution test
FAIL: g++.mike/offset1.C Execution test
FAIL: g++.mike/p10148.C Execution test
FAIL: g++.mike/p10849a.C Execution test
FAIL: g++.mike/p12306a.C Execution test
FAIL: g++.mike/p1248.C Execution test
FAIL: g++.mike/p1567.C Execution test
FAIL: g++.mike/p16146.C Execution test
FAIL: g++.mike/p1862.C Execution test
FAIL: g++.mike/p2846.C Execution test
FAIL: g++.mike/p2846a.C Execution test
FAIL: g++.mike/p2846b.C Execution test
FAIL: g++.mike/p2960.C Execution test
FAIL: g++.mike/p3041.C Execution test
FAIL: g++.mike/p3068.C Execution test
FAIL: g++.mike/p3139.C Execution test
FAIL: g++.mike/p3708.C Execution test
FAIL: g++.mike/p3708a.C Execution test
FAIL: g++.mike/p3708b.C Execution test
FAIL: g++.mike/p4246.C Execution test
FAIL: g++.mike/p4511.C Execution test
FAIL: g++.mike/p4623.C Execution test
FAIL: g++.mike/p4667.C Execution test
FAIL: g++.mike/p4736a.C Execution test
FAIL: g++.mike/p4736b.C Execution test
FAIL: g++.mike/p4736c.C Execution test
FAIL: g++.mike/p5571.C Execution test
FAIL: g++.mike/p6610a.C Execution test
FAIL: g++.mike/p6610b.C Execution test
FAIL: g++.mike/p789.C Execution test
FAIL: g++.mike/p789a.C Execution test
FAIL: g++.mike/p7912.C Execution test
FAIL: g++.mike/p8155.C Execution test
FAIL: g++.mike/p9706.C Execution test
FAIL: g++.mike/pmf2.C Execution test
FAIL: g++.mike/pmf8.C Execution test
FAIL: g++.mike/pt1.C - Execution test
FAIL: g++.mike/pt2.C Execution test
FAIL: g++.mike/rtti3.C Execution test
FAIL: g++.mike/thunk2.C Execution test
FAIL: g++.mike/thunk3.C Execution test
FAIL: g++.mike/virt2.C Execution test
FAIL: g++.mike/virt4.C Execution test
FAIL: g++.mike/virt5.C Execution test
FAIL: g++.mike/virt6.C Execution test
FAIL: g++.oliva/delete2.C Execution test
FAIL: g++.oliva/delete3.C Execution test
FAIL: g++.oliva/delete4.C Execution test
FAIL: g++.oliva/delete5.C Execution test
FAIL: g++.oliva/thunk1.C Execution test
FAIL: g++.other/dtor5.C Execution test
FAIL: g++.other/dtor9.C Execution test
FAIL: g++.other/dyncast1.C Execution test
FAIL: g++.other/dyncast2.C Execution test
FAIL: g++.other/dyncast3.C Execution test
FAIL: g++.other/dyncast4.C Execution test
FAIL: g++.other/dyncast5.C Execution test
FAIL: g++.other/dyncast6.C Execution test
FAIL: g++.other/eh3.C Execution test
FAIL: g++.other/local3.C Execution test
FAIL: g++.other/new3.C Execution test
FAIL: g++.other/optimize2.C Execution test
FAIL: g++.other/pmf4.C Execution test
FAIL: g++.other/pmf5.C Execution test
FAIL: g++.other/rtti1.C Execution test
FAIL: g++.other/rtti2.C Execution test
FAIL: g++.other/rtti3.C Execution test
FAIL: g++.other/rtti4.C Execution test
FAIL: g++.other/rttid3.C Execution test
FAIL: g++.other/rttid4.C Execution test
FAIL: g++.other/thunk1.C Execution test
FAIL: g++.other/vbase1.C Execution test
FAIL: g++.other/vbase2.C Execution test
FAIL: g++.other/vbase5.C Execution test
FAIL: g++.other/virtual2.C Execution test
FAIL: g++.other/virtual3.C Execution test
FAIL: g++.other/virtual8.C Execution test
FAIL: g++.other/virtual9.C Execution test
FAIL: g++.other/vtbl2.C Execution test
FAIL: g++.pt/local6.C Execution test
FAIL: g++.pt/memclass4.C Execution test
FAIL: g++.pt/mi1.C Execution test
FAIL: g++.pt/spec3.C Execution test
FAIL: g++.pt/static8.C Execution test
FAIL: g++.pt/vbase1.C Execution test
FAIL: g++.pt/virtual1.C Execution test
FAIL: g++.pt/virtual4.C Execution test
FAIL: g++.robertl/eb118.C Execution test
FAIL: g++.robertl/eb17.C Execution test
FAIL: g++.robertl/eb46.C Execution test
FAIL: g++.robertl/eb50.C Execution test
FAIL: g++.robertl/eh990323-2.C Execution test
FAIL: g++.robertl/eh990323-3.C Execution test
FAIL: g++.robertl/eh990323-4.C Execution test
FAIL: g++.robertl/ice990323-2.C Execution test
=== g++ Summary for unix/-fPIC ===
# of expected passes 8003
# of unexpected failures 273
# of expected failures 70
# of unresolved testcases 2
# of untested testcases 22
# of unsupported tests 17
Running target unix/-fpic
FAIL: g++.dg/compat/abi/vbase8-10 x_tst.o-y_tst.o execute
FAIL: g++.dg/compat/abi/vbase8-21 x_tst.o-y_tst.o execute
FAIL: g++.dg/compat/abi/vbase8-22 x_tst.o-y_tst.o execute
FAIL: g++.dg/compat/abi/vbase8-4 x_tst.o-y_tst.o execute
FAIL: g++.dg/compat/break/bitfield5 x_tst.o-y_tst.o execute
FAIL: g++.dg/compat/break/bitfield7 y_tst.o compile
UNRESOLVED: g++.dg/compat/break/bitfield7 x_tst.o-y_tst.o link
UNRESOLVED: g++.dg/compat/break/bitfield7 x_tst.o-y_tst.o execute
FAIL: g++.dg/compat/break/empty6 x_tst.o-y_tst.o execute
FAIL: g++.dg/compat/break/vbase10 x_tst.o-y_tst.o execute
FAIL: g++.dg/compat/break/vbase11 x_tst.o-y_tst.o execute
FAIL: g++.dg/compat/eh/ctor2 x_tst.o-y_tst.o execute
FAIL: g++.dg/compat/eh/filter1 x_tst.o-y_tst.o execute
FAIL: g++.dg/compat/eh/filter2 x_tst.o-y_tst.o execute
FAIL: g++.dg/compat/eh/spec3 x_tst.o-y_tst.o execute
FAIL: g++.dg/compat/eh/template1 x_tst.o-y_tst.o execute
FAIL: g++.dg/compat/eh/unexpected1 x_tst.o-y_tst.o execute
FAIL: g++.dg/compat/init/dtor1 x_tst.o-y_tst.o execute
FAIL: g++.dg/abi/empty11.C execution test
FAIL: g++.dg/abi/layout1.C execution test
FAIL: g++.dg/abi/layout2.C execution test
FAIL: g++.dg/abi/rtti2.C execution test
FAIL: g++.dg/abi/vbase12.C execution test
FAIL: g++.dg/abi/vbase13.C execution test
FAIL: g++.dg/abi/vbase8-10.C execution test
FAIL: g++.dg/abi/vbase8-21.C execution test
FAIL: g++.dg/abi/vbase8-22.C execution test
FAIL: g++.dg/abi/vbase8-4.C execution test
FAIL: g++.dg/abi/vcall1.C execution test
FAIL: g++.dg/eh/ctor2.C execution test
FAIL: g++.dg/eh/filter1.C execution test
FAIL: g++.dg/eh/filter2.C execution test
FAIL: g++.dg/eh/omit-frame-pointer.C execution test
FAIL: g++.dg/eh/spec3.C execution test
FAIL: g++.dg/eh/template1.C execution test
FAIL: g++.dg/eh/unexpected1.C execution test
FAIL: g++.dg/inherit/covariant1.C execution test
FAIL: g++.dg/inherit/covariant2.C execution test
FAIL: g++.dg/inherit/covariant3.C execution test
FAIL: g++.dg/inherit/covariant4.C execution test
FAIL: g++.dg/inherit/operator1.C execution test
FAIL: g++.dg/inherit/using2.C execution test
FAIL: g++.dg/init/dtor1.C execution test
FAIL: g++.dg/opt/cleanup1.C execution test
FAIL: g++.dg/opt/preinc1.C execution test
FAIL: g++.dg/opt/reg-stack.C execution test
FAIL: g++.dg/opt/thunk1.C execution test
FAIL: g++.dg/rtti/cv1.C execution test
FAIL: g++.dg/template/qual2.C execution test
FAIL: g++.dg/template/vtable1.C execution test
FAIL: g++.dg/warn/Wunused-2.C (test for warnings, line 5)
FAIL: pch/system-1.C -g assembly comparison
FAIL: pch/system-1.C -O2 -g assembly comparison
FAIL: pch/system-1.C -O2 assembly comparison
FAIL: g++.abi/arraynew.C Execution test
FAIL: g++.abi/primary.C Execution test
FAIL: g++.abi/primary2.C Execution test
FAIL: g++.abi/primary3.C Execution test
FAIL: g++.abi/primary4.C Execution test
FAIL: g++.abi/primary5.C Execution test
FAIL: g++.abi/ptrflags.C Execution test
FAIL: g++.abi/ptrmem.C Execution test
FAIL: g++.abi/vbase1.C Execution test
FAIL: g++.abi/vbase2.C Execution test
FAIL: g++.abi/vbase3.C Execution test
FAIL: g++.abi/vbase4.C Execution test
FAIL: g++.abi/vbase7.C Execution test
FAIL: g++.abi/vbase8-5.C Execution test
FAIL: g++.abi/vbase8-9.C Execution test
FAIL: g++.abi/vmihint.C Execution test
FAIL: g++.abi/vtable.C Execution test
FAIL: g++.abi/vtable2.C Execution test
FAIL: g++.abi/vtable3a.C Execution test
FAIL: g++.abi/vtable3b.C Execution test
FAIL: g++.abi/vtable3c.C Execution test
FAIL: g++.abi/vtable3d.C Execution test
FAIL: g++.abi/vtable3e.C Execution test
FAIL: g++.abi/vtable3f.C Execution test
FAIL: g++.abi/vtable3g.C Execution test
FAIL: g++.abi/vtable3h.C Execution test
FAIL: g++.abi/vtable3i.C Execution test
FAIL: g++.abi/vtable3j.C Execution test
FAIL: g++.benjamin/typeid01.C Execution test
FAIL: g++.brendan/copy5.C Execution test
FAIL: g++.brendan/dtors2.C Execution test
FAIL: g++.brendan/dtors3.C Execution test
FAIL: g++.brendan/nest21.C Execution test
FAIL: g++.brendan/overload2.C Execution test
FAIL: g++.brendan/vtables1.C Execution test
FAIL: g++.bugs/900207_03.C Execution test
FAIL: g++.bugs/900331_03.C Execution test
FAIL: g++.eh/catch11.C Execution test
FAIL: g++.eh/catch12.C Execution test
FAIL: g++.eh/catch3.C Execution test
FAIL: g++.eh/catch3p.C Execution test
FAIL: g++.eh/catch4.C Execution test
FAIL: g++.eh/catch4p.C Execution test
FAIL: g++.eh/catch5.C Execution test
FAIL: g++.eh/catch5p.C Execution test
FAIL: g++.eh/catch6.C Execution test
FAIL: g++.eh/catch6p.C Execution test
FAIL: g++.eh/catch7.C Execution test
FAIL: g++.eh/catch7p.C Execution test
FAIL: g++.eh/catch8.C Execution test
FAIL: g++.eh/catch8p.C Execution test
FAIL: g++.eh/catch9.C Execution test
FAIL: g++.eh/catch9p.C Execution test
FAIL: g++.eh/catchptr1.C Execution test
FAIL: g++.eh/cleanup1.C Execution test
FAIL: g++.eh/ptr1.C Execution test
FAIL: g++.eh/ptrmem1.C Execution test
FAIL: g++.eh/rethrow1.C Execution test
FAIL: g++.eh/rethrow2.C Execution test
FAIL: g++.eh/rethrow4.C Execution test
FAIL: g++.eh/rethrow5.C Execution test
FAIL: g++.eh/rethrow6.C Execution test
FAIL: g++.eh/terminate1.C Execution test
FAIL: g++.eh/vbase1.C Execution test
FAIL: g++.eh/vbase2.C Execution test
FAIL: g++.eh/vbase4.C Execution test
FAIL: g++.jason/dcast2.C Execution test
FAIL: g++.jason/dcast3.C Execution test
FAIL: g++.jason/mi.C Execution test
FAIL: g++.jason/opeq5.C Execution test
FAIL: g++.jason/overload13.C Execution test
FAIL: g++.jason/pmf7.C Execution test
FAIL: g++.jason/ref10.C Execution test
FAIL: g++.jason/ref8.C Execution test
FAIL: g++.jason/rvalue1.C Execution test
FAIL: g++.jason/synth5.C Execution test
FAIL: g++.jason/template41.C Execution test
FAIL: g++.jason/thunk1.C Execution test
FAIL: g++.jason/thunk2.C Execution test
FAIL: g++.jason/thunk3.C Execution test
FAIL: g++.jason/typeid1.C Execution test
FAIL: g++.jason/typeid2.C Execution test
FAIL: g++.jason/virtual2.C Execution test
FAIL: g++.law/code-gen2.C Execution test
FAIL: g++.law/ctors4.C Execution test
FAIL: g++.law/operators8.C Execution test
FAIL: g++.law/virtual2.C Execution test
FAIL: g++.law/virtual3.C Execution test
FAIL: g++.law/virtual4.C Execution test
FAIL: g++.law/vtable3.C Execution test
FAIL: g++.martin/new1.C Execution test
FAIL: g++.martin/pmf1.C Execution test
FAIL: g++.martin/pmf2.C Execution test
FAIL: g++.mike/align1.C Execution test
FAIL: g++.mike/align2.C Execution test
FAIL: g++.mike/dyncast1.C Execution test
FAIL: g++.mike/dyncast2.C Execution test
FAIL: g++.mike/dyncast3.C Execution test
FAIL: g++.mike/dyncast5.C Execution test
FAIL: g++.mike/dyncast7.C Execution test
FAIL: g++.mike/dyncast8.C Execution test
FAIL: g++.mike/dyncast9.C Execution test
FAIL: g++.mike/eh12.C Execution test
FAIL: g++.mike/eh14.C Execution test
FAIL: g++.mike/eh18.C Execution test
FAIL: g++.mike/eh2.C Execution test
FAIL: g++.mike/eh23.C Execution test
FAIL: g++.mike/eh26.C Execution test
FAIL: g++.mike/eh27.C Execution test
FAIL: g++.mike/eh28.C Execution test
FAIL: g++.mike/eh3.C Execution test
FAIL: g++.mike/eh31.C Execution test
FAIL: g++.mike/eh36.C Execution test
FAIL: g++.mike/eh37.C Execution test
FAIL: g++.mike/eh38.C Execution test
FAIL: g++.mike/eh44.C Execution test
FAIL: g++.mike/eh45.C Execution test
FAIL: g++.mike/mi1.C Execution test
FAIL: g++.mike/mi2.C Execution test
FAIL: g++.mike/misc13.C Execution test
FAIL: g++.mike/misc14.C Execution test
FAIL: g++.mike/net17.C Execution test
FAIL: g++.mike/net21.C Execution test
FAIL: g++.mike/net26.C Execution test
FAIL: g++.mike/net35.C Execution test
FAIL: g++.mike/net38.C Execution test
FAIL: g++.mike/net39.C Execution test
FAIL: g++.mike/offset1.C Execution test
FAIL: g++.mike/p10148.C Execution test
FAIL: g++.mike/p10849a.C Execution test
FAIL: g++.mike/p12306a.C Execution test
FAIL: g++.mike/p1248.C Execution test
FAIL: g++.mike/p1567.C Execution test
FAIL: g++.mike/p16146.C Execution test
FAIL: g++.mike/p1862.C Execution test
FAIL: g++.mike/p2846.C Execution test
FAIL: g++.mike/p2846a.C Execution test
FAIL: g++.mike/p2846b.C Execution test
FAIL: g++.mike/p2960.C Execution test
FAIL: g++.mike/p3041.C Execution test
FAIL: g++.mike/p3068.C Execution test
FAIL: g++.mike/p3139.C Execution test
FAIL: g++.mike/p3708.C Execution test
FAIL: g++.mike/p3708a.C Execution test
FAIL: g++.mike/p3708b.C Execution test
FAIL: g++.mike/p4246.C Execution test
FAIL: g++.mike/p4511.C Execution test
FAIL: g++.mike/p4623.C Execution test
FAIL: g++.mike/p4667.C Execution test
FAIL: g++.mike/p4736a.C Execution test
FAIL: g++.mike/p4736b.C Execution test
FAIL: g++.mike/p4736c.C Execution test
FAIL: g++.mike/p5571.C Execution test
FAIL: g++.mike/p6610a.C Execution test
FAIL: g++.mike/p6610b.C Execution test
FAIL: g++.mike/p789.C Execution test
FAIL: g++.mike/p789a.C Execution test
FAIL: g++.mike/p7912.C Execution test
FAIL: g++.mike/p8155.C Execution test
FAIL: g++.mike/p9706.C Execution test
FAIL: g++.mike/pmf2.C Execution test
FAIL: g++.mike/pmf8.C Execution test
FAIL: g++.mike/pt1.C - Execution test
FAIL: g++.mike/pt2.C Execution test
FAIL: g++.mike/rtti3.C Execution test
FAIL: g++.mike/thunk2.C Execution test
FAIL: g++.mike/thunk3.C Execution test
FAIL: g++.mike/virt2.C Execution test
FAIL: g++.mike/virt4.C Execution test
FAIL: g++.mike/virt5.C Execution test
FAIL: g++.mike/virt6.C Execution test
FAIL: g++.oliva/delete2.C Execution test
FAIL: g++.oliva/delete3.C Execution test
FAIL: g++.oliva/delete4.C Execution test
FAIL: g++.oliva/delete5.C Execution test
FAIL: g++.oliva/thunk1.C Execution test
FAIL: g++.other/dtor5.C Execution test
FAIL: g++.other/dtor9.C Execution test
FAIL: g++.other/dyncast1.C Execution test
FAIL: g++.other/dyncast2.C Execution test
FAIL: g++.other/dyncast3.C Execution test
FAIL: g++.other/dyncast4.C Execution test
FAIL: g++.other/dyncast5.C Execution test
FAIL: g++.other/dyncast6.C Execution test
FAIL: g++.other/eh3.C Execution test
FAIL: g++.other/local3.C Execution test
FAIL: g++.other/new3.C Execution test
FAIL: g++.other/optimize2.C Execution test
FAIL: g++.other/pmf4.C Execution test
FAIL: g++.other/pmf5.C Execution test
FAIL: g++.other/rtti1.C Execution test
FAIL: g++.other/rtti2.C Execution test
FAIL: g++.other/rtti3.C Execution test
FAIL: g++.other/rtti4.C Execution test
FAIL: g++.other/rttid3.C Execution test
FAIL: g++.other/rttid4.C Execution test
FAIL: g++.other/thunk1.C Execution test
FAIL: g++.other/vbase1.C Execution test
FAIL: g++.other/vbase2.C Execution test
FAIL: g++.other/vbase5.C Execution test
FAIL: g++.other/virtual2.C Execution test
FAIL: g++.other/virtual3.C Execution test
FAIL: g++.other/virtual8.C Execution test
FAIL: g++.other/virtual9.C Execution test
FAIL: g++.other/vtbl2.C Execution test
FAIL: g++.pt/local6.C Execution test
FAIL: g++.pt/memclass4.C Execution test
FAIL: g++.pt/mi1.C Execution test
FAIL: g++.pt/spec3.C Execution test
FAIL: g++.pt/static8.C Execution test
FAIL: g++.pt/vbase1.C Execution test
FAIL: g++.pt/virtual1.C Execution test
FAIL: g++.pt/virtual4.C Execution test
FAIL: g++.robertl/eb118.C Execution test
FAIL: g++.robertl/eb17.C Execution test
FAIL: g++.robertl/eb46.C Execution test
FAIL: g++.robertl/eb50.C Execution test
FAIL: g++.robertl/eh990323-2.C Execution test
FAIL: g++.robertl/eh990323-3.C Execution test
FAIL: g++.robertl/eh990323-4.C Execution test
FAIL: g++.robertl/ice990323-2.C Execution test
=== g++ Summary for unix/-fpic ===
# of expected passes 8003
# of unexpected failures 273
# of expected failures 70
# of unresolved testcases 2
# of untested testcases 22
# of unsupported tests 17
Running target unix
FAIL: g++.dg/compat/abi/vbase8-10 x_tst.o-y_tst.o execute
FAIL: g++.dg/compat/abi/vbase8-21 x_tst.o-y_tst.o execute
FAIL: g++.dg/compat/abi/vbase8-22 x_tst.o-y_tst.o execute
FAIL: g++.dg/compat/abi/vbase8-4 x_tst.o-y_tst.o execute
FAIL: g++.dg/compat/break/bitfield5 x_tst.o-y_tst.o execute
FAIL: g++.dg/compat/break/bitfield7 y_tst.o compile
UNRESOLVED: g++.dg/compat/break/bitfield7 x_tst.o-y_tst.o link
UNRESOLVED: g++.dg/compat/break/bitfield7 x_tst.o-y_tst.o execute
FAIL: g++.dg/compat/break/empty6 x_tst.o-y_tst.o execute
FAIL: g++.dg/compat/break/vbase10 x_tst.o-y_tst.o execute
FAIL: g++.dg/compat/break/vbase11 x_tst.o-y_tst.o execute
FAIL: g++.dg/compat/eh/ctor2 x_tst.o-y_tst.o execute
FAIL: g++.dg/compat/eh/filter1 x_tst.o-y_tst.o execute
FAIL: g++.dg/compat/eh/filter2 x_tst.o-y_tst.o execute
FAIL: g++.dg/compat/eh/spec3 x_tst.o-y_tst.o execute
FAIL: g++.dg/compat/eh/template1 x_tst.o-y_tst.o execute
FAIL: g++.dg/compat/eh/unexpected1 x_tst.o-y_tst.o execute
FAIL: g++.dg/compat/init/dtor1 x_tst.o-y_tst.o execute
FAIL: g++.dg/abi/empty11.C execution test
FAIL: g++.dg/abi/layout1.C execution test
FAIL: g++.dg/abi/layout2.C execution test
FAIL: g++.dg/abi/rtti2.C execution test
FAIL: g++.dg/abi/vbase12.C execution test
FAIL: g++.dg/abi/vbase13.C execution test
FAIL: g++.dg/abi/vbase8-10.C execution test
FAIL: g++.dg/abi/vbase8-21.C execution test
FAIL: g++.dg/abi/vbase8-22.C execution test
FAIL: g++.dg/abi/vbase8-4.C execution test
FAIL: g++.dg/abi/vcall1.C execution test
FAIL: g++.dg/eh/ctor2.C execution test
FAIL: g++.dg/eh/filter1.C execution test
FAIL: g++.dg/eh/filter2.C execution test
FAIL: g++.dg/eh/omit-frame-pointer.C execution test
FAIL: g++.dg/eh/spec3.C execution test
FAIL: g++.dg/eh/template1.C execution test
FAIL: g++.dg/eh/unexpected1.C execution test
FAIL: g++.dg/inherit/covariant1.C execution test
FAIL: g++.dg/inherit/covariant2.C execution test
FAIL: g++.dg/inherit/covariant3.C execution test
FAIL: g++.dg/inherit/covariant4.C execution test
FAIL: g++.dg/inherit/operator1.C execution test
FAIL: g++.dg/inherit/using2.C execution test
FAIL: g++.dg/init/dtor1.C execution test
FAIL: g++.dg/opt/cleanup1.C execution test
FAIL: g++.dg/opt/preinc1.C execution test
FAIL: g++.dg/opt/reg-stack.C execution test
FAIL: g++.dg/opt/thunk1.C execution test
FAIL: g++.dg/rtti/cv1.C execution test
FAIL: g++.dg/template/qual2.C execution test
FAIL: g++.dg/template/vtable1.C execution test
FAIL: g++.dg/warn/Wunused-2.C (test for warnings, line 5)
FAIL: pch/system-1.C -g assembly comparison
FAIL: pch/system-1.C -O2 -g assembly comparison
FAIL: g++.abi/arraynew.C Execution test
FAIL: g++.abi/primary.C Execution test
FAIL: g++.abi/primary2.C Execution test
FAIL: g++.abi/primary3.C Execution test
FAIL: g++.abi/primary4.C Execution test
FAIL: g++.abi/primary5.C Execution test
FAIL: g++.abi/ptrflags.C Execution test
FAIL: g++.abi/ptrmem.C Execution test
FAIL: g++.abi/vbase1.C Execution test
FAIL: g++.abi/vbase2.C Execution test
FAIL: g++.abi/vbase3.C Execution test
FAIL: g++.abi/vbase4.C Execution test
FAIL: g++.abi/vbase7.C Execution test
FAIL: g++.abi/vbase8-5.C Execution test
FAIL: g++.abi/vbase8-9.C Execution test
FAIL: g++.abi/vmihint.C Execution test
FAIL: g++.abi/vtable.C Execution test
FAIL: g++.abi/vtable2.C Execution test
FAIL: g++.abi/vtable3a.C Execution test
FAIL: g++.abi/vtable3b.C Execution test
FAIL: g++.abi/vtable3c.C Execution test
FAIL: g++.abi/vtable3d.C Execution test
FAIL: g++.abi/vtable3e.C Execution test
FAIL: g++.abi/vtable3f.C Execution test
FAIL: g++.abi/vtable3g.C Execution test
FAIL: g++.abi/vtable3h.C Execution test
FAIL: g++.abi/vtable3i.C Execution test
FAIL: g++.abi/vtable3j.C Execution test
FAIL: g++.benjamin/typeid01.C Execution test
FAIL: g++.brendan/copy5.C Execution test
FAIL: g++.brendan/dtors2.C Execution test
FAIL: g++.brendan/dtors3.C Execution test
FAIL: g++.brendan/nest21.C Execution test
FAIL: g++.brendan/overload2.C Execution test
FAIL: g++.brendan/vtables1.C Execution test
FAIL: g++.bugs/900207_03.C Execution test
FAIL: g++.bugs/900331_03.C Execution test
FAIL: g++.eh/catch11.C Execution test
FAIL: g++.eh/catch12.C Execution test
FAIL: g++.eh/catch3.C Execution test
FAIL: g++.eh/catch3p.C Execution test
FAIL: g++.eh/catch4.C Execution test
FAIL: g++.eh/catch4p.C Execution test
FAIL: g++.eh/catch5.C Execution test
FAIL: g++.eh/catch5p.C Execution test
FAIL: g++.eh/catch6.C Execution test
FAIL: g++.eh/catch6p.C Execution test
FAIL: g++.eh/catch7.C Execution test
FAIL: g++.eh/catch7p.C Execution test
FAIL: g++.eh/catch8.C Execution test
FAIL: g++.eh/catch8p.C Execution test
FAIL: g++.eh/catch9.C Execution test
FAIL: g++.eh/catch9p.C Execution test
FAIL: g++.eh/catchptr1.C Execution test
FAIL: g++.eh/cleanup1.C Execution test
FAIL: g++.eh/ptr1.C Execution test
FAIL: g++.eh/ptrmem1.C Execution test
FAIL: g++.eh/rethrow1.C Execution test
FAIL: g++.eh/rethrow2.C Execution test
FAIL: g++.eh/rethrow4.C Execution test
FAIL: g++.eh/rethrow5.C Execution test
FAIL: g++.eh/rethrow6.C Execution test
FAIL: g++.eh/terminate1.C Execution test
FAIL: g++.eh/vbase1.C Execution test
FAIL: g++.eh/vbase2.C Execution test
FAIL: g++.eh/vbase4.C Execution test
FAIL: g++.jason/dcast2.C Execution test
FAIL: g++.jason/dcast3.C Execution test
FAIL: g++.jason/mi.C Execution test
FAIL: g++.jason/opeq5.C Execution test
FAIL: g++.jason/overload13.C Execution test
FAIL: g++.jason/pmf7.C Execution test
FAIL: g++.jason/ref10.C Execution test
FAIL: g++.jason/ref8.C Execution test
FAIL: g++.jason/rvalue1.C Execution test
FAIL: g++.jason/synth5.C Execution test
FAIL: g++.jason/template41.C Execution test
FAIL: g++.jason/thunk1.C Execution test
FAIL: g++.jason/thunk2.C Execution test
FAIL: g++.jason/thunk3.C Execution test
FAIL: g++.jason/typeid1.C Execution test
FAIL: g++.jason/typeid2.C Execution test
FAIL: g++.jason/virtual2.C Execution test
FAIL: g++.law/code-gen2.C Execution test
FAIL: g++.law/ctors4.C Execution test
FAIL: g++.law/operators8.C Execution test
FAIL: g++.law/virtual2.C Execution test
FAIL: g++.law/virtual3.C Execution test
FAIL: g++.law/virtual4.C Execution test
FAIL: g++.law/vtable3.C Execution test
FAIL: g++.martin/new1.C Execution test
FAIL: g++.martin/pmf1.C Execution test
FAIL: g++.martin/pmf2.C Execution test
FAIL: g++.mike/align1.C Execution test
FAIL: g++.mike/align2.C Execution test
FAIL: g++.mike/dyncast1.C Execution test
FAIL: g++.mike/dyncast2.C Execution test
FAIL: g++.mike/dyncast3.C Execution test
FAIL: g++.mike/dyncast5.C Execution test
FAIL: g++.mike/dyncast7.C Execution test
FAIL: g++.mike/dyncast8.C Execution test
FAIL: g++.mike/dyncast9.C Execution test
FAIL: g++.mike/eh12.C Execution test
FAIL: g++.mike/eh14.C Execution test
FAIL: g++.mike/eh18.C Execution test
FAIL: g++.mike/eh2.C Execution test
FAIL: g++.mike/eh23.C Execution test
FAIL: g++.mike/eh26.C Execution test
FAIL: g++.mike/eh27.C Execution test
FAIL: g++.mike/eh28.C Execution test
FAIL: g++.mike/eh3.C Execution test
FAIL: g++.mike/eh31.C Execution test
FAIL: g++.mike/eh36.C Execution test
FAIL: g++.mike/eh37.C Execution test
FAIL: g++.mike/eh38.C Execution test
FAIL: g++.mike/eh44.C Execution test
FAIL: g++.mike/eh45.C Execution test
FAIL: g++.mike/mi1.C Execution test
FAIL: g++.mike/mi2.C Execution test
FAIL: g++.mike/misc13.C Execution test
FAIL: g++.mike/misc14.C Execution test
FAIL: g++.mike/net17.C Execution test
FAIL: g++.mike/net21.C Execution test
FAIL: g++.mike/net26.C Execution test
FAIL: g++.mike/net35.C Execution test
FAIL: g++.mike/net38.C Execution test
FAIL: g++.mike/net39.C Execution test
FAIL: g++.mike/offset1.C Execution test
FAIL: g++.mike/p10148.C Execution test
FAIL: g++.mike/p10849a.C Execution test
FAIL: g++.mike/p12306a.C Execution test
FAIL: g++.mike/p1248.C Execution test
FAIL: g++.mike/p1567.C Execution test
FAIL: g++.mike/p16146.C Execution test
FAIL: g++.mike/p1862.C Execution test
FAIL: g++.mike/p2846.C Execution test
FAIL: g++.mike/p2846a.C Execution test
FAIL: g++.mike/p2846b.C Execution test
FAIL: g++.mike/p2960.C Execution test
FAIL: g++.mike/p3041.C Execution test
FAIL: g++.mike/p3068.C Execution test
FAIL: g++.mike/p3139.C Execution test
FAIL: g++.mike/p3708.C Execution test
FAIL: g++.mike/p3708a.C Execution test
FAIL: g++.mike/p3708b.C Execution test
FAIL: g++.mike/p4246.C Execution test
FAIL: g++.mike/p4511.C Execution test
FAIL: g++.mike/p4623.C Execution test
FAIL: g++.mike/p4667.C Execution test
FAIL: g++.mike/p4736a.C Execution test
FAIL: g++.mike/p4736b.C Execution test
FAIL: g++.mike/p4736c.C Execution test
FAIL: g++.mike/p5571.C Execution test
FAIL: g++.mike/p6610a.C Execution test
FAIL: g++.mike/p6610b.C Execution test
FAIL: g++.mike/p789.C Execution test
FAIL: g++.mike/p789a.C Execution test
FAIL: g++.mike/p7912.C Execution test
FAIL: g++.mike/p8155.C Execution test
FAIL: g++.mike/p9706.C Execution test
FAIL: g++.mike/pmf2.C Execution test
FAIL: g++.mike/pmf8.C Execution test
FAIL: g++.mike/pt1.C - Execution test
FAIL: g++.mike/pt2.C Execution test
FAIL: g++.mike/rtti3.C Execution test
FAIL: g++.mike/thunk2.C Execution test
FAIL: g++.mike/thunk3.C Execution test
FAIL: g++.mike/virt2.C Execution test
FAIL: g++.mike/virt4.C Execution test
FAIL: g++.mike/virt5.C Execution test
FAIL: g++.mike/virt6.C Execution test
FAIL: g++.oliva/delete2.C Execution test
FAIL: g++.oliva/delete3.C Execution test
FAIL: g++.oliva/delete4.C Execution test
FAIL: g++.oliva/delete5.C Execution test
FAIL: g++.oliva/thunk1.C Execution test
FAIL: g++.other/dtor5.C Execution test
FAIL: g++.other/dtor9.C Execution test
FAIL: g++.other/dyncast1.C Execution test
FAIL: g++.other/dyncast2.C Execution test
FAIL: g++.other/dyncast3.C Execution test
FAIL: g++.other/dyncast4.C Execution test
FAIL: g++.other/dyncast5.C Execution test
FAIL: g++.other/dyncast6.C Execution test
FAIL: g++.other/eh3.C Execution test
FAIL: g++.other/local3.C Execution test
FAIL: g++.other/new3.C Execution test
FAIL: g++.other/optimize2.C Execution test
FAIL: g++.other/pmf4.C Execution test
FAIL: g++.other/pmf5.C Execution test
FAIL: g++.other/rtti1.C Execution test
FAIL: g++.other/rtti2.C Execution test
FAIL: g++.other/rtti3.C Execution test
FAIL: g++.other/rtti4.C Execution test
FAIL: g++.other/rttid3.C Execution test
FAIL: g++.other/rttid4.C Execution test
FAIL: g++.other/thunk1.C Execution test
FAIL: g++.other/vbase1.C Execution test
FAIL: g++.other/vbase2.C Execution test
FAIL: g++.other/vbase5.C Execution test
FAIL: g++.other/virtual2.C Execution test
FAIL: g++.other/virtual3.C Execution test
FAIL: g++.other/virtual8.C Execution test
FAIL: g++.other/virtual9.C Execution test
FAIL: g++.other/vtbl2.C Execution test
FAIL: g++.pt/local6.C Execution test
FAIL: g++.pt/memclass4.C Execution test
FAIL: g++.pt/mi1.C Execution test
FAIL: g++.pt/spec3.C Execution test
FAIL: g++.pt/static8.C Execution test
FAIL: g++.pt/vbase1.C Execution test
FAIL: g++.pt/virtual1.C Execution test
FAIL: g++.pt/virtual4.C Execution test
FAIL: g++.robertl/eb118.C Execution test
FAIL: g++.robertl/eb17.C Execution test
FAIL: g++.robertl/eb46.C Execution test
FAIL: g++.robertl/eb50.C Execution test
FAIL: g++.robertl/eh990323-2.C Execution test
FAIL: g++.robertl/eh990323-3.C Execution test
FAIL: g++.robertl/eh990323-4.C Execution test
FAIL: g++.robertl/ice990323-2.C Execution test
=== g++ Summary for unix ===
# of expected passes 8004
# of unexpected failures 272
# of expected failures 70
# of unresolved testcases 2
# of untested testcases 22
# of unsupported tests 17
=== g++ Summary ===
# of expected passes 24010
# of unexpected failures 818
# of expected failures 210
# of unresolved testcases 6
# of untested testcases 66
# of unsupported tests 51
/usr/local/src/gcc-binutils/trunk/objdir/gcc/testsuite/../g++ version 3.4 20030305 (experimental)
=== objc tests ===
Running target unix/-fPIC
=== objc Summary for unix/-fPIC ===
# of expected passes 1153
Running target unix/-fpic
=== objc Summary for unix/-fpic ===
# of expected passes 1153
Running target unix
=== objc Summary for unix ===
# of expected passes 1153
=== objc Summary ===
# of expected passes 3459
/usr/local/src/gcc-binutils/trunk/objdir/gcc/xgcc version 3.4 20030305 (experimental)
=== ld tests ===
Running target unix/-fPIC
FAIL: NOCROSSREFS 1
FAIL: TLS -fpic -shared transitions
FAIL: TLS -fpic and -fno-pic exec transitions
FAIL: TLS -fno-pic -shared
FAIL: S-records
FAIL: S-records with constructors
=== ld Summary for unix/-fPIC ===
# of expected passes 147
# of unexpected failures 6
# of expected failures 14
Running target unix/-fpic
FAIL: vers3
FAIL: vers4
FAIL: vers4a
FAIL: vers6
FAIL: vers15
FAIL: vers19
FAIL: NOCROSSREFS 1
FAIL: TLS -fpic -shared transitions
FAIL: TLS -fpic and -fno-pic exec transitions
FAIL: TLS -fno-pic -shared
FAIL: S-records
FAIL: S-records with constructors
=== ld Summary for unix/-fpic ===
# of expected passes 141
# of unexpected failures 12
# of expected failures 14
Running target unix
FAIL: TLS -fpic -shared transitions
FAIL: TLS -fpic and -fno-pic exec transitions
FAIL: TLS -fno-pic -shared
=== ld Summary for unix ===
# of expected passes 150
# of unexpected failures 3
# of expected failures 14
=== ld Summary ===
# of expected passes 438
# of unexpected failures 21
# of expected failures 42
=== libjava tests ===
Running target unix/-fPIC
FAIL: Array_3 execution - source compiled test
FAIL: Array_3 execution - gij test
FAIL: Array_3 execution - bytecode->native test
FAIL: Array_3 -O execution - source compiled test
FAIL: Array_3 execution - gij test
FAIL: Array_3 -O execution - bytecode->native test
FAIL: Invoke_1 execution - source compiled test
FAIL: Invoke_1 execution - bytecode->native test
FAIL: Invoke_1 -O execution - source compiled test
FAIL: Invoke_1 -O execution - bytecode->native test
FAIL: PR218 execution - source compiled test
FAIL: PR218 execution - gij test
FAIL: PR218 execution - bytecode->native test
FAIL: PR218 -O execution - source compiled test
FAIL: PR218 execution - gij test
FAIL: PR218 -O execution - bytecode->native test
WARNING: program timed out.
FAIL: SyncTest execution - source compiled test
FAIL: SyncTest execution - gij test
WARNING: program timed out.
FAIL: SyncTest execution - bytecode->native test
WARNING: program timed out.
FAIL: SyncTest -O execution - source compiled test
WARNING: program timed out.
FAIL: SyncTest execution - gij test
WARNING: program timed out.
FAIL: SyncTest -O execution - bytecode->native test
FAIL: Throw_2 execution - source compiled test
FAIL: Throw_2 execution - gij test
FAIL: Throw_2 execution - bytecode->native test
FAIL: Throw_2 -O execution - source compiled test
FAIL: Throw_2 execution - gij test
FAIL: Throw_2 -O execution - bytecode->native test
=== libjava Summary for unix/-fPIC ===
# of expected passes 2887
# of unexpected failures 28
# of expected failures 16
# of untested testcases 40
Running target unix/-fpic
FAIL: Array_3 execution - source compiled test
FAIL: Array_3 execution - gij test
FAIL: Array_3 execution - bytecode->native test
FAIL: Array_3 -O execution - source compiled test
FAIL: Array_3 execution - gij test
FAIL: Array_3 -O execution - bytecode->native test
FAIL: Invoke_1 execution - source compiled test
FAIL: Invoke_1 execution - bytecode->native test
FAIL: Invoke_1 -O execution - source compiled test
FAIL: Invoke_1 -O execution - bytecode->native test
FAIL: PR218 execution - source compiled test
FAIL: PR218 execution - gij test
FAIL: PR218 execution - bytecode->native test
FAIL: PR218 -O execution - source compiled test
FAIL: PR218 execution - gij test
FAIL: PR218 -O execution - bytecode->native test
WARNING: program timed out.
FAIL: SyncTest execution - source compiled test
WARNING: program timed out.
FAIL: SyncTest execution - gij test
WARNING: program timed out.
FAIL: SyncTest execution - bytecode->native test
WARNING: program timed out.
FAIL: SyncTest -O execution - source compiled test
WARNING: program timed out.
FAIL: SyncTest execution - gij test
WARNING: program timed out.
FAIL: SyncTest -O execution - bytecode->native test
FAIL: Throw_2 execution - source compiled test
FAIL: Throw_2 execution - gij test
FAIL: Throw_2 execution - bytecode->native test
FAIL: Throw_2 -O execution - source compiled test
FAIL: Throw_2 execution - gij test
FAIL: Throw_2 -O execution - bytecode->native test
=== libjava Summary for unix/-fpic ===
# of expected passes 2887
# of unexpected failures 28
# of expected failures 16
# of untested testcases 40
Running target unix
FAIL: Array_3 execution - source compiled test
FAIL: Array_3 execution - gij test
FAIL: Array_3 execution - bytecode->native test
FAIL: Array_3 -O execution - source compiled test
FAIL: Array_3 execution - gij test
FAIL: Array_3 -O execution - bytecode->native test
FAIL: Invoke_1 execution - source compiled test
FAIL: Invoke_1 execution - bytecode->native test
FAIL: Invoke_1 -O execution - source compiled test
FAIL: Invoke_1 -O execution - bytecode->native test
FAIL: PR218 execution - source compiled test
FAIL: PR218 execution - gij test
FAIL: PR218 execution - bytecode->native test
FAIL: PR218 -O execution - source compiled test
FAIL: PR218 execution - gij test
FAIL: PR218 -O execution - bytecode->native test
WARNING: program timed out.
FAIL: SyncTest execution - source compiled test
WARNING: program timed out.
FAIL: SyncTest execution - gij test
WARNING: program timed out.
FAIL: SyncTest execution - bytecode->native test
WARNING: program timed out.
FAIL: SyncTest -O execution - source compiled test
WARNING: program timed out.
FAIL: SyncTest execution - gij test
WARNING: program timed out.
FAIL: SyncTest -O execution - bytecode->native test
FAIL: Throw_2 execution - source compiled test
FAIL: Throw_2 execution - gij test
FAIL: Throw_2 execution - bytecode->native test
FAIL: Throw_2 -O execution - source compiled test
FAIL: Throw_2 execution - gij test
FAIL: Throw_2 -O execution - bytecode->native test
=== libjava Summary for unix ===
# of expected passes 2887
# of unexpected failures 28
# of expected failures 16
# of untested testcases 40
=== libjava Summary ===
# of expected passes 8661
# of unexpected failures 84
# of expected failures 48
# of untested testcases 120
=== libstdc++-v3 tests ===
Running target unix/-fPIC
FAIL: 19_diagnostics/stdexceptions.cc execution test
FAIL: 20_util/auto_ptr.cc execution test
FAIL: 21_strings/append.cc execution test
FAIL: 21_strings/ctor_copy_dtor.cc execution test
FAIL: 21_strings/element_access.cc execution test
FAIL: 21_strings/insert.cc execution test
FAIL: 21_strings/substr.cc execution test
FAIL: 22_locale/codecvt/always_noconv/char/wrapped_env.cc execution test
FAIL: 22_locale/codecvt/always_noconv/char/wrapped_locale.cc execution test
FAIL: 22_locale/codecvt/always_noconv/wchar_t/wrapped_env.cc execution test
FAIL: 22_locale/codecvt/always_noconv/wchar_t/wrapped_locale.cc execution test
FAIL: 22_locale/codecvt/encoding/char/wrapped_env.cc execution test
FAIL: 22_locale/codecvt/encoding/char/wrapped_locale.cc execution test
FAIL: 22_locale/codecvt/encoding/wchar_t/wrapped_env.cc execution test
FAIL: 22_locale/codecvt/encoding/wchar_t/wrapped_locale.cc execution test
FAIL: 22_locale/codecvt/in/char/wrapped_env.cc execution test
FAIL: 22_locale/codecvt/in/char/wrapped_locale.cc execution test
FAIL: 22_locale/codecvt/in/wchar_t/wrapped_env.cc execution test
FAIL: 22_locale/codecvt/in/wchar_t/wrapped_locale.cc execution test
FAIL: 22_locale/codecvt/length/char/2.cc execution test
FAIL: 22_locale/codecvt/length/char/wrapped_env.cc execution test
FAIL: 22_locale/codecvt/length/char/wrapped_locale.cc execution test
FAIL: 22_locale/codecvt/length/wchar_t/6.cc execution test
FAIL: 22_locale/codecvt/length/wchar_t/wrapped_env.cc execution test
FAIL: 22_locale/codecvt/length/wchar_t/wrapped_locale.cc execution test
FAIL: 22_locale/codecvt/max_length/char/wrapped_env.cc execution test
FAIL: 22_locale/codecvt/max_length/char/wrapped_locale.cc execution test
FAIL: 22_locale/codecvt/max_length/wchar_t/wrapped_env.cc execution test
FAIL: 22_locale/codecvt/max_length/wchar_t/wrapped_locale.cc execution test
FAIL: 22_locale/codecvt/out/char/wrapped_env.cc execution test
FAIL: 22_locale/codecvt/out/char/wrapped_locale.cc execution test
FAIL: 22_locale/codecvt/out/wchar_t/wrapped_env.cc execution test
FAIL: 22_locale/codecvt/out/wchar_t/wrapped_locale.cc execution test
FAIL: 22_locale/codecvt/unshift/char/wrapped_env.cc execution test
FAIL: 22_locale/codecvt/unshift/char/wrapped_locale.cc execution test
FAIL: 22_locale/codecvt/unshift/wchar_t/wrapped_env.cc execution test
FAIL: 22_locale/codecvt/unshift/wchar_t/wrapped_locale.cc execution test
FAIL: 22_locale/collate/compare/char/2.cc execution test
FAIL: 22_locale/collate/compare/char/wrapped_env.cc execution test
FAIL: 22_locale/collate/compare/char/wrapped_locale.cc execution test
FAIL: 22_locale/collate/compare/wchar_t/2.cc execution test
FAIL: 22_locale/collate/compare/wchar_t/wrapped_env.cc execution test
FAIL: 22_locale/collate/compare/wchar_t/wrapped_locale.cc execution test
FAIL: 22_locale/collate/hash/char/wrapped_env.cc execution test
FAIL: 22_locale/collate/hash/char/wrapped_locale.cc execution test
FAIL: 22_locale/collate/hash/wchar_t/wrapped_env.cc execution test
FAIL: 22_locale/collate/hash/wchar_t/wrapped_locale.cc execution test
FAIL: 22_locale/collate/transform/char/2.cc execution test
FAIL: 22_locale/collate/transform/char/wrapped_env.cc execution test
FAIL: 22_locale/collate/transform/char/wrapped_locale.cc execution test
FAIL: 22_locale/collate/transform/wchar_t/2.cc execution test
FAIL: 22_locale/collate/transform/wchar_t/wrapped_env.cc execution test
FAIL: 22_locale/collate/transform/wchar_t/wrapped_locale.cc execution test
FAIL: 22_locale/collate_byname/1.cc execution test
FAIL: 22_locale/ctype/cons/char/1.cc execution test
FAIL: 22_locale/ctype/cons/char/wrapped_env.cc execution test
FAIL: 22_locale/ctype/cons/char/wrapped_locale.cc execution test
FAIL: 22_locale/ctype/is/char/1.cc execution test
FAIL: 22_locale/ctype/is/char/2.cc execution test
FAIL: 22_locale/ctype/is/char/wrapped_env.cc execution test
FAIL: 22_locale/ctype/is/char/wrapped_locale.cc execution test
FAIL: 22_locale/ctype/is/wchar_t/1.cc execution test
FAIL: 22_locale/ctype/is/wchar_t/2.cc execution test
FAIL: 22_locale/ctype/is/wchar_t/wrapped_env.cc execution test
FAIL: 22_locale/ctype/is/wchar_t/wrapped_locale.cc execution test
FAIL: 22_locale/ctype/narrow/char/wrapped_env.cc execution test
FAIL: 22_locale/ctype/narrow/char/wrapped_locale.cc execution test
FAIL: 22_locale/ctype/narrow/wchar_t/wrapped_env.cc execution test
FAIL: 22_locale/ctype/narrow/wchar_t/wrapped_locale.cc execution test
FAIL: 22_locale/ctype/scan/char/1.cc execution test
FAIL: 22_locale/ctype/scan/char/wrapped_env.cc execution test
FAIL: 22_locale/ctype/scan/char/wrapped_locale.cc execution test
FAIL: 22_locale/ctype/scan/wchar_t/1.cc execution test
FAIL: 22_locale/ctype/scan/wchar_t/wrapped_env.cc execution test
FAIL: 22_locale/ctype/scan/wchar_t/wrapped_locale.cc execution test
FAIL: 22_locale/ctype/to/char/1.cc execution test
FAIL: 22_locale/ctype/to/char/wrapped_env.cc execution test
FAIL: 22_locale/ctype/to/char/wrapped_locale.cc execution test
FAIL: 22_locale/ctype/to/wchar_t/1.cc execution test
FAIL: 22_locale/ctype/to/wchar_t/wrapped_env.cc execution test
FAIL: 22_locale/ctype/to/wchar_t/wrapped_locale.cc execution test
FAIL: 22_locale/ctype/widen/char/wrapped_env.cc execution test
FAIL: 22_locale/ctype/widen/char/wrapped_locale.cc execution test
FAIL: 22_locale/ctype/widen/wchar_t/wrapped_env.cc execution test
FAIL: 22_locale/ctype/widen/wchar_t/wrapped_locale.cc execution test
FAIL: 22_locale/facet/1.cc execution test
FAIL: 22_locale/facet/2.cc execution test
FAIL: 22_locale/global_templates/1.cc execution test
FAIL: 22_locale/locale/cons/7.cc execution test
FAIL: 22_locale/locale/global_locale_objects/1.cc execution test
FAIL: 22_locale/locale/global_locale_objects/3.cc execution test
FAIL: 22_locale/locale/operations/1.cc execution test
FAIL: 22_locale/locale/operations/2.cc execution test
FAIL: 22_locale/messages/members/char/1.cc execution test
FAIL: 22_locale/messages/members/char/2.cc execution test
FAIL: 22_locale/messages/members/char/wrapped_env.cc execution test
FAIL: 22_locale/messages/members/char/wrapped_locale.cc execution test
FAIL: 22_locale/messages_byname/1.cc execution test
FAIL: 22_locale/money_get/get/char/1.cc execution test
FAIL: 22_locale/money_get/get/char/2.cc execution test
FAIL: 22_locale/money_get/get/char/3.cc execution test
FAIL: 22_locale/money_get/get/char/4.cc execution test
FAIL: 22_locale/money_get/get/char/5.cc execution test
FAIL: 22_locale/money_get/get/char/6.cc execution test
FAIL: 22_locale/money_get/get/char/8.cc execution test
FAIL: 22_locale/money_get/get/char/wrapped_env.cc execution test
FAIL: 22_locale/money_get/get/char/wrapped_locale.cc execution test
FAIL: 22_locale/money_get/get/wchar_t/1.cc execution test
FAIL: 22_locale/money_get/get/wchar_t/2.cc execution test
FAIL: 22_locale/money_get/get/wchar_t/3.cc execution test
FAIL: 22_locale/money_get/get/wchar_t/4.cc execution test
FAIL: 22_locale/money_get/get/wchar_t/5.cc execution test
FAIL: 22_locale/money_get/get/wchar_t/6.cc execution test
FAIL: 22_locale/money_get/get/wchar_t/8.cc execution test
FAIL: 22_locale/money_get/get/wchar_t/wrapped_env.cc execution test
FAIL: 22_locale/money_get/get/wchar_t/wrapped_locale.cc execution test
FAIL: 22_locale/money_put/put/char/1.cc execution test
FAIL: 22_locale/money_put/put/char/2.cc execution test
FAIL: 22_locale/money_put/put/char/3.cc execution test
FAIL: 22_locale/money_put/put/char/4.cc execution test
FAIL: 22_locale/money_put/put/char/5.cc execution test
FAIL: 22_locale/money_put/put/char/6.cc execution test
FAIL: 22_locale/money_put/put/char/wrapped_env.cc execution test
FAIL: 22_locale/money_put/put/char/wrapped_locale.cc execution test
FAIL: 22_locale/money_put/put/wchar_t/1.cc execution test
FAIL: 22_locale/money_put/put/wchar_t/2.cc execution test
FAIL: 22_locale/money_put/put/wchar_t/3.cc execution test
FAIL: 22_locale/money_put/put/wchar_t/4.cc execution test
FAIL: 22_locale/money_put/put/wchar_t/5.cc execution test
FAIL: 22_locale/money_put/put/wchar_t/6.cc execution test
FAIL: 22_locale/money_put/put/wchar_t/wrapped_env.cc execution test
FAIL: 22_locale/money_put/put/wchar_t/wrapped_locale.cc execution test
FAIL: 22_locale/moneypunct/members/char/2.cc execution test
FAIL: 22_locale/moneypunct/members/char/wrapped_env.cc execution test
FAIL: 22_locale/moneypunct/members/char/wrapped_locale.cc execution test
FAIL: 22_locale/moneypunct/members/wchar_t/2.cc execution test
FAIL: 22_locale/moneypunct/members/wchar_t/wrapped_env.cc execution test
FAIL: 22_locale/moneypunct/members/wchar_t/wrapped_locale.cc execution test
FAIL: 22_locale/moneypunct_byname/1.cc execution test
FAIL: 22_locale/num_get/get/char/1.cc execution test
FAIL: 22_locale/num_get/get/char/3.cc execution test
FAIL: 22_locale/num_get/get/char/4.cc execution test
FAIL: 22_locale/num_get/get/char/5.cc execution test
FAIL: 22_locale/num_get/get/char/6.cc execution test
FAIL: 22_locale/num_get/get/char/wrapped_env.cc execution test
FAIL: 22_locale/num_get/get/char/wrapped_locale.cc execution test
FAIL: 22_locale/num_get/get/wchar_t/1.cc execution test
FAIL: 22_locale/num_get/get/wchar_t/3.cc execution test
FAIL: 22_locale/num_get/get/wchar_t/4.cc execution test
FAIL: 22_locale/num_get/get/wchar_t/5.cc execution test
FAIL: 22_locale/num_get/get/wchar_t/6.cc execution test
FAIL: 22_locale/num_get/get/wchar_t/wrapped_env.cc execution test
FAIL: 22_locale/num_get/get/wchar_t/wrapped_locale.cc execution test
FAIL: 22_locale/num_put/put/char/1.cc execution test
FAIL: 22_locale/num_put/put/char/3.cc execution test
FAIL: 22_locale/num_put/put/char/4.cc execution test
FAIL: 22_locale/num_put/put/char/wrapped_env.cc execution test
FAIL: 22_locale/num_put/put/char/wrapped_locale.cc execution test
FAIL: 22_locale/num_put/put/wchar_t/1.cc execution test
FAIL: 22_locale/num_put/put/wchar_t/3.cc execution test
FAIL: 22_locale/num_put/put/wchar_t/4.cc execution test
FAIL: 22_locale/num_put/put/wchar_t/wrapped_env.cc execution test
FAIL: 22_locale/num_put/put/wchar_t/wrapped_locale.cc execution test
FAIL: 22_locale/numpunct/members/char/2.cc execution test
FAIL: 22_locale/numpunct/members/char/wrapped_env.cc execution test
FAIL: 22_locale/numpunct/members/char/wrapped_locale.cc execution test
FAIL: 22_locale/numpunct/members/wchar_t/2.cc execution test
FAIL: 22_locale/numpunct/members/wchar_t/wrapped_env.cc execution test
FAIL: 22_locale/numpunct/members/wchar_t/wrapped_locale.cc execution test
FAIL: 22_locale/numpunct_byname/1.cc execution test
FAIL: 22_locale/time_get/date_order/char/wrapped_env.cc execution test
FAIL: 22_locale/time_get/date_order/char/wrapped_locale.cc execution test
FAIL: 22_locale/time_get/date_order/wchar_t/wrapped_env.cc execution test
FAIL: 22_locale/time_get/date_order/wchar_t/wrapped_locale.cc execution test
FAIL: 22_locale/time_get/get_date/char/2.cc execution test
FAIL: 22_locale/time_get/get_date/char/3.cc execution test
FAIL: 22_locale/time_get/get_date/char/wrapped_env.cc execution test
FAIL: 22_locale/time_get/get_date/char/wrapped_locale.cc execution test
FAIL: 22_locale/time_get/get_date/wchar_t/2.cc execution test
FAIL: 22_locale/time_get/get_date/wchar_t/3.cc execution test
FAIL: 22_locale/time_get/get_date/wchar_t/wrapped_env.cc execution test
FAIL: 22_locale/time_get/get_date/wchar_t/wrapped_locale.cc execution test
FAIL: 22_locale/time_get/get_monthname/char/3.cc execution test
FAIL: 22_locale/time_get/get_monthname/char/wrapped_env.cc execution test
FAIL: 22_locale/time_get/get_monthname/char/wrapped_locale.cc execution test
FAIL: 22_locale/time_get/get_monthname/wchar_t/3.cc execution test
FAIL: 22_locale/time_get/get_monthname/wchar_t/wrapped_env.cc execution test
FAIL: 22_locale/time_get/get_monthname/wchar_t/wrapped_locale.cc execution test
FAIL: 22_locale/time_get/get_time/char/2.cc execution test
FAIL: 22_locale/time_get/get_time/char/3.cc execution test
FAIL: 22_locale/time_get/get_time/char/wrapped_env.cc execution test
FAIL: 22_locale/time_get/get_time/char/wrapped_locale.cc execution test
FAIL: 22_locale/time_get/get_time/wchar_t/2.cc execution test
FAIL: 22_locale/time_get/get_time/wchar_t/3.cc execution test
FAIL: 22_locale/time_get/get_time/wchar_t/wrapped_env.cc execution test
FAIL: 22_locale/time_get/get_time/wchar_t/wrapped_locale.cc execution test
FAIL: 22_locale/time_get/get_weekday/char/2.cc execution test
FAIL: 22_locale/time_get/get_weekday/char/3.cc execution test
FAIL: 22_locale/time_get/get_weekday/char/wrapped_env.cc execution test
FAIL: 22_locale/time_get/get_weekday/char/wrapped_locale.cc execution test
FAIL: 22_locale/time_get/get_weekday/wchar_t/2.cc execution test
FAIL: 22_locale/time_get/get_weekday/wchar_t/3.cc execution test
FAIL: 22_locale/time_get/get_weekday/wchar_t/wrapped_env.cc execution test
FAIL: 22_locale/time_get/get_weekday/wchar_t/wrapped_locale.cc execution test
FAIL: 22_locale/time_get/get_year/char/3.cc execution test
FAIL: 22_locale/time_get/get_year/char/wrapped_env.cc execution test
FAIL: 22_locale/time_get/get_year/char/wrapped_locale.cc execution test
FAIL: 22_locale/time_get/get_year/wchar_t/3.cc execution test
FAIL: 22_locale/time_get/get_year/wchar_t/wrapped_env.cc execution test
FAIL: 22_locale/time_get/get_year/wchar_t/wrapped_locale.cc execution test
FAIL: 22_locale/time_put/put/char/10.cc execution test
FAIL: 22_locale/time_put/put/char/2.cc execution test
FAIL: 22_locale/time_put/put/char/4.cc execution test
FAIL: 22_locale/time_put/put/char/6.cc execution test
FAIL: 22_locale/time_put/put/char/8.cc execution test
FAIL: 22_locale/time_put/put/char/9.cc execution test
FAIL: 22_locale/time_put/put/char/wrapped_env.cc execution test
FAIL: 22_locale/time_put/put/char/wrapped_locale.cc execution test
FAIL: 22_locale/time_put/put/wchar_t/10.cc execution test
FAIL: 22_locale/time_put/put/wchar_t/2.cc execution test
FAIL: 22_locale/time_put/put/wchar_t/4.cc execution test
FAIL: 22_locale/time_put/put/wchar_t/6.cc execution test
FAIL: 22_locale/time_put/put/wchar_t/8.cc execution test
FAIL: 22_locale/time_put/put/wchar_t/9.cc execution test
FAIL: 22_locale/time_put/put/wchar_t/wrapped_env.cc execution test
FAIL: 22_locale/time_put/put/wchar_t/wrapped_locale.cc execution test
FAIL: 23_containers/bitset_ctor.cc execution test
FAIL: 23_containers/bitset_members.cc execution test
FAIL: 23_containers/deque_ctor.cc execution test
FAIL: 23_containers/list_modifiers.cc execution test
FAIL: 23_containers/vector_capacity.cc execution test
FAIL: 23_containers/vector_ctor.cc execution test
FAIL: 23_containers/vector_element_access.cc execution test
FAIL: 26_numerics/complex_inserters_extractors.cc execution test
FAIL: 27_io/filebuf_members.cc execution test
FAIL: 27_io/filebuf_virtuals.cc execution test
FAIL: 27_io/ios_base_storage.cc execution test
FAIL: 27_io/ios_init.cc execution test
FAIL: 27_io/ios_manip_basefield.cc execution test
FAIL: 27_io/ios_manip_fmtflags.cc execution test
FAIL: 27_io/istream_extractor_arith/07.cc execution test
FAIL: 27_io/istream_extractor_arith/08.cc execution test
FAIL: 27_io/istream_unformatted.cc execution test
FAIL: 27_io/ostream_inserter_arith.cc execution test
FAIL: 27_io/ostream_inserter_char.cc execution test
FAIL: 27_io/ostream_inserter_other.cc execution test
FAIL: 27_io/ostream_sentry.cc execution test
FAIL: 27_io/ostringstream_members.cc execution test
FAIL: 27_io/streambuf_members.cc execution test
FAIL: 27_io/stringbuf_virtuals.cc execution test
FAIL: demangle/abi_examples/01.cc execution test
FAIL: demangle/abi_examples/02.cc execution test
FAIL: demangle/abi_examples/03.cc execution test
FAIL: demangle/abi_examples/04.cc execution test
FAIL: demangle/abi_examples/05.cc execution test
FAIL: demangle/abi_examples/06.cc execution test
FAIL: demangle/abi_examples/07.cc execution test
FAIL: demangle/abi_examples/08.cc execution test
FAIL: demangle/abi_examples/09.cc execution test
FAIL: demangle/abi_examples/10.cc execution test
FAIL: demangle/abi_examples/11.cc execution test
FAIL: demangle/abi_examples/12.cc execution test
FAIL: demangle/abi_examples/13.cc execution test
FAIL: demangle/abi_examples/14.cc execution test
FAIL: demangle/abi_examples/15.cc execution test
FAIL: demangle/abi_examples/16.cc execution test
FAIL: demangle/abi_examples/17.cc execution test
FAIL: demangle/abi_examples/18.cc execution test
FAIL: demangle/abi_examples/19.cc execution test
FAIL: demangle/abi_examples/20.cc execution test
FAIL: demangle/abi_examples/21.cc execution test
FAIL: demangle/abi_examples/22.cc execution test
FAIL: demangle/abi_examples/23.cc execution test
FAIL: demangle/abi_examples/24.cc execution test
FAIL: demangle/abi_examples/25.cc execution test
FAIL: demangle/abi_examples/26.cc execution test
FAIL: demangle/abi_text/01.cc execution test
FAIL: demangle/abi_text/02.cc execution test
FAIL: demangle/abi_text/03.cc execution test
FAIL: demangle/abi_text/04.cc execution test
FAIL: demangle/abi_text/05.cc execution test
FAIL: demangle/abi_text/06.cc execution test
FAIL: demangle/abi_text/07.cc execution test
FAIL: demangle/abi_text/08.cc execution test
FAIL: demangle/abi_text/09.cc execution test
FAIL: demangle/abi_text/10.cc execution test
FAIL: demangle/abi_text/11.cc execution test
FAIL: demangle/abi_text/12.cc execution test
FAIL: demangle/abi_text/13.cc execution test
FAIL: demangle/abi_text/14.cc execution test
FAIL: demangle/regression/3111-1.cc execution test
FAIL: demangle/regression/3111-2.cc execution test
FAIL: demangle/regression/7986-01.cc execution test
FAIL: demangle/regression/7986-02.cc execution test
FAIL: demangle/regression/7986-03.cc execution test
FAIL: demangle/regression/7986-04.cc execution test
FAIL: demangle/regression/7986-05.cc execution test
FAIL: demangle/regression/7986-06.cc execution test
FAIL: demangle/regression/7986-07.cc execution test
FAIL: demangle/regression/7986-08.cc execution test
FAIL: demangle/regression/7986-09.cc execution test
FAIL: demangle/regression/7986-10.cc execution test
FAIL: demangle/regression/7986-11.cc execution test
FAIL: demangle/regression/7986-12.cc execution test
FAIL: demangle/regression/8897.cc execution test
FAIL: demangle/regression/cw-01.cc execution test
FAIL: demangle/regression/cw-02.cc execution test
FAIL: demangle/regression/cw-03.cc execution test
FAIL: demangle/regression/cw-04.cc execution test
FAIL: demangle/regression/cw-05.cc execution test
FAIL: demangle/regression/cw-06.cc execution test
FAIL: demangle/regression/cw-07.cc execution test
FAIL: demangle/regression/cw-08.cc execution test
FAIL: demangle/regression/cw-09.cc execution test
FAIL: demangle/regression/cw-10.cc execution test
FAIL: demangle/regression/cw-11.cc execution test
FAIL: demangle/regression/cw-12.cc execution test
FAIL: demangle/regression/cw-13.cc execution test
FAIL: demangle/regression/cw-14.cc execution test
FAIL: demangle/regression/old.cc execution test
WARNING: program timed out.
FAIL: thread/pthread1.cc execution test
WARNING: program timed out.
FAIL: thread/pthread2.cc execution test
WARNING: program timed out.
FAIL: thread/pthread3.cc execution test
WARNING: program timed out.
FAIL: thread/pthread5.cc execution test
WARNING: program timed out.
FAIL: thread/pthread6.cc execution test
=== libstdc++-v3 Summary for unix/-fPIC ===
# of expected passes 862
# of unexpected failures 325
# of expected failures 3
Running target unix/-fpic
FAIL: 19_diagnostics/stdexceptions.cc execution test
FAIL: 20_util/auto_ptr.cc execution test
FAIL: 21_strings/append.cc execution test
FAIL: 21_strings/ctor_copy_dtor.cc execution test
FAIL: 21_strings/element_access.cc execution test
FAIL: 21_strings/insert.cc execution test
FAIL: 21_strings/substr.cc execution test
FAIL: 22_locale/codecvt/always_noconv/char/wrapped_env.cc execution test
FAIL: 22_locale/codecvt/always_noconv/char/wrapped_locale.cc execution test
FAIL: 22_locale/codecvt/always_noconv/wchar_t/wrapped_env.cc execution test
FAIL: 22_locale/codecvt/always_noconv/wchar_t/wrapped_locale.cc execution test
FAIL: 22_locale/codecvt/encoding/char/wrapped_env.cc execution test
FAIL: 22_locale/codecvt/encoding/char/wrapped_locale.cc execution test
FAIL: 22_locale/codecvt/encoding/wchar_t/wrapped_env.cc execution test
FAIL: 22_locale/codecvt/encoding/wchar_t/wrapped_locale.cc execution test
FAIL: 22_locale/codecvt/in/char/wrapped_env.cc execution test
FAIL: 22_locale/codecvt/in/char/wrapped_locale.cc execution test
FAIL: 22_locale/codecvt/in/wchar_t/wrapped_env.cc execution test
FAIL: 22_locale/codecvt/in/wchar_t/wrapped_locale.cc execution test
FAIL: 22_locale/codecvt/length/char/2.cc execution test
FAIL: 22_locale/codecvt/length/char/wrapped_env.cc execution test
FAIL: 22_locale/codecvt/length/char/wrapped_locale.cc execution test
FAIL: 22_locale/codecvt/length/wchar_t/6.cc execution test
FAIL: 22_locale/codecvt/length/wchar_t/wrapped_env.cc execution test
FAIL: 22_locale/codecvt/length/wchar_t/wrapped_locale.cc execution test
FAIL: 22_locale/codecvt/max_length/char/wrapped_env.cc execution test
FAIL: 22_locale/codecvt/max_length/char/wrapped_locale.cc execution test
FAIL: 22_locale/codecvt/max_length/wchar_t/wrapped_env.cc execution test
FAIL: 22_locale/codecvt/max_length/wchar_t/wrapped_locale.cc execution test
FAIL: 22_locale/codecvt/out/char/wrapped_env.cc execution test
FAIL: 22_locale/codecvt/out/char/wrapped_locale.cc execution test
FAIL: 22_locale/codecvt/out/wchar_t/wrapped_env.cc execution test
FAIL: 22_locale/codecvt/out/wchar_t/wrapped_locale.cc execution test
FAIL: 22_locale/codecvt/unshift/char/wrapped_env.cc execution test
FAIL: 22_locale/codecvt/unshift/char/wrapped_locale.cc execution test
FAIL: 22_locale/codecvt/unshift/wchar_t/wrapped_env.cc execution test
FAIL: 22_locale/codecvt/unshift/wchar_t/wrapped_locale.cc execution test
FAIL: 22_locale/collate/compare/char/2.cc execution test
FAIL: 22_locale/collate/compare/char/wrapped_env.cc execution test
FAIL: 22_locale/collate/compare/char/wrapped_locale.cc execution test
FAIL: 22_locale/collate/compare/wchar_t/2.cc execution test
FAIL: 22_locale/collate/compare/wchar_t/wrapped_env.cc execution test
FAIL: 22_locale/collate/compare/wchar_t/wrapped_locale.cc execution test
FAIL: 22_locale/collate/hash/char/wrapped_env.cc execution test
FAIL: 22_locale/collate/hash/char/wrapped_locale.cc execution test
FAIL: 22_locale/collate/hash/wchar_t/wrapped_env.cc execution test
FAIL: 22_locale/collate/hash/wchar_t/wrapped_locale.cc execution test
FAIL: 22_locale/collate/transform/char/2.cc execution test
FAIL: 22_locale/collate/transform/char/wrapped_env.cc execution test
FAIL: 22_locale/collate/transform/char/wrapped_locale.cc execution test
FAIL: 22_locale/collate/transform/wchar_t/2.cc execution test
FAIL: 22_locale/collate/transform/wchar_t/wrapped_env.cc execution test
FAIL: 22_locale/collate/transform/wchar_t/wrapped_locale.cc execution test
FAIL: 22_locale/collate_byname/1.cc execution test
FAIL: 22_locale/ctype/cons/char/1.cc execution test
FAIL: 22_locale/ctype/cons/char/wrapped_env.cc execution test
FAIL: 22_locale/ctype/cons/char/wrapped_locale.cc execution test
FAIL: 22_locale/ctype/is/char/1.cc execution test
FAIL: 22_locale/ctype/is/char/2.cc execution test
FAIL: 22_locale/ctype/is/char/wrapped_env.cc execution test
FAIL: 22_locale/ctype/is/char/wrapped_locale.cc execution test
FAIL: 22_locale/ctype/is/wchar_t/1.cc execution test
FAIL: 22_locale/ctype/is/wchar_t/2.cc execution test
FAIL: 22_locale/ctype/is/wchar_t/wrapped_env.cc execution test
FAIL: 22_locale/ctype/is/wchar_t/wrapped_locale.cc execution test
FAIL: 22_locale/ctype/narrow/char/wrapped_env.cc execution test
FAIL: 22_locale/ctype/narrow/char/wrapped_locale.cc execution test
FAIL: 22_locale/ctype/narrow/wchar_t/wrapped_env.cc execution test
FAIL: 22_locale/ctype/narrow/wchar_t/wrapped_locale.cc execution test
FAIL: 22_locale/ctype/scan/char/1.cc execution test
FAIL: 22_locale/ctype/scan/char/wrapped_env.cc execution test
FAIL: 22_locale/ctype/scan/char/wrapped_locale.cc execution test
FAIL: 22_locale/ctype/scan/wchar_t/1.cc execution test
FAIL: 22_locale/ctype/scan/wchar_t/wrapped_env.cc execution test
FAIL: 22_locale/ctype/scan/wchar_t/wrapped_locale.cc execution test
FAIL: 22_locale/ctype/to/char/1.cc execution test
FAIL: 22_locale/ctype/to/char/wrapped_env.cc execution test
FAIL: 22_locale/ctype/to/char/wrapped_locale.cc execution test
FAIL: 22_locale/ctype/to/wchar_t/1.cc execution test
FAIL: 22_locale/ctype/to/wchar_t/wrapped_env.cc execution test
FAIL: 22_locale/ctype/to/wchar_t/wrapped_locale.cc execution test
FAIL: 22_locale/ctype/widen/char/wrapped_env.cc execution test
FAIL: 22_locale/ctype/widen/char/wrapped_locale.cc execution test
FAIL: 22_locale/ctype/widen/wchar_t/wrapped_env.cc execution test
FAIL: 22_locale/ctype/widen/wchar_t/wrapped_locale.cc execution test
FAIL: 22_locale/facet/1.cc execution test
FAIL: 22_locale/facet/2.cc execution test
FAIL: 22_locale/global_templates/1.cc execution test
FAIL: 22_locale/locale/cons/7.cc execution test
FAIL: 22_locale/locale/global_locale_objects/1.cc execution test
FAIL: 22_locale/locale/global_locale_objects/3.cc execution test
FAIL: 22_locale/locale/operations/1.cc execution test
FAIL: 22_locale/locale/operations/2.cc execution test
FAIL: 22_locale/messages/members/char/1.cc execution test
FAIL: 22_locale/messages/members/char/2.cc execution test
FAIL: 22_locale/messages/members/char/wrapped_env.cc execution test
FAIL: 22_locale/messages/members/char/wrapped_locale.cc execution test
FAIL: 22_locale/messages_byname/1.cc execution test
FAIL: 22_locale/money_get/get/char/1.cc execution test
FAIL: 22_locale/money_get/get/char/2.cc execution test
FAIL: 22_locale/money_get/get/char/3.cc execution test
FAIL: 22_locale/money_get/get/char/4.cc execution test
FAIL: 22_locale/money_get/get/char/5.cc execution test
FAIL: 22_locale/money_get/get/char/6.cc execution test
FAIL: 22_locale/money_get/get/char/8.cc execution test
FAIL: 22_locale/money_get/get/char/wrapped_env.cc execution test
FAIL: 22_locale/money_get/get/char/wrapped_locale.cc execution test
FAIL: 22_locale/money_get/get/wchar_t/1.cc execution test
FAIL: 22_locale/money_get/get/wchar_t/2.cc execution test
FAIL: 22_locale/money_get/get/wchar_t/3.cc execution test
FAIL: 22_locale/money_get/get/wchar_t/4.cc execution test
FAIL: 22_locale/money_get/get/wchar_t/5.cc execution test
FAIL: 22_locale/money_get/get/wchar_t/6.cc execution test
FAIL: 22_locale/money_get/get/wchar_t/8.cc execution test
FAIL: 22_locale/money_get/get/wchar_t/wrapped_env.cc execution test
FAIL: 22_locale/money_get/get/wchar_t/wrapped_locale.cc execution test
FAIL: 22_locale/money_put/put/char/1.cc execution test
FAIL: 22_locale/money_put/put/char/2.cc execution test
FAIL: 22_locale/money_put/put/char/3.cc execution test
FAIL: 22_locale/money_put/put/char/4.cc execution test
FAIL: 22_locale/money_put/put/char/5.cc execution test
FAIL: 22_locale/money_put/put/char/6.cc execution test
FAIL: 22_locale/money_put/put/char/wrapped_env.cc execution test
FAIL: 22_locale/money_put/put/char/wrapped_locale.cc execution test
FAIL: 22_locale/money_put/put/wchar_t/1.cc execution test
FAIL: 22_locale/money_put/put/wchar_t/2.cc execution test
FAIL: 22_locale/money_put/put/wchar_t/3.cc execution test
FAIL: 22_locale/money_put/put/wchar_t/4.cc execution test
FAIL: 22_locale/money_put/put/wchar_t/5.cc execution test
FAIL: 22_locale/money_put/put/wchar_t/6.cc execution test
FAIL: 22_locale/money_put/put/wchar_t/wrapped_env.cc execution test
FAIL: 22_locale/money_put/put/wchar_t/wrapped_locale.cc execution test
FAIL: 22_locale/moneypunct/members/char/2.cc execution test
FAIL: 22_locale/moneypunct/members/char/wrapped_env.cc execution test
FAIL: 22_locale/moneypunct/members/char/wrapped_locale.cc execution test
FAIL: 22_locale/moneypunct/members/wchar_t/2.cc execution test
FAIL: 22_locale/moneypunct/members/wchar_t/wrapped_env.cc execution test
FAIL: 22_locale/moneypunct/members/wchar_t/wrapped_locale.cc execution test
FAIL: 22_locale/moneypunct_byname/1.cc execution test
FAIL: 22_locale/num_get/get/char/1.cc execution test
FAIL: 22_locale/num_get/get/char/3.cc execution test
FAIL: 22_locale/num_get/get/char/4.cc execution test
FAIL: 22_locale/num_get/get/char/5.cc execution test
FAIL: 22_locale/num_get/get/char/6.cc execution test
FAIL: 22_locale/num_get/get/char/wrapped_env.cc execution test
FAIL: 22_locale/num_get/get/char/wrapped_locale.cc execution test
FAIL: 22_locale/num_get/get/wchar_t/1.cc execution test
FAIL: 22_locale/num_get/get/wchar_t/3.cc execution test
FAIL: 22_locale/num_get/get/wchar_t/4.cc execution test
FAIL: 22_locale/num_get/get/wchar_t/5.cc execution test
FAIL: 22_locale/num_get/get/wchar_t/6.cc execution test
FAIL: 22_locale/num_get/get/wchar_t/wrapped_env.cc execution test
FAIL: 22_locale/num_get/get/wchar_t/wrapped_locale.cc execution test
FAIL: 22_locale/num_put/put/char/1.cc execution test
FAIL: 22_locale/num_put/put/char/3.cc execution test
FAIL: 22_locale/num_put/put/char/4.cc execution test
FAIL: 22_locale/num_put/put/char/wrapped_env.cc execution test
FAIL: 22_locale/num_put/put/char/wrapped_locale.cc execution test
FAIL: 22_locale/num_put/put/wchar_t/1.cc execution test
FAIL: 22_locale/num_put/put/wchar_t/3.cc execution test
FAIL: 22_locale/num_put/put/wchar_t/4.cc execution test
FAIL: 22_locale/num_put/put/wchar_t/wrapped_env.cc execution test
FAIL: 22_locale/num_put/put/wchar_t/wrapped_locale.cc execution test
FAIL: 22_locale/numpunct/members/char/2.cc execution test
FAIL: 22_locale/numpunct/members/char/wrapped_env.cc execution test
FAIL: 22_locale/numpunct/members/char/wrapped_locale.cc execution test
FAIL: 22_locale/numpunct/members/wchar_t/2.cc execution test
FAIL: 22_locale/numpunct/members/wchar_t/wrapped_env.cc execution test
FAIL: 22_locale/numpunct/members/wchar_t/wrapped_locale.cc execution test
FAIL: 22_locale/numpunct_byname/1.cc execution test
FAIL: 22_locale/time_get/date_order/char/wrapped_env.cc execution test
FAIL: 22_locale/time_get/date_order/char/wrapped_locale.cc execution test
FAIL: 22_locale/time_get/date_order/wchar_t/wrapped_env.cc execution test
FAIL: 22_locale/time_get/date_order/wchar_t/wrapped_locale.cc execution test
FAIL: 22_locale/time_get/get_date/char/2.cc execution test
FAIL: 22_locale/time_get/get_date/char/3.cc execution test
FAIL: 22_locale/time_get/get_date/char/wrapped_env.cc execution test
FAIL: 22_locale/time_get/get_date/char/wrapped_locale.cc execution test
FAIL: 22_locale/time_get/get_date/wchar_t/2.cc execution test
FAIL: 22_locale/time_get/get_date/wchar_t/3.cc execution test
FAIL: 22_locale/time_get/get_date/wchar_t/wrapped_env.cc execution test
FAIL: 22_locale/time_get/get_date/wchar_t/wrapped_locale.cc execution test
FAIL: 22_locale/time_get/get_monthname/char/3.cc execution test
FAIL: 22_locale/time_get/get_monthname/char/wrapped_env.cc execution test
FAIL: 22_locale/time_get/get_monthname/char/wrapped_locale.cc execution test
FAIL: 22_locale/time_get/get_monthname/wchar_t/3.cc execution test
FAIL: 22_locale/time_get/get_monthname/wchar_t/wrapped_env.cc execution test
FAIL: 22_locale/time_get/get_monthname/wchar_t/wrapped_locale.cc execution test
FAIL: 22_locale/time_get/get_time/char/2.cc execution test
FAIL: 22_locale/time_get/get_time/char/3.cc execution test
FAIL: 22_locale/time_get/get_time/char/wrapped_env.cc execution test
FAIL: 22_locale/time_get/get_time/char/wrapped_locale.cc execution test
FAIL: 22_locale/time_get/get_time/wchar_t/2.cc execution test
FAIL: 22_locale/time_get/get_time/wchar_t/3.cc execution test
FAIL: 22_locale/time_get/get_time/wchar_t/wrapped_env.cc execution test
FAIL: 22_locale/time_get/get_time/wchar_t/wrapped_locale.cc execution test
FAIL: 22_locale/time_get/get_weekday/char/2.cc execution test
FAIL: 22_locale/time_get/get_weekday/char/3.cc execution test
FAIL: 22_locale/time_get/get_weekday/char/wrapped_env.cc execution test
FAIL: 22_locale/time_get/get_weekday/char/wrapped_locale.cc execution test
FAIL: 22_locale/time_get/get_weekday/wchar_t/2.cc execution test
FAIL: 22_locale/time_get/get_weekday/wchar_t/3.cc execution test
FAIL: 22_locale/time_get/get_weekday/wchar_t/wrapped_env.cc execution test
FAIL: 22_locale/time_get/get_weekday/wchar_t/wrapped_locale.cc execution test
FAIL: 22_locale/time_get/get_year/char/3.cc execution test
FAIL: 22_locale/time_get/get_year/char/wrapped_env.cc execution test
FAIL: 22_locale/time_get/get_year/char/wrapped_locale.cc execution test
FAIL: 22_locale/time_get/get_year/wchar_t/3.cc execution test
FAIL: 22_locale/time_get/get_year/wchar_t/wrapped_env.cc execution test
FAIL: 22_locale/time_get/get_year/wchar_t/wrapped_locale.cc execution test
FAIL: 22_locale/time_put/put/char/10.cc execution test
FAIL: 22_locale/time_put/put/char/2.cc execution test
FAIL: 22_locale/time_put/put/char/4.cc execution test
FAIL: 22_locale/time_put/put/char/6.cc execution test
FAIL: 22_locale/time_put/put/char/8.cc execution test
FAIL: 22_locale/time_put/put/char/9.cc execution test
FAIL: 22_locale/time_put/put/char/wrapped_env.cc execution test
FAIL: 22_locale/time_put/put/char/wrapped_locale.cc execution test
FAIL: 22_locale/time_put/put/wchar_t/10.cc execution test
FAIL: 22_locale/time_put/put/wchar_t/2.cc execution test
FAIL: 22_locale/time_put/put/wchar_t/4.cc execution test
FAIL: 22_locale/time_put/put/wchar_t/6.cc execution test
FAIL: 22_locale/time_put/put/wchar_t/8.cc execution test
FAIL: 22_locale/time_put/put/wchar_t/9.cc execution test
FAIL: 22_locale/time_put/put/wchar_t/wrapped_env.cc execution test
FAIL: 22_locale/time_put/put/wchar_t/wrapped_locale.cc execution test
FAIL: 23_containers/bitset_ctor.cc execution test
FAIL: 23_containers/bitset_members.cc execution test
FAIL: 23_containers/deque_ctor.cc execution test
FAIL: 23_containers/list_modifiers.cc execution test
FAIL: 23_containers/vector_capacity.cc execution test
FAIL: 23_containers/vector_ctor.cc execution test
FAIL: 23_containers/vector_element_access.cc execution test
FAIL: 26_numerics/complex_inserters_extractors.cc execution test
FAIL: 27_io/filebuf_members.cc execution test
FAIL: 27_io/filebuf_virtuals.cc execution test
FAIL: 27_io/ios_base_storage.cc execution test
FAIL: 27_io/ios_init.cc execution test
FAIL: 27_io/ios_manip_basefield.cc execution test
FAIL: 27_io/ios_manip_fmtflags.cc execution test
FAIL: 27_io/istream_extractor_arith/07.cc execution test
FAIL: 27_io/istream_extractor_arith/08.cc execution test
FAIL: 27_io/istream_unformatted.cc execution test
FAIL: 27_io/ostream_inserter_arith.cc execution test
FAIL: 27_io/ostream_inserter_char.cc execution test
FAIL: 27_io/ostream_inserter_other.cc execution test
FAIL: 27_io/ostream_sentry.cc execution test
FAIL: 27_io/ostringstream_members.cc execution test
FAIL: 27_io/streambuf_members.cc execution test
FAIL: 27_io/stringbuf_virtuals.cc execution test
FAIL: demangle/abi_examples/01.cc execution test
FAIL: demangle/abi_examples/02.cc execution test
FAIL: demangle/abi_examples/03.cc execution test
FAIL: demangle/abi_examples/04.cc execution test
FAIL: demangle/abi_examples/05.cc execution test
FAIL: demangle/abi_examples/06.cc execution test
FAIL: demangle/abi_examples/07.cc execution test
FAIL: demangle/abi_examples/08.cc execution test
FAIL: demangle/abi_examples/09.cc execution test
FAIL: demangle/abi_examples/10.cc execution test
FAIL: demangle/abi_examples/11.cc execution test
FAIL: demangle/abi_examples/12.cc execution test
FAIL: demangle/abi_examples/13.cc execution test
FAIL: demangle/abi_examples/14.cc execution test
FAIL: demangle/abi_examples/15.cc execution test
FAIL: demangle/abi_examples/16.cc execution test
FAIL: demangle/abi_examples/17.cc execution test
FAIL: demangle/abi_examples/18.cc execution test
FAIL: demangle/abi_examples/19.cc execution test
FAIL: demangle/abi_examples/20.cc execution test
FAIL: demangle/abi_examples/21.cc execution test
FAIL: demangle/abi_examples/22.cc execution test
FAIL: demangle/abi_examples/23.cc execution test
FAIL: demangle/abi_examples/24.cc execution test
FAIL: demangle/abi_examples/25.cc execution test
FAIL: demangle/abi_examples/26.cc execution test
FAIL: demangle/abi_text/01.cc execution test
FAIL: demangle/abi_text/02.cc execution test
FAIL: demangle/abi_text/03.cc execution test
FAIL: demangle/abi_text/04.cc execution test
FAIL: demangle/abi_text/05.cc execution test
FAIL: demangle/abi_text/06.cc execution test
FAIL: demangle/abi_text/07.cc execution test
FAIL: demangle/abi_text/08.cc execution test
FAIL: demangle/abi_text/09.cc execution test
FAIL: demangle/abi_text/10.cc execution test
FAIL: demangle/abi_text/11.cc execution test
FAIL: demangle/abi_text/12.cc execution test
FAIL: demangle/abi_text/13.cc execution test
FAIL: demangle/abi_text/14.cc execution test
FAIL: demangle/regression/3111-1.cc execution test
FAIL: demangle/regression/3111-2.cc execution test
FAIL: demangle/regression/7986-01.cc execution test
FAIL: demangle/regression/7986-02.cc execution test
FAIL: demangle/regression/7986-03.cc execution test
FAIL: demangle/regression/7986-04.cc execution test
FAIL: demangle/regression/7986-05.cc execution test
FAIL: demangle/regression/7986-06.cc execution test
FAIL: demangle/regression/7986-07.cc execution test
FAIL: demangle/regression/7986-08.cc execution test
FAIL: demangle/regression/7986-09.cc execution test
FAIL: demangle/regression/7986-10.cc execution test
FAIL: demangle/regression/7986-11.cc execution test
FAIL: demangle/regression/7986-12.cc execution test
FAIL: demangle/regression/8897.cc execution test
FAIL: demangle/regression/cw-01.cc execution test
FAIL: demangle/regression/cw-02.cc execution test
FAIL: demangle/regression/cw-03.cc execution test
FAIL: demangle/regression/cw-04.cc execution test
FAIL: demangle/regression/cw-05.cc execution test
FAIL: demangle/regression/cw-06.cc execution test
FAIL: demangle/regression/cw-07.cc execution test
FAIL: demangle/regression/cw-08.cc execution test
FAIL: demangle/regression/cw-09.cc execution test
FAIL: demangle/regression/cw-10.cc execution test
FAIL: demangle/regression/cw-11.cc execution test
FAIL: demangle/regression/cw-12.cc execution test
FAIL: demangle/regression/cw-13.cc execution test
FAIL: demangle/regression/cw-14.cc execution test
FAIL: demangle/regression/old.cc execution test
WARNING: program timed out.
FAIL: thread/pthread1.cc execution test
WARNING: program timed out.
FAIL: thread/pthread2.cc execution test
WARNING: program timed out.
FAIL: thread/pthread3.cc execution test
WARNING: program timed out.
FAIL: thread/pthread5.cc execution test
WARNING: program timed out.
FAIL: thread/pthread6.cc execution test
=== libstdc++-v3 Summary for unix/-fpic ===
# of expected passes 862
# of unexpected failures 325
# of expected failures 3
Running target unix
FAIL: 19_diagnostics/stdexceptions.cc execution test
FAIL: 20_util/auto_ptr.cc execution test
FAIL: 21_strings/append.cc execution test
FAIL: 21_strings/ctor_copy_dtor.cc execution test
FAIL: 21_strings/element_access.cc execution test
FAIL: 21_strings/insert.cc execution test
FAIL: 21_strings/substr.cc execution test
FAIL: 22_locale/codecvt/always_noconv/char/wrapped_env.cc execution test
FAIL: 22_locale/codecvt/always_noconv/char/wrapped_locale.cc execution test
FAIL: 22_locale/codecvt/always_noconv/wchar_t/wrapped_env.cc execution test
FAIL: 22_locale/codecvt/always_noconv/wchar_t/wrapped_locale.cc execution test
FAIL: 22_locale/codecvt/encoding/char/wrapped_env.cc execution test
FAIL: 22_locale/codecvt/encoding/char/wrapped_locale.cc execution test
FAIL: 22_locale/codecvt/encoding/wchar_t/wrapped_env.cc execution test
FAIL: 22_locale/codecvt/encoding/wchar_t/wrapped_locale.cc execution test
FAIL: 22_locale/codecvt/in/char/wrapped_env.cc execution test
FAIL: 22_locale/codecvt/in/char/wrapped_locale.cc execution test
FAIL: 22_locale/codecvt/in/wchar_t/wrapped_env.cc execution test
FAIL: 22_locale/codecvt/in/wchar_t/wrapped_locale.cc execution test
FAIL: 22_locale/codecvt/length/char/2.cc execution test
FAIL: 22_locale/codecvt/length/char/wrapped_env.cc execution test
FAIL: 22_locale/codecvt/length/char/wrapped_locale.cc execution test
FAIL: 22_locale/codecvt/length/wchar_t/6.cc execution test
FAIL: 22_locale/codecvt/length/wchar_t/wrapped_env.cc execution test
FAIL: 22_locale/codecvt/length/wchar_t/wrapped_locale.cc execution test
FAIL: 22_locale/codecvt/max_length/char/wrapped_env.cc execution test
FAIL: 22_locale/codecvt/max_length/char/wrapped_locale.cc execution test
FAIL: 22_locale/codecvt/max_length/wchar_t/wrapped_env.cc execution test
FAIL: 22_locale/codecvt/max_length/wchar_t/wrapped_locale.cc execution test
FAIL: 22_locale/codecvt/out/char/wrapped_env.cc execution test
FAIL: 22_locale/codecvt/out/char/wrapped_locale.cc execution test
FAIL: 22_locale/codecvt/out/wchar_t/wrapped_env.cc execution test
FAIL: 22_locale/codecvt/out/wchar_t/wrapped_locale.cc execution test
FAIL: 22_locale/codecvt/unshift/char/wrapped_env.cc execution test
FAIL: 22_locale/codecvt/unshift/char/wrapped_locale.cc execution test
FAIL: 22_locale/codecvt/unshift/wchar_t/wrapped_env.cc execution test
FAIL: 22_locale/codecvt/unshift/wchar_t/wrapped_locale.cc execution test
FAIL: 22_locale/collate/compare/char/2.cc execution test
FAIL: 22_locale/collate/compare/char/wrapped_env.cc execution test
FAIL: 22_locale/collate/compare/char/wrapped_locale.cc execution test
FAIL: 22_locale/collate/compare/wchar_t/2.cc execution test
FAIL: 22_locale/collate/compare/wchar_t/wrapped_env.cc execution test
FAIL: 22_locale/collate/compare/wchar_t/wrapped_locale.cc execution test
FAIL: 22_locale/collate/hash/char/wrapped_env.cc execution test
FAIL: 22_locale/collate/hash/char/wrapped_locale.cc execution test
FAIL: 22_locale/collate/hash/wchar_t/wrapped_env.cc execution test
FAIL: 22_locale/collate/hash/wchar_t/wrapped_locale.cc execution test
FAIL: 22_locale/collate/transform/char/2.cc execution test
FAIL: 22_locale/collate/transform/char/wrapped_env.cc execution test
FAIL: 22_locale/collate/transform/char/wrapped_locale.cc execution test
FAIL: 22_locale/collate/transform/wchar_t/2.cc execution test
FAIL: 22_locale/collate/transform/wchar_t/wrapped_env.cc execution test
FAIL: 22_locale/collate/transform/wchar_t/wrapped_locale.cc execution test
FAIL: 22_locale/collate_byname/1.cc execution test
FAIL: 22_locale/ctype/cons/char/1.cc execution test
FAIL: 22_locale/ctype/cons/char/wrapped_env.cc execution test
FAIL: 22_locale/ctype/cons/char/wrapped_locale.cc execution test
FAIL: 22_locale/ctype/is/char/1.cc execution test
FAIL: 22_locale/ctype/is/char/2.cc execution test
FAIL: 22_locale/ctype/is/char/wrapped_env.cc execution test
FAIL: 22_locale/ctype/is/char/wrapped_locale.cc execution test
FAIL: 22_locale/ctype/is/wchar_t/1.cc execution test
FAIL: 22_locale/ctype/is/wchar_t/2.cc execution test
FAIL: 22_locale/ctype/is/wchar_t/wrapped_env.cc execution test
FAIL: 22_locale/ctype/is/wchar_t/wrapped_locale.cc execution test
FAIL: 22_locale/ctype/narrow/char/wrapped_env.cc execution test
FAIL: 22_locale/ctype/narrow/char/wrapped_locale.cc execution test
FAIL: 22_locale/ctype/narrow/wchar_t/wrapped_env.cc execution test
FAIL: 22_locale/ctype/narrow/wchar_t/wrapped_locale.cc execution test
FAIL: 22_locale/ctype/scan/char/1.cc execution test
FAIL: 22_locale/ctype/scan/char/wrapped_env.cc execution test
FAIL: 22_locale/ctype/scan/char/wrapped_locale.cc execution test
FAIL: 22_locale/ctype/scan/wchar_t/1.cc execution test
FAIL: 22_locale/ctype/scan/wchar_t/wrapped_env.cc execution test
FAIL: 22_locale/ctype/scan/wchar_t/wrapped_locale.cc execution test
FAIL: 22_locale/ctype/to/char/1.cc execution test
FAIL: 22_locale/ctype/to/char/wrapped_env.cc execution test
FAIL: 22_locale/ctype/to/char/wrapped_locale.cc execution test
FAIL: 22_locale/ctype/to/wchar_t/1.cc execution test
FAIL: 22_locale/ctype/to/wchar_t/wrapped_env.cc execution test
FAIL: 22_locale/ctype/to/wchar_t/wrapped_locale.cc execution test
FAIL: 22_locale/ctype/widen/char/wrapped_env.cc execution test
FAIL: 22_locale/ctype/widen/char/wrapped_locale.cc execution test
FAIL: 22_locale/ctype/widen/wchar_t/wrapped_env.cc execution test
FAIL: 22_locale/ctype/widen/wchar_t/wrapped_locale.cc execution test
FAIL: 22_locale/facet/1.cc execution test
FAIL: 22_locale/facet/2.cc execution test
FAIL: 22_locale/global_templates/1.cc execution test
FAIL: 22_locale/locale/cons/7.cc execution test
FAIL: 22_locale/locale/global_locale_objects/1.cc execution test
FAIL: 22_locale/locale/global_locale_objects/3.cc execution test
FAIL: 22_locale/locale/operations/1.cc execution test
FAIL: 22_locale/locale/operations/2.cc execution test
FAIL: 22_locale/messages/members/char/1.cc execution test
FAIL: 22_locale/messages/members/char/2.cc execution test
FAIL: 22_locale/messages/members/char/wrapped_env.cc execution test
FAIL: 22_locale/messages/members/char/wrapped_locale.cc execution test
FAIL: 22_locale/messages_byname/1.cc execution test
FAIL: 22_locale/money_get/get/char/1.cc execution test
FAIL: 22_locale/money_get/get/char/2.cc execution test
FAIL: 22_locale/money_get/get/char/3.cc execution test
FAIL: 22_locale/money_get/get/char/4.cc execution test
FAIL: 22_locale/money_get/get/char/5.cc execution test
FAIL: 22_locale/money_get/get/char/6.cc execution test
FAIL: 22_locale/money_get/get/char/8.cc execution test
FAIL: 22_locale/money_get/get/char/wrapped_env.cc execution test
FAIL: 22_locale/money_get/get/char/wrapped_locale.cc execution test
FAIL: 22_locale/money_get/get/wchar_t/1.cc execution test
FAIL: 22_locale/money_get/get/wchar_t/2.cc execution test
FAIL: 22_locale/money_get/get/wchar_t/3.cc execution test
FAIL: 22_locale/money_get/get/wchar_t/4.cc execution test
FAIL: 22_locale/money_get/get/wchar_t/5.cc execution test
FAIL: 22_locale/money_get/get/wchar_t/6.cc execution test
FAIL: 22_locale/money_get/get/wchar_t/8.cc execution test
FAIL: 22_locale/money_get/get/wchar_t/wrapped_env.cc execution test
FAIL: 22_locale/money_get/get/wchar_t/wrapped_locale.cc execution test
FAIL: 22_locale/money_put/put/char/1.cc execution test
FAIL: 22_locale/money_put/put/char/2.cc execution test
FAIL: 22_locale/money_put/put/char/3.cc execution test
FAIL: 22_locale/money_put/put/char/4.cc execution test
FAIL: 22_locale/money_put/put/char/5.cc execution test
FAIL: 22_locale/money_put/put/char/6.cc execution test
FAIL: 22_locale/money_put/put/char/wrapped_env.cc execution test
FAIL: 22_locale/money_put/put/char/wrapped_locale.cc execution test
FAIL: 22_locale/money_put/put/wchar_t/1.cc execution test
FAIL: 22_locale/money_put/put/wchar_t/2.cc execution test
FAIL: 22_locale/money_put/put/wchar_t/3.cc execution test
FAIL: 22_locale/money_put/put/wchar_t/4.cc execution test
FAIL: 22_locale/money_put/put/wchar_t/5.cc execution test
FAIL: 22_locale/money_put/put/wchar_t/6.cc execution test
FAIL: 22_locale/money_put/put/wchar_t/wrapped_env.cc execution test
FAIL: 22_locale/money_put/put/wchar_t/wrapped_locale.cc execution test
FAIL: 22_locale/moneypunct/members/char/2.cc execution test
FAIL: 22_locale/moneypunct/members/char/wrapped_env.cc execution test
FAIL: 22_locale/moneypunct/members/char/wrapped_locale.cc execution test
FAIL: 22_locale/moneypunct/members/wchar_t/2.cc execution test
FAIL: 22_locale/moneypunct/members/wchar_t/wrapped_env.cc execution test
FAIL: 22_locale/moneypunct/members/wchar_t/wrapped_locale.cc execution test
FAIL: 22_locale/moneypunct_byname/1.cc execution test
FAIL: 22_locale/num_get/get/char/1.cc execution test
FAIL: 22_locale/num_get/get/char/3.cc execution test
FAIL: 22_locale/num_get/get/char/4.cc execution test
FAIL: 22_locale/num_get/get/char/5.cc execution test
FAIL: 22_locale/num_get/get/char/6.cc execution test
FAIL: 22_locale/num_get/get/char/wrapped_env.cc execution test
FAIL: 22_locale/num_get/get/char/wrapped_locale.cc execution test
FAIL: 22_locale/num_get/get/wchar_t/1.cc execution test
FAIL: 22_locale/num_get/get/wchar_t/3.cc execution test
FAIL: 22_locale/num_get/get/wchar_t/4.cc execution test
FAIL: 22_locale/num_get/get/wchar_t/5.cc execution test
FAIL: 22_locale/num_get/get/wchar_t/6.cc execution test
FAIL: 22_locale/num_get/get/wchar_t/wrapped_env.cc execution test
FAIL: 22_locale/num_get/get/wchar_t/wrapped_locale.cc execution test
FAIL: 22_locale/num_put/put/char/1.cc execution test
FAIL: 22_locale/num_put/put/char/3.cc execution test
FAIL: 22_locale/num_put/put/char/4.cc execution test
FAIL: 22_locale/num_put/put/char/wrapped_env.cc execution test
FAIL: 22_locale/num_put/put/char/wrapped_locale.cc execution test
FAIL: 22_locale/num_put/put/wchar_t/1.cc execution test
FAIL: 22_locale/num_put/put/wchar_t/3.cc execution test
FAIL: 22_locale/num_put/put/wchar_t/4.cc execution test
FAIL: 22_locale/num_put/put/wchar_t/wrapped_env.cc execution test
FAIL: 22_locale/num_put/put/wchar_t/wrapped_locale.cc execution test
FAIL: 22_locale/numpunct/members/char/2.cc execution test
FAIL: 22_locale/numpunct/members/char/wrapped_env.cc execution test
FAIL: 22_locale/numpunct/members/char/wrapped_locale.cc execution test
FAIL: 22_locale/numpunct/members/wchar_t/2.cc execution test
FAIL: 22_locale/numpunct/members/wchar_t/wrapped_env.cc execution test
FAIL: 22_locale/numpunct/members/wchar_t/wrapped_locale.cc execution test
FAIL: 22_locale/numpunct_byname/1.cc execution test
FAIL: 22_locale/time_get/date_order/char/wrapped_env.cc execution test
FAIL: 22_locale/time_get/date_order/char/wrapped_locale.cc execution test
FAIL: 22_locale/time_get/date_order/wchar_t/wrapped_env.cc execution test
FAIL: 22_locale/time_get/date_order/wchar_t/wrapped_locale.cc execution test
FAIL: 22_locale/time_get/get_date/char/2.cc execution test
FAIL: 22_locale/time_get/get_date/char/3.cc execution test
FAIL: 22_locale/time_get/get_date/char/wrapped_env.cc execution test
FAIL: 22_locale/time_get/get_date/char/wrapped_locale.cc execution test
FAIL: 22_locale/time_get/get_date/wchar_t/2.cc execution test
FAIL: 22_locale/time_get/get_date/wchar_t/3.cc execution test
FAIL: 22_locale/time_get/get_date/wchar_t/wrapped_env.cc execution test
FAIL: 22_locale/time_get/get_date/wchar_t/wrapped_locale.cc execution test
FAIL: 22_locale/time_get/get_monthname/char/3.cc execution test
FAIL: 22_locale/time_get/get_monthname/char/wrapped_env.cc execution test
FAIL: 22_locale/time_get/get_monthname/char/wrapped_locale.cc execution test
FAIL: 22_locale/time_get/get_monthname/wchar_t/3.cc execution test
FAIL: 22_locale/time_get/get_monthname/wchar_t/wrapped_env.cc execution test
FAIL: 22_locale/time_get/get_monthname/wchar_t/wrapped_locale.cc execution test
FAIL: 22_locale/time_get/get_time/char/2.cc execution test
FAIL: 22_locale/time_get/get_time/char/3.cc execution test
FAIL: 22_locale/time_get/get_time/char/wrapped_env.cc execution test
FAIL: 22_locale/time_get/get_time/char/wrapped_locale.cc execution test
FAIL: 22_locale/time_get/get_time/wchar_t/2.cc execution test
FAIL: 22_locale/time_get/get_time/wchar_t/3.cc execution test
FAIL: 22_locale/time_get/get_time/wchar_t/wrapped_env.cc execution test
FAIL: 22_locale/time_get/get_time/wchar_t/wrapped_locale.cc execution test
FAIL: 22_locale/time_get/get_weekday/char/2.cc execution test
FAIL: 22_locale/time_get/get_weekday/char/3.cc execution test
FAIL: 22_locale/time_get/get_weekday/char/wrapped_env.cc execution test
FAIL: 22_locale/time_get/get_weekday/char/wrapped_locale.cc execution test
FAIL: 22_locale/time_get/get_weekday/wchar_t/2.cc execution test
FAIL: 22_locale/time_get/get_weekday/wchar_t/3.cc execution test
FAIL: 22_locale/time_get/get_weekday/wchar_t/wrapped_env.cc execution test
FAIL: 22_locale/time_get/get_weekday/wchar_t/wrapped_locale.cc execution test
FAIL: 22_locale/time_get/get_year/char/3.cc execution test
FAIL: 22_locale/time_get/get_year/char/wrapped_env.cc execution test
FAIL: 22_locale/time_get/get_year/char/wrapped_locale.cc execution test
FAIL: 22_locale/time_get/get_year/wchar_t/3.cc execution test
FAIL: 22_locale/time_get/get_year/wchar_t/wrapped_env.cc execution test
FAIL: 22_locale/time_get/get_year/wchar_t/wrapped_locale.cc execution test
FAIL: 22_locale/time_put/put/char/10.cc execution test
FAIL: 22_locale/time_put/put/char/2.cc execution test
FAIL: 22_locale/time_put/put/char/4.cc execution test
FAIL: 22_locale/time_put/put/char/6.cc execution test
FAIL: 22_locale/time_put/put/char/8.cc execution test
FAIL: 22_locale/time_put/put/char/9.cc execution test
FAIL: 22_locale/time_put/put/char/wrapped_env.cc execution test
FAIL: 22_locale/time_put/put/char/wrapped_locale.cc execution test
FAIL: 22_locale/time_put/put/wchar_t/10.cc execution test
FAIL: 22_locale/time_put/put/wchar_t/2.cc execution test
FAIL: 22_locale/time_put/put/wchar_t/4.cc execution test
FAIL: 22_locale/time_put/put/wchar_t/6.cc execution test
FAIL: 22_locale/time_put/put/wchar_t/8.cc execution test
FAIL: 22_locale/time_put/put/wchar_t/9.cc execution test
FAIL: 22_locale/time_put/put/wchar_t/wrapped_env.cc execution test
FAIL: 22_locale/time_put/put/wchar_t/wrapped_locale.cc execution test
FAIL: 23_containers/bitset_ctor.cc execution test
FAIL: 23_containers/bitset_members.cc execution test
FAIL: 23_containers/deque_ctor.cc execution test
FAIL: 23_containers/list_modifiers.cc execution test
FAIL: 23_containers/vector_capacity.cc execution test
FAIL: 23_containers/vector_ctor.cc execution test
FAIL: 23_containers/vector_element_access.cc execution test
FAIL: 26_numerics/complex_inserters_extractors.cc execution test
FAIL: 27_io/filebuf_members.cc execution test
FAIL: 27_io/filebuf_virtuals.cc execution test
FAIL: 27_io/ios_base_storage.cc execution test
FAIL: 27_io/ios_init.cc execution test
FAIL: 27_io/ios_manip_basefield.cc execution test
FAIL: 27_io/ios_manip_fmtflags.cc execution test
FAIL: 27_io/istream_extractor_arith/07.cc execution test
FAIL: 27_io/istream_extractor_arith/08.cc execution test
FAIL: 27_io/istream_unformatted.cc execution test
FAIL: 27_io/ostream_inserter_arith.cc execution test
FAIL: 27_io/ostream_inserter_char.cc execution test
FAIL: 27_io/ostream_inserter_other.cc execution test
FAIL: 27_io/ostream_sentry.cc execution test
FAIL: 27_io/ostringstream_members.cc execution test
FAIL: 27_io/streambuf_members.cc execution test
FAIL: 27_io/stringbuf_virtuals.cc execution test
FAIL: demangle/abi_examples/01.cc execution test
FAIL: demangle/abi_examples/02.cc execution test
FAIL: demangle/abi_examples/03.cc execution test
FAIL: demangle/abi_examples/04.cc execution test
FAIL: demangle/abi_examples/05.cc execution test
FAIL: demangle/abi_examples/06.cc execution test
FAIL: demangle/abi_examples/07.cc execution test
FAIL: demangle/abi_examples/08.cc execution test
FAIL: demangle/abi_examples/09.cc execution test
FAIL: demangle/abi_examples/10.cc execution test
FAIL: demangle/abi_examples/11.cc execution test
FAIL: demangle/abi_examples/12.cc execution test
FAIL: demangle/abi_examples/13.cc execution test
FAIL: demangle/abi_examples/14.cc execution test
FAIL: demangle/abi_examples/15.cc execution test
FAIL: demangle/abi_examples/16.cc execution test
FAIL: demangle/abi_examples/17.cc execution test
FAIL: demangle/abi_examples/18.cc execution test
FAIL: demangle/abi_examples/19.cc execution test
FAIL: demangle/abi_examples/20.cc execution test
FAIL: demangle/abi_examples/21.cc execution test
FAIL: demangle/abi_examples/22.cc execution test
FAIL: demangle/abi_examples/23.cc execution test
FAIL: demangle/abi_examples/24.cc execution test
FAIL: demangle/abi_examples/25.cc execution test
FAIL: demangle/abi_examples/26.cc execution test
FAIL: demangle/abi_text/01.cc execution test
FAIL: demangle/abi_text/02.cc execution test
FAIL: demangle/abi_text/03.cc execution test
FAIL: demangle/abi_text/04.cc execution test
FAIL: demangle/abi_text/05.cc execution test
FAIL: demangle/abi_text/06.cc execution test
FAIL: demangle/abi_text/07.cc execution test
FAIL: demangle/abi_text/08.cc execution test
FAIL: demangle/abi_text/09.cc execution test
FAIL: demangle/abi_text/10.cc execution test
FAIL: demangle/abi_text/11.cc execution test
FAIL: demangle/abi_text/12.cc execution test
FAIL: demangle/abi_text/13.cc execution test
FAIL: demangle/abi_text/14.cc execution test
FAIL: demangle/regression/3111-1.cc execution test
FAIL: demangle/regression/3111-2.cc execution test
FAIL: demangle/regression/7986-01.cc execution test
FAIL: demangle/regression/7986-02.cc execution test
FAIL: demangle/regression/7986-03.cc execution test
FAIL: demangle/regression/7986-04.cc execution test
FAIL: demangle/regression/7986-05.cc execution test
FAIL: demangle/regression/7986-06.cc execution test
FAIL: demangle/regression/7986-07.cc execution test
FAIL: demangle/regression/7986-08.cc execution test
FAIL: demangle/regression/7986-09.cc execution test
FAIL: demangle/regression/7986-10.cc execution test
FAIL: demangle/regression/7986-11.cc execution test
FAIL: demangle/regression/7986-12.cc execution test
FAIL: demangle/regression/8897.cc execution test
FAIL: demangle/regression/cw-01.cc execution test
FAIL: demangle/regression/cw-02.cc execution test
FAIL: demangle/regression/cw-03.cc execution test
FAIL: demangle/regression/cw-04.cc execution test
FAIL: demangle/regression/cw-05.cc execution test
FAIL: demangle/regression/cw-06.cc execution test
FAIL: demangle/regression/cw-07.cc execution test
FAIL: demangle/regression/cw-08.cc execution test
FAIL: demangle/regression/cw-09.cc execution test
FAIL: demangle/regression/cw-10.cc execution test
FAIL: demangle/regression/cw-11.cc execution test
FAIL: demangle/regression/cw-12.cc execution test
FAIL: demangle/regression/cw-13.cc execution test
FAIL: demangle/regression/cw-14.cc execution test
FAIL: demangle/regression/old.cc execution test
WARNING: program timed out.
FAIL: thread/pthread1.cc execution test
WARNING: program timed out.
FAIL: thread/pthread2.cc execution test
WARNING: program timed out.
FAIL: thread/pthread3.cc execution test
WARNING: program timed out.
FAIL: thread/pthread5.cc execution test
WARNING: program timed out.
FAIL: thread/pthread6.cc execution test
=== libstdc++-v3 Summary for unix ===
# of expected passes 862
# of unexpected failures 325
# of expected failures 3
=== libstdc++-v3 Summary ===
# of expected passes 2586
# of unexpected failures 975
# of expected failures 9
Compiler version: 3.4 20030305 (experimental)
Platform: sparc-unknown-linux-gnu
configure flags: sparc-linux --prefix=/usr/local/gcc-binutils --enable-shared --enable-threads=posix --enable-languages=c,c++,f77,java,objc
Counting all warnings,
there are 215 warnings in stage0 of this bootstrap.
Number of warnings per file:
48 libiberty/regex.c
16 include/linux/sysctl.h
8 libjava/java/awt/TextComponent.java
6 libjava/java/security/IdentityScope.java
6 libjava/java/awt/TextArea.java
6 libjava/gnu/java/nio/natSocketChannelImpl.cc
4 libjava/java/security/Identity.java
4 libjava/java/lang/strtod.c
4 libjava/java/lang/dtoa.c
4 libjava/java/awt/TextField.java
4 libjava/java/awt/ScrollPane.java
4 libjava/java/awt/List.java
3 libjava/java/sql/Time.java
3 libjava/java/lang/ThreadGroup.java
3 libjava/java/lang/e_exp.c
3 libjava/java/awt/Scrollbar.java
3 libjava/java/awt/datatransfer/StringSelection.java
3 libjava/gnu/java/awt/peer/gtk/GtkMenuPeer.java
3 libf2c/libI77/rsne.c
2 /usr/local/src/gcc-binutils/trunk/gcc-binutils/readline/histexpand.c
2 libtool
2 libobjc/linking.m
2 libjava/javax/swing/JComponent.java
2 libjava/java/security/Signer.java
2 libjava/java/security/Signature.java
2 libjava/java/security/DummySignature.java
2 libjava/java/net/MulticastSocket.java
2 libjava/java/lang/w_exp.c
2 libjava/java/lang/natClassLoader.cc
2 libjava/java/awt/Window.java
2 libjava/java/awt/Menu.java
2 libjava/gnu/java/rmi/server/RMIObjectInputStream.java
2 libjava/gnu/java/rmi/registry/RegistryImpl_Skel.java
2 libjava/gnu/java/rmi/dgc/DGCImpl_Skel.java
2 libjava/gnu/java/awt/peer/gtk/GtkMenuItemPeer.java
2 libjava/gnu/java/awt/peer/gtk/GtkClipboard.java
2 libiberty/md5.c
2 libffi/src/sparc/v8.S
2 include/xregex2.h
1 /usr/local/src/gcc-binutils/trunk/gcc-binutils/boehm-gc/mark_rts.c
1 libobjc/Protocol.m
1 libobjc/Object.m
1 libobjc/encoding.c
1 libjava/verify.cc
1 libjava/prims.cc
1 libjava/org/xml/sax/helpers/XMLReaderFactory.java
1 libjava/org/xml/sax/helpers/ParserAdapter.java
1 libjava/jni.cc
1 libjava/javax/swing/plaf/ComponentUI.java
1 libjava/javax/swing/JApplet.java
1 libjava/java/util/zip/ZipFile.java
1 libjava/java/sql/Date.java
1 libjava/java/net/natNetworkInterface.cc
1 libjava/java/lang/System.java
1 libjava/java/lang/e_rem_pio2.c
1 libjava/java/lang/e_asin.c
1 libjava/java/io/StringBufferInputStream.java
1 libjava/java/io/RandomAccessFile.java
1 libjava/java/io/ObjectInputStream.java
1 libjava/java/io/ByteArrayOutputStream.java
1 libjava/java/awt/Toolkit.java
1 libjava/java/awt/PopupMenu.java
1 libjava/java/awt/MenuBar.java
1 libjava/java/awt/Font.java
1 libjava/java/awt/Container.java
1 libjava/gnu/java/awt/peer/gtk/GtkMenuBarPeer.java
1 libjava/gnu/java/awt/peer/gtk/GtkFramePeer.java
1 libjava/gnu/java/awt/peer/gtk/GtkComponentPeer.java
1 libjava/gnu/gcj/runtime/natSharedLibLoader.cc
1 libjava/gnu/gcj/io/shs.cc
1 libjava/gnu/awt/xlib/XCanvasPeer.java
1 libf2c/libU77/srand_.c
1 libf2c/libU77/chmod_.c
1 libf2c/libI77/uio.c
1 libf2c/libI77/open.c
1 libf2c/libI77/inquire.c
1 lex.yy.c
1 fastjar/jartool.c
1 configure
Number of warning types:
73 The method \`???' in class \`???' has been deprecated.
19 The class \`???' has been deprecated.
17 \`???' might be used uninitialized in this function
16 signed and unsigned type in conditional expression
16 function \`???' was previously declared within a block
16 comma at end of enumerator list
9 unused
9 implicit declaration of function \`???'
4 useless keyword or type name in empty declaration
4 unused parameter \`???'
4 empty declaration
4 dereferencing type-punned pointer will break strict-aliasing rules
4 \`???' defined but not used
3 The field \`???' in class \`???' has been deprecated.
3 comparison
2 passing arg ??? of \`???' discards qualifiers from pointer target type
2 ISO C90 does not support \`static' or type qualifiers in parameter array declarators
1 to ensure that POSIX-compatible ar will work
1 this is the location of the previous definition
1 string length \`???' is greater than the length \`???' ISO C89 compilers are required to support
1 statement
1 \`STACKFRAME' redefined
1 object name conflicts; overriding AR_FLAGS to 'cq'
1 function returns address of local variable
1 comparison between signed and unsigned
1 \`
1
Counting all warnings,
there are 11 warnings in stage3 of this bootstrap.
Number of warnings per file:
3 gcc/gcc.c
2 /usr/share/bison/bison.simple
2 gcc/f/sta.c
2 gcc/crtstuff.c
1 gcc/objc/lang-specs.h
1 gcc/java/jvspec.c
Number of warning types:
5 string length \`???' is greater than the length \`???' ISO C89 compilers are required to support
2 passing arg ??? of \`???' discards qualifiers from pointer target type
2 label \`???' defined but not used
2 dereferencing type-punned pointer will break strict-aliasing rules
More information about the Gcc-testresults
mailing list