Results for 3.5-tree-ssa 20030302 (experimental) testsuite on i686-pc-linux-gnu
Andreas Jaeger
aj@suse.de
Wed Mar 5 16:55:00 GMT 2003
Bootstrap and regtesting on i686-linux-gnu.
CVS sources: branch: tree-ssa-20020619-branch
LAST_UPDATED: Wed Mar 5 08:21:29 UTC 2003
Native configuration is i686-pc-linux-gnu
=== g++ tests ===
Running target unix
FAIL: g++.dg/warn/Wswitch-1.C enum e1 (test for warnings, line 24)
FAIL: g++.dg/warn/Wswitch-1.C enum e2 (test for warnings, line 24)
FAIL: g++.dg/warn/Wswitch-1.C enum e2 (test for warnings, line 32)
FAIL: g++.dg/warn/Wswitch-1.C excess 3 (test for warnings, line 54)
FAIL: g++.dg/warn/Wswitch-2.C enum e4 (test for warnings, line 20)
FAIL: g++.dg/warn/Wswitch-2.C enum e1 (test for warnings, line 29)
FAIL: g++.dg/warn/Wunused-2.C (test for warnings, line 5)
FAIL: 213: expected branch percentages not found: 11
FAIL: g++.dg/gcov/gcov-1.C gcov: 0 failures in line counts, 1 in branch percentages, 0 in return percentages
FAIL: pch/system-1.C -g assembly comparison
FAIL: pch/system-1.C -O2 -g assembly comparison
XPASS: g++.other/init5.C Execution test
FAIL: g++.other/vaarg3.C promote (test for errors, line 23)
FAIL: g++.other/vaarg3.C promote (test for errors, line 26)
=== g++ Summary ===
# of expected passes 8338
# of unexpected failures 13
# of unexpected successes 1
# of expected failures 69
# of untested testcases 9
# of unsupported tests 3
/builds/gcc/misc/gcc/testsuite/../g++ version 3.5-tree-ssa 20030302 (experimental)
=== g77 tests ===
Running target unix
=== g77 Summary ===
# of expected passes 1660
/builds/gcc/misc/gcc/testsuite/../g77 version 3.5-tree-ssa 20030302 (experimental)
=== gcc tests ===
Running target unix
WARNING: program timed out.
FAIL: gcc.c-torture/compile/20001226-1.c, -O2
WARNING: program timed out.
FAIL: gcc.c-torture/compile/20001226-1.c, -O3 -fomit-frame-pointer
WARNING: program timed out.
FAIL: gcc.c-torture/compile/20001226-1.c, -O3 -g
FAIL: gcc.c-torture/execute/20000603-1.c execution, -O3 -fomit-frame-pointer
FAIL: gcc.c-torture/execute/20000603-1.c execution, -O3 -g
FAIL: gcc.c-torture/execute/stdio-opt-1.c execution, -O1
FAIL: gcc.c-torture/execute/stdio-opt-1.c execution, -O2
FAIL: gcc.c-torture/execute/stdio-opt-1.c execution, -O3 -fomit-frame-pointer
FAIL: gcc.c-torture/execute/stdio-opt-1.c execution, -O3 -g
FAIL: gcc.c-torture/execute/stdio-opt-1.c execution, -Os
FAIL: gcc.c-torture/execute/string-opt-1.c execution, -O1
FAIL: gcc.c-torture/execute/string-opt-1.c execution, -O2
FAIL: gcc.c-torture/execute/string-opt-1.c execution, -O3 -fomit-frame-pointer
FAIL: gcc.c-torture/execute/string-opt-1.c execution, -O3 -g
FAIL: gcc.c-torture/execute/string-opt-1.c execution, -Os
FAIL: gcc.c-torture/execute/string-opt-10.c execution, -O1
FAIL: gcc.c-torture/execute/string-opt-10.c execution, -O2
FAIL: gcc.c-torture/execute/string-opt-10.c execution, -O3 -fomit-frame-pointer
FAIL: gcc.c-torture/execute/string-opt-10.c execution, -O3 -g
FAIL: gcc.c-torture/execute/string-opt-10.c execution, -Os
FAIL: gcc.c-torture/execute/string-opt-11.c execution, -O1
FAIL: gcc.c-torture/execute/string-opt-11.c execution, -O2
FAIL: gcc.c-torture/execute/string-opt-11.c execution, -O3 -fomit-frame-pointer
FAIL: gcc.c-torture/execute/string-opt-11.c execution, -O3 -g
FAIL: gcc.c-torture/execute/string-opt-11.c execution, -Os
FAIL: gcc.c-torture/execute/string-opt-12.c execution, -O1
FAIL: gcc.c-torture/execute/string-opt-12.c execution, -O2
FAIL: gcc.c-torture/execute/string-opt-12.c execution, -O3 -fomit-frame-pointer
FAIL: gcc.c-torture/execute/string-opt-12.c execution, -O3 -g
FAIL: gcc.c-torture/execute/string-opt-12.c execution, -Os
FAIL: gcc.c-torture/execute/string-opt-3.c execution, -O1
FAIL: gcc.c-torture/execute/string-opt-3.c execution, -O2
FAIL: gcc.c-torture/execute/string-opt-3.c execution, -O3 -fomit-frame-pointer
FAIL: gcc.c-torture/execute/string-opt-3.c execution, -O3 -g
FAIL: gcc.c-torture/execute/string-opt-3.c execution, -Os
FAIL: gcc.c-torture/execute/string-opt-4.c execution, -O1
FAIL: gcc.c-torture/execute/string-opt-4.c execution, -O2
FAIL: gcc.c-torture/execute/string-opt-4.c execution, -O3 -fomit-frame-pointer
FAIL: gcc.c-torture/execute/string-opt-4.c execution, -O3 -g
FAIL: gcc.c-torture/execute/string-opt-4.c execution, -Os
FAIL: gcc.c-torture/execute/string-opt-6.c execution, -O1
FAIL: gcc.c-torture/execute/string-opt-6.c execution, -O2
FAIL: gcc.c-torture/execute/string-opt-6.c execution, -O3 -fomit-frame-pointer
FAIL: gcc.c-torture/execute/string-opt-6.c execution, -O3 -g
FAIL: gcc.c-torture/execute/string-opt-6.c execution, -Os
FAIL: gcc.c-torture/execute/string-opt-7.c execution, -O1
FAIL: gcc.c-torture/execute/string-opt-7.c execution, -O2
FAIL: gcc.c-torture/execute/string-opt-7.c execution, -O3 -fomit-frame-pointer
FAIL: gcc.c-torture/execute/string-opt-7.c execution, -O3 -g
FAIL: gcc.c-torture/execute/string-opt-7.c execution, -Os
FAIL: gcc.c-torture/execute/string-opt-8.c execution, -O1
FAIL: gcc.c-torture/execute/string-opt-8.c execution, -O2
FAIL: gcc.c-torture/execute/string-opt-8.c execution, -O3 -fomit-frame-pointer
FAIL: gcc.c-torture/execute/string-opt-8.c execution, -O3 -g
FAIL: gcc.c-torture/execute/string-opt-8.c execution, -Os
FAIL: gcc.c-torture/execute/string-opt-9.c execution, -O1
FAIL: gcc.c-torture/execute/string-opt-9.c execution, -O2
FAIL: gcc.c-torture/execute/string-opt-9.c execution, -O3 -fomit-frame-pointer
FAIL: gcc.c-torture/execute/string-opt-9.c execution, -O3 -g
FAIL: gcc.c-torture/execute/string-opt-9.c execution, -Os
FAIL: gcc.dg/20020304-1.c (test for excess errors)
FAIL: gcc.dg/20020531-1.c (test for excess errors)
FAIL: gcc.dg/Wswitch-2.c enum e4 (test for warnings, line 20)
FAIL: gcc.dg/Wswitch-2.c enum e1 (test for warnings, line 29)
FAIL: gcc.dg/Wswitch-default.c (test for warnings, line 14)
FAIL: gcc.dg/Wswitch-default.c (test for warnings, line 22)
FAIL: gcc.dg/Wswitch-default.c (test for warnings, line 31)
FAIL: gcc.dg/Wswitch-default.c (test for warnings, line 41)
FAIL: gcc.dg/Wswitch-default.c (test for warnings, line 53)
FAIL: gcc.dg/Wswitch-default.c (test for excess errors)
FAIL: gcc.dg/Wswitch-enum.c enum e1 (test for warnings, line 23)
FAIL: gcc.dg/Wswitch-enum.c enum e2 (test for warnings, line 23)
FAIL: gcc.dg/Wswitch-enum.c enum e1 (test for warnings, line 28)
FAIL: gcc.dg/Wswitch-enum.c enum e2 (test for warnings, line 28)
FAIL: gcc.dg/Wswitch-enum.c enum e2 (test for warnings, line 32)
FAIL: gcc.dg/Wswitch-enum.c enum e2 (test for warnings, line 37)
FAIL: gcc.dg/Wswitch-enum.c excess 3 (test for warnings, line 54)
FAIL: gcc.dg/Wswitch-enum.c excess 3 (test for warnings, line 61)
FAIL: gcc.dg/Wswitch.c enum e1 (test for warnings, line 23)
FAIL: gcc.dg/Wswitch.c enum e2 (test for warnings, line 23)
FAIL: gcc.dg/Wswitch.c enum e2 (test for warnings, line 32)
FAIL: gcc.dg/Wswitch.c excess 3 (test for warnings, line 54)
FAIL: gcc.dg/Wunreachable-1.c (test for warnings, line 21)
FAIL: gcc.dg/i386-cadd.c scan-assembler sbb
FAIL: gcc.dg/noreturn-1.c detect falling off end of noreturn (test for warnings, line 10)
FAIL: gcc.dg/noreturn-1.c detect noreturn candidate (test for warnings, line 31)
FAIL: gcc.dg/noreturn-1.c detect return from noreturn (test for warnings, line 38)
FAIL: gcc.dg/noreturn-1.c detect return from tail call (test for warnings, line 59)
FAIL: gcc.dg/noreturn-1.c (test for excess errors)
FAIL: gcc.dg/noreturn-4.c warn for main (test for warnings, line 10)
FAIL: gcc.dg/noreturn-4.c (test for excess errors)
FAIL: gcc.dg/old-style-asm-1.c scan-assembler L2
FAIL: gcc.dg/return-type-1.c warning for falling off end of non-void function (test for warnings, line 8)
FAIL: gcc.dg/return-type-1.c (test for excess errors)
FAIL: gcc.dg/typespec-1.c unsigned long long int long (test for errors, line 932)
FAIL: gcc.dg/typespec-1.c unsigned long long int float (test for errors, line 933)
FAIL: gcc.dg/typespec-1.c unsigned long long int double (test for errors, line 934)
FAIL: gcc.dg/typespec-1.c unsigned long long int signed (test for errors, line 935)
FAIL: gcc.dg/typespec-1.c unsigned long long int unsigned (test for errors, line 936)
FAIL: gcc.dg/typespec-1.c unsigned long long int _Bool (test for errors, line 937)
FAIL: gcc.dg/typespec-1.c (test for excess errors)
XPASS: gcc.dg/uninit-4.c uninitialized variable warning (test for bogus messages, line 26)
XPASS: gcc.dg/uninit-5.c uninitialized variable warning (test for bogus messages, line 13)
XPASS: gcc.dg/uninit-5.c uninitialized variable warning (test for bogus messages, line 27)
XPASS: gcc.dg/uninit-8.c uninitialized variable warning (test for bogus messages, line 14)
FAIL: gcc.dg/uninit-C.c (test for excess errors)
FAIL: gcc.dg/warn-1.c (test for warnings, line 8)
FAIL: gcc.dg/warn-1.c (test for warnings, line 15)
FAIL: gcc.dg/warn-1.c (test for excess errors)
FAIL: 165: expected branch percentages not found: 11
FAIL: gcc.misc-tests/gcov-4b.c gcov: 0 failures in line counts, 1 in branch percentages, 0 in return percentages
=== gcc Summary ===
# of expected passes 21530
# of unexpected failures 107
# of unexpected successes 4
# of expected failures 66
# of unsupported tests 82
/builds/gcc/misc/gcc/xgcc version 3.5-tree-ssa 20030302 (experimental)
=== objc tests ===
Running target unix
=== objc Summary ===
# of expected passes 1153
/builds/gcc/misc/gcc/xgcc version 3.5-tree-ssa 20030302 (experimental)
=== libjava tests ===
Running target unix
WARNING: program timed out.
FAIL: SyncTest execution - gij test
WARNING: program timed out.
FAIL: SyncTest execution - gij test
=== libjava Summary ===
# of expected passes 2939
# of unexpected failures 2
# of expected failures 16
# of untested testcases 14
=== libmudflap tests ===
Running target unix
FAIL: libmudflap.c++/fail24-frag.cxx (-static) output pattern test, is *******
FAIL: libmudflap.c++/pass27-frag.cxx (-static) execution test
FAIL: libmudflap.c++/pass28-frag.cxx (-static) execution test
FAIL: libmudflap.c++/pass31-frag.cxx (-static) execution test
FAIL: libmudflap.c++/fail24-frag.cxx (-O3 -static) output pattern test, is *******
FAIL: libmudflap.c++/pass27-frag.cxx (-O3 -static) execution test
FAIL: libmudflap.c++/pass28-frag.cxx (-O3 -static) execution test
FAIL: libmudflap.c++/pass31-frag.cxx (-O3 -static) execution test
=== libmudflap Summary ===
# of expected passes 518
# of unexpected failures 8
=== libstdc++-v3 tests ===
Running target unix
FAIL: 22_locale/codecvt/always_noconv/wchar_t/3.cc execution test
FAIL: 22_locale/codecvt/encoding/wchar_t/3.cc execution test
FAIL: 22_locale/codecvt/encoding/wchar_t/wrapped_locale.cc execution test
FAIL: 22_locale/codecvt/in/wchar_t/3.cc execution test
FAIL: 22_locale/codecvt/length/wchar_t/3.cc execution test
FAIL: 22_locale/codecvt/max_length/wchar_t/3.cc execution test
FAIL: 22_locale/codecvt/max_length/wchar_t/wrapped_locale.cc execution test
FAIL: 22_locale/codecvt/out/wchar_t/3.cc execution test
FAIL: 22_locale/codecvt/unshift/wchar_t/3.cc execution test
FAIL: 22_locale/messages/members/char/1.cc execution test
FAIL: 22_locale/messages/members/char/2.cc execution test
FAIL: 22_locale/messages/members/char/wrapped_env.cc execution test
FAIL: 22_locale/messages/members/char/wrapped_locale.cc execution test
FAIL: 22_locale/messages_byname/1.cc execution test
FAIL: 27_io/ios_init.cc execution test
=== libstdc++-v3 Summary ===
# of expected passes 1172
# of unexpected failures 15
# of expected failures 3
Compiler version: 3.5-tree-ssa 20030302 (experimental)
Platform: i686-pc-linux-gnu
configure flags: --prefix=/opt/gcc/tree-ssa-20020619-branch --disable-nls --enable-threads=posix --enable-clocale=gnu --enable-__cxa_atexit --enable-shared --enable-languages=c,c++,f77,java,objc --enable-checking=misc,tree,rtl,gc,rtlflag --with-system-zlib --with-libbanshee
More information about the Gcc-testresults
mailing list