Results for 3.4 20030305 (experimental) testsuite on alphaev6-unknown-linux-gnu
Brad Lucier
lucier@popov.math.purdue.edu
Wed Mar 5 04:33:00 GMT 2003
LAST_UPDATED: Wed Mar 5 00:56:28 UTC 2003
Native configuration is alphaev6-unknown-linux-gnu
=== libjava tests ===
Running target unix
WARNING: program timed out.
FAIL: SyncTest execution - gij test
WARNING: program timed out.
FAIL: SyncTest execution - bytecode->native test
WARNING: program timed out.
FAIL: SyncTest execution - gij test
WARNING: program timed out.
FAIL: SyncTest -O execution - bytecode->native test
FAIL: Thread_Interrupt -O output - source compiled test
FAIL: Thread_Interrupt output - gij test
FAIL: Thread_Interrupt -O output - bytecode->native test
FAIL: initexc execution - gij test
FAIL: initexc execution - gij test
=== libjava Summary ===
# of expected passes 2928
# of unexpected failures 9
# of expected failures 16
# of untested testcases 18
=== libstdc++-v3 tests ===
Running target unix
FAIL: 22_locale/codecvt/always_noconv/wchar_t/3.cc execution test
FAIL: 22_locale/codecvt/encoding/wchar_t/3.cc execution test
FAIL: 22_locale/codecvt/encoding/wchar_t/wrapped_locale.cc execution test
FAIL: 22_locale/codecvt/in/wchar_t/3.cc execution test
FAIL: 22_locale/codecvt/length/wchar_t/3.cc execution test
FAIL: 22_locale/codecvt/max_length/wchar_t/3.cc execution test
FAIL: 22_locale/codecvt/max_length/wchar_t/wrapped_locale.cc execution test
FAIL: 22_locale/codecvt/out/wchar_t/3.cc execution test
FAIL: 22_locale/codecvt/unshift/wchar_t/3.cc execution test
FAIL: 22_locale/collate/transform/char/2.cc execution test
FAIL: 22_locale/collate/transform/char/wrapped_env.cc execution test
FAIL: 22_locale/collate/transform/char/wrapped_locale.cc execution test
FAIL: 22_locale/collate/transform/wchar_t/2.cc execution test
FAIL: 22_locale/collate/transform/wchar_t/wrapped_env.cc execution test
FAIL: 22_locale/collate/transform/wchar_t/wrapped_locale.cc execution test
FAIL: 22_locale/collate_byname/1.cc execution test
FAIL: 26_numerics/fabs_inline.cc (test for excess errors)
WARNING: 26_numerics/fabs_inline.cc compilation failed to produce executable
FAIL: 27_io/ios_init.cc execution test
=== libstdc++-v3 Summary ===
# of expected passes 1168
# of unexpected failures 18
# of expected failures 3
=== g77 tests ===
Running target unix
FAIL: g77.dg/f77-edit-apostrophe-out.f (test for excess errors)
WARNING: g77.dg/f77-edit-apostrophe-out.f compilation failed to produce executable
FAIL: g77.dg/f77-edit-h-out.f (test for excess errors)
WARNING: g77.dg/f77-edit-h-out.f compilation failed to produce executable
FAIL: g77.dg/f77-edit-s-out.f (test for excess errors)
WARNING: g77.dg/f77-edit-s-out.f compilation failed to produce executable
FAIL: g77.dg/f77-edit-slash-out.f (test for excess errors)
WARNING: g77.dg/f77-edit-slash-out.f compilation failed to produce executable
FAIL: g77.dg/f77-edit-slash-out.f (test for excess errors)
WARNING: g77.dg/f77-edit-slash-out.f compilation failed to produce executable
FAIL: g77.dg/f77-edit-t-out.f (test for excess errors)
WARNING: g77.dg/f77-edit-t-out.f compilation failed to produce executable
FAIL: g77.dg/f77-edit-x-out.f (test for excess errors)
WARNING: g77.dg/f77-edit-x-out.f compilation failed to produce executable
FAIL: g77.dg/fbackslash.f (test for excess errors)
WARNING: g77.dg/fbackslash.f compilation failed to produce executable
FAIL: g77.dg/fcase-preserve.f (test for excess errors)
WARNING: g77.dg/fcase-preserve.f compilation failed to produce executable
FAIL: g77.dg/fcase-preserve.f (test for excess errors)
WARNING: g77.dg/fcase-preserve.f compilation failed to produce executable
FAIL: g77.dg/ff90-1.f (test for excess errors)
WARNING: g77.dg/ff90-1.f compilation failed to produce executable
FAIL: g77.f-torture/noncompile/check0.f
=== g77 Summary ===
# of expected passes 1614
# of unexpected failures 12
# of unsupported tests 8
/export/home/lucier/programs/gcc/objdir/gcc/testsuite/../g77 version 3.4 20030305 (experimental)
=== gcc tests ===
Running target unix
FAIL: gcc.c-torture/compile/20000412-2.c, -O1
WARNING: program timed out.
FAIL: gcc.c-torture/compile/20001226-1.c, -O2
WARNING: program timed out.
FAIL: gcc.c-torture/compile/20001226-1.c, -O3 -fomit-frame-pointer
WARNING: program timed out.
FAIL: gcc.c-torture/compile/20001226-1.c, -O3 -g
WARNING: program timed out.
FAIL: gcc.c-torture/compile/20001226-1.c, -Os
FAIL: gcc.c-torture/compile/labels-3.c, -O0
FAIL: gcc.c-torture/compile/labels-3.c, -O1
FAIL: gcc.c-torture/compile/labels-3.c, -O2
FAIL: gcc.c-torture/compile/labels-3.c, -O3 -fomit-frame-pointer
FAIL: gcc.c-torture/compile/labels-3.c, -O3 -g
FAIL: gcc.c-torture/compile/labels-3.c, -Os
FAIL: gcc.dg/duff-2.c (test for excess errors)
FAIL: gcc.dg/typespec-1.c unsigned long long int void (test for errors, line 928)
FAIL: gcc.dg/typespec-1.c unsigned long long int char (test for errors, line 929)
FAIL: gcc.dg/typespec-1.c unsigned long long int short (test for errors, line 930)
FAIL: gcc.dg/typespec-1.c unsigned long long int int (test for errors, line 931)
FAIL: gcc.dg/typespec-1.c unsigned long long int long (test for errors, line 932)
FAIL: gcc.dg/typespec-1.c unsigned long long int float (test for errors, line 933)
FAIL: gcc.dg/typespec-1.c unsigned long long int double (test for errors, line 934)
FAIL: gcc.dg/typespec-1.c unsigned long long int signed (test for errors, line 935)
FAIL: gcc.dg/typespec-1.c unsigned long long int unsigned (test for errors, line 936)
FAIL: gcc.dg/typespec-1.c unsigned long long int _Bool (test for errors, line 937)
FAIL: gcc.dg/warn-1.c (test for warnings, line 8)
FAIL: gcc.dg/warn-1.c (test for warnings, line 15)
FAIL: gcc.dg/pch/inline-1.c (test for excess errors)
=== gcc Summary ===
# of expected passes 21725
# of unexpected failures 25
# of expected failures 79
# of untested testcases 1
# of unsupported tests 176
/export/home/lucier/programs/gcc/objdir/gcc/xgcc version 3.4 20030305 (experimental)
=== g++ tests ===
Running target unix
FAIL: g++.dg/opt/vtgc1.C scan-assembler-dem .vtable_inherit[ ]*vtable for Multivv3.*0
FAIL: g++.dg/opt/vtgc1.C scan-assembler-dem .vtable_inherit[ ]*VTT for Multivv3.*0
FAIL: g++.dg/opt/vtgc1.C scan-assembler-dem .vtable_inherit[ ]*vtable for Multiss2.*vtable for Base2
FAIL: g++.dg/opt/vtgc1.C scan-assembler-dem .vtable_inherit[ ]*vtable for Multivs1.*vtable for Base2
FAIL: g++.dg/opt/vtgc1.C scan-assembler-dem .vtable_inherit[ ]*VTT for Multivs1.*vtable for Base2
FAIL: g++.dg/opt/vtgc1.C scan-assembler-dem .vtable_inherit[ ]*vtable for Multisv0.*vtable for Side0
FAIL: g++.dg/opt/vtgc1.C scan-assembler-dem .vtable_inherit[ ]*VTT for Multisv0.*vtable for Side0
FAIL: g++.dg/opt/vtgc1.C scan-assembler-dem .vtable_inherit[ ]*vtable for Side0.*0
FAIL: g++.dg/opt/vtgc1.C scan-assembler-dem .vtable_inherit[ ]*vtable for VbasedA.*0
FAIL: g++.dg/opt/vtgc1.C scan-assembler-dem .vtable_inherit[ ]*VTT for VbasedA.*0
FAIL: g++.dg/opt/vtgc1.C scan-assembler-dem .vtable_inherit[ ]*vtable for Base2.*vtable for Base1
FAIL: g++.dg/opt/vtgc1.C scan-assembler-dem .vtable_inherit[ ]*vtable for Base1.*vtable for Base0
FAIL: g++.dg/opt/vtgc1.C scan-assembler-dem .vtable_inherit[ ]*vtable for Base0.*0
FAIL: g++.dg/warn/Wunused-2.C (test for warnings, line 5)
FAIL: pch/system-1.C -g assembly comparison
FAIL: pch/system-1.C -O2 -g assembly comparison
=== g++ Summary ===
# of expected passes 8262
# of unexpected failures 16
# of expected failures 70
# of untested testcases 22
# of unsupported tests 17
/export/home/lucier/programs/gcc/objdir/gcc/testsuite/../g++ version 3.4 20030305 (experimental)
=== objc tests ===
Running target unix
FAIL: objc/execute/static-2.m compilation, -O3 -fomit-frame-pointer
UNRESOLVED: objc/execute/static-2.m execution, -O3 -fomit-frame-pointer
FAIL: objc/execute/static-2.m compilation, -O3 -g
UNRESOLVED: objc/execute/static-2.m execution, -O3 -g
=== objc Summary ===
# of expected passes 1149
# of unexpected failures 2
# of unresolved testcases 2
/export/home/lucier/programs/gcc/objdir/gcc/xgcc version 3.4 20030305 (experimental)
Compiler version: 3.4 20030305 (experimental)
Platform: alphaev6-unknown-linux-gnu
configure flags: --prefix=/usr/local/gcc-3.4
Counting all warnings,
there are 15 warnings in stage3 of this bootstrap.
Number of warnings per file:
6 gcc/crtstuff.c
2 lib/bison.simple
2 gcc/gcc.c
2 gcc/f/sta.c
1 insn-conditions.c
1 gcc/objc/lang-specs.h
1 gcc/java/jvspec.c
Number of warning types:
6 passing arg ??? of \`???' discards qualifiers from pointer target type
5 string length \`???' is greater than the length \`???' ISO C89 compilers are required to support
2 dereferencing type-punned pointer will break strict-aliasing rules
2 comparison between signed and unsigned
More information about the Gcc-testresults
mailing list