Results for 3.3 20030301 (prerelease) testsuite on s390-ibm-linux-gnu
Matthias Klose
doko@auric.debian.org
Sun Mar 2 22:54:00 GMT 2003
LAST_UPDATED: Sat Mar 1 11:59:00 UTC 2003
Native configuration is s390-ibm-linux-gnu
=== g++ tests ===
Running target unix
FAIL: g++.dg/compat/break/bitfield7 y_tst.o compile
UNRESOLVED: g++.dg/compat/break/bitfield7 x_tst.o-y_tst.o link
UNRESOLVED: g++.dg/compat/break/bitfield7 x_tst.o-y_tst.o execute
FAIL: g++.dg/warn/Wunused-2.C (test for warnings, line 5)
FAIL: g++.eh/terminate2.C Execution test
XPASS: g++.other/init5.C Execution test
=== g++ Summary ===
# of expected passes 7876
# of unexpected failures 3
# of unexpected successes 1
# of expected failures 91
# of unresolved testcases 2
# of untested testcases 23
# of unsupported tests 16
/build/buildd/gcc-snapshot-20030301/build/gcc/testsuite/../g++ version 3.3 20030301 (prerelease)
=== g77 tests ===
Running target unix
=== g77 Summary ===
# of expected passes 1644
# of unsupported tests 8
/build/buildd/gcc-snapshot-20030301/build/gcc/testsuite/../g77 version 3.3 20030301 (prerelease)
=== gcc tests ===
Running target unix
FAIL: gcc.c-torture/execute/20010910-1.c execution, -Os
FAIL: gcc.c-torture/execute/loop-14.c execution, -Os
FAIL: gcc.c-torture/execute/va-arg-11.c execution, -Os
FAIL: gcc.dg/debug/debug-1.c scan-assembler xyzzy
FAIL: gcc.dg/debug/debug-1.c scan-assembler xyzzy
FAIL: gcc.dg/debug/debug-1.c scan-assembler xyzzy
FAIL: gcc.dg/debug/debug-1.c scan-assembler xyzzy
FAIL: gcc.dg/debug/debug-2.c scan-assembler xyzzy
FAIL: gcc.dg/debug/debug-2.c scan-assembler xyzzy
FAIL: gcc.dg/debug/debug-2.c scan-assembler xyzzy
FAIL: gcc.dg/debug/debug-2.c scan-assembler xyzzy
FAIL: gcc.dg/duff-2.c (test for excess errors)
=== gcc Summary ===
# of expected passes 21084
# of unexpected failures 12
# of expected failures 69
# of unsupported tests 158
/build/buildd/gcc-snapshot-20030301/build/gcc/xgcc version 3.3 20030301 (prerelease)
=== objc tests ===
Running target unix
FAIL: objc.dg/naming-1.m (test for errors, line 20)
FAIL: objc.dg/naming-1.m (test for excess errors)
FAIL: objc.dg/naming-2.m (test for errors, line 7)
FAIL: objc.dg/naming-2.m (test for excess errors)
=== objc Summary ===
# of expected passes 1149
# of unexpected failures 4
/build/buildd/gcc-snapshot-20030301/build/gcc/xgcc version 3.3 20030301 (prerelease)
=== libjava tests ===
Running target unix
WARNING: program timed out.
FAIL: SyncTest execution - gij test
WARNING: program timed out.
FAIL: SyncTest execution - bytecode->native test
WARNING: program timed out.
FAIL: SyncTest execution - gij test
WARNING: program timed out.
FAIL: SyncTest -O execution - bytecode->native test
=== libjava Summary ===
# of expected passes 2917
# of unexpected failures 4
# of expected failures 16
# of untested testcases 16
=== libstdc++-v3 tests ===
Running target unix
XPASS: 22_locale/collate_byname.cc execution test
XPASS: 22_locale/collate_members_char.cc execution test
XPASS: 22_locale/collate_members_wchar_t.cc execution test
XPASS: 22_locale/ctype_is_char.cc execution test
XPASS: 22_locale/ctype_is_wchar_t.cc execution test
XPASS: 22_locale/members.cc execution test
XPASS: 22_locale/messages_byname.cc execution test
XPASS: 22_locale/messages_members_char.cc execution test
XPASS: 22_locale/moneypunct_byname.cc execution test
XPASS: 22_locale/moneypunct_members_char.cc execution test
XPASS: 22_locale/moneypunct_members_wchar_t.cc execution test
XPASS: 22_locale/numpunct_byname.cc execution test
XPASS: 22_locale/numpunct_members_char.cc execution test
XPASS: 22_locale/numpunct_members_wchar_t.cc execution test
FAIL: 26_numerics/c99_classification_macros_c.cc (test for excess errors)
=== libstdc++-v3 Summary ===
# of expected passes 444
# of unexpected failures 1
# of unexpected successes 14
# of expected failures 13
Compiler version: 3.3 20030301 (prerelease)
Platform: s390-ibm-linux-gnu
configure flags: --host=s390-linux -v --enable-languages=c,c++,java,f77,objc,ada --prefix=/usr/lib/gcc-snapshot --infodir=/share/info --mandir=/share/man --enable-shared --with-system-zlib --enable-nls --without-included-gettext --enable-__cxa_atexit --enable-clocale=gnu --enable-java-gc=boehm --enable-java-awt=xlib --with-cpp-install-dir=bin --enable-objc-gc
BOOT_CFLAGS=-O2
Patches that Debian applied in this version:
autoreconf:
autoreconf several directories for proper mipsen libtool support
deb-protoize:
build protoize/unprotoize by default
libobjc:
Find header file for Boehm garbage collector.
More information about the Gcc-testresults
mailing list